91.201.113.132 - - [08/Mar/2026:12:08:02 +0800] "GET /stats/usage_202602.html HTTP/1.0" 200 110401 "https://dactor-otr-havalpro.ru/" "Mozilla/5.0 (Windows NT 10.0; Win64; x64) AppleWebKit/537.36 (KHTML, like Gecko) Chrome/129.0.0.0 Safari/537.36"
91.201.113.132 - - [08/Mar/2026:12:08:04 +0800] "GET /stats/usage_202602.html HTTP/1.0" 200 110401 "https://dactor-otr-havalpro.ru/" "Mozilla/5.0 (Windows NT 10.0; Win64; x64) AppleWebKit/537.36 (KHTML, like Gecko) Chrome/130.0.0.0 Safari/537.36 CCleaner/130.0.0.0"
31.133.32.102 - - [08/Mar/2026:12:08:21 +0800] "GET /stats/usage_202506.html HTTP/1.0" 200 110056 "https://seo-creative.ru/" "Mozilla/5.0 (Windows NT 10.0; Win64; x64) AppleWebKit/537.36 (KHTML, like Gecko) Chrome/130.0.0.0 Safari/537.36"
91.201.113.132 - - [08/Mar/2026:12:08:29 +0800] "GET /stats/usage_202602.html HTTP/1.0" 200 110401 "https://dactor-otr-havalpro.ru/" "Mozilla/5.0 (Windows NT 10.0; Win64; x64) AppleWebKit/537.36 (KHTML, like Gecko) Chrome/129.0.0.0 Safari/537.36"
91.201.113.132 - - [08/Mar/2026:12:08:31 +0800] "GET /stats/usage_202602.html HTTP/1.0" 200 110401 "https://dactor-otr-havalpro.ru/" "Mozilla/5.0 (Windows NT 10.0; Win64; x64) AppleWebKit/537.36 (KHTML, like Gecko) Chrome/131.0.0.0 Safari/537.36 Avast/131.0.0.0"
91.201.113.132 - - [08/Mar/2026:12:08:33 +0800] "GET /stats/usage_202602.html HTTP/1.0" 200 110401 "https://dactor-otr-havalpro.ru/" "Mozilla/5.0 (Windows NT 10.0; Win64; x64) AppleWebKit/537.36 (KHTML, like Gecko) Chrome/130.0.0.0 Safari/537.36 CCleaner/130.0.0.0"
91.201.113.132 - - [08/Mar/2026:12:19:25 +0800] "GET /stats/usage_202602.html HTTP/1.0" 200 110401 "https://dactor-otr-havalpro.ru/" "Mozilla/5.0 (Windows NT 10.0; Win64; x64) AppleWebKit/537.36 (KHTML, like Gecko) Chrome/130.0.0.0 Safari/537.36 CCleaner/130.0.0.0"
91.201.113.132 - - [08/Mar/2026:12:19:27 +0800] "GET /stats/usage_202602.html HTTP/1.0" 200 110401 "https://dactor-otr-havalpro.ru/" "Mozilla/5.0 (Windows NT 10.0; Win64; x64) AppleWebKit/537.36 (KHTML, like Gecko) Chrome/131.0.0.0 Safari/537.36"
91.201.113.132 - - [08/Mar/2026:12:19:30 +0800] "GET /stats/usage_202602.html HTTP/1.0" 200 110401 "https://dactor-otr-havalpro.ru/" "Mozilla/5.0 (Windows NT 10.0; Win64; x64) AppleWebKit/537.36 (KHTML, like Gecko) Chrome/130.0.0.0 Safari/537.36"
91.201.113.132 - - [08/Mar/2026:12:19:53 +0800] "GET /stats/usage_202602.html HTTP/1.0" 200 110401 "https://dactor-otr-havalpro.ru/" "Mozilla/5.0 (Windows NT 10.0; Win64; x64) AppleWebKit/537.36 (KHTML, like Gecko) Chrome/131.0.0.0 Safari/537.36"
91.201.113.132 - - [08/Mar/2026:12:19:55 +0800] "GET /stats/usage_202602.html HTTP/1.0" 200 110401 "https://dactor-otr-havalpro.ru/" "Mozilla/5.0 (Windows NT 10.0; Win64; x64) AppleWebKit/537.36 (KHTML, like Gecko) Chrome/130.0.0.0 Safari/537.36 CCleaner/130.0.0.0"
91.201.113.132 - - [08/Mar/2026:12:19:57 +0800] "GET /stats/usage_202602.html HTTP/1.0" 200 110401 "https://dactor-otr-havalpro.ru/" "Mozilla/5.0 (Windows NT 10.0; Win64; x64) AppleWebKit/537.36 (KHTML, like Gecko) Chrome/129.0.0.0 Safari/537.36"
192.73.244.36 - - [08/Mar/2026:12:23:39 +0800] "GET /stats/usage_202412.html HTTP/1.1" 200 111016 "https://seo-creative.ru/" "Mozilla/5.0 (Windows NT 10.0; Win64; x64) AppleWebKit/537.36 (KHTML, like Gecko) Chrome/131.0.0.0 Safari/537.36"
167.99.236.14 - - [08/Mar/2026:12:23:49 +0800] "GET /stats/usage_202412.html HTTP/1.1" 200 111016 "https://seo-creative.ru/" "Mozilla/5.0 (Windows NT 10.0; Win64; x64) AppleWebKit/537.36 (KHTML, like Gecko) Chrome/130.0.0.0 Safari/537.36"
159.65.245.255 - - [08/Mar/2026:12:23:53 +0800] "GET /stats/usage_202412.html HTTP/1.1" 200 111016 "https://seo-creative.ru/" "Mozilla/5.0 (Windows NT 10.0; Win64; x64) AppleWebKit/537.36 (KHTML, like Gecko) Chrome/129.0.0.0 Safari/537.36"
12.50.107.220 - - [08/Mar/2026:12:25:31 +0800] "GET /stats/usage_202506.html HTTP/1.0" 200 110056 "https://seo-creative.ru/" "Mozilla/5.0 (Windows NT 10.0; Win64; x64) AppleWebKit/537.36 (KHTML, like Gecko) Chrome/131.0.0.0 Safari/537.36 Avast/131.0.0.0"
31.133.32.102 - - [08/Mar/2026:12:25:49 +0800] "GET /stats/usage_202506.html HTTP/1.0" 200 110056 "https://seo-creative.ru/" "Mozilla/5.0 (Windows NT 10.0; Win64; x64) AppleWebKit/537.36 (KHTML, like Gecko) Chrome/130.0.0.0 Safari/537.36"
109.107.186.56 - - [08/Mar/2026:12:26:07 +0800] "GET http://www.megafortris.com.hk/stats/usage_202506.html HTTP/1.0" 400 22 "https://seo-creative.ru/" "Mozilla/5.0 (Windows NT 10.0; Win64; x64) AppleWebKit/537.36 (KHTML, like Gecko) Chrome/129.0.0.0 Safari/537.36"
91.201.113.132 - - [08/Mar/2026:12:30:53 +0800] "GET /stats/usage_202602.html HTTP/1.0" 200 110401 "https://dactor-otr-havalpro.ru/" "Mozilla/5.0 (Windows NT 10.0; Win64; x64) AppleWebKit/537.36 (KHTML, like Gecko) Chrome/130.0.0.0 Safari/537.36 CCleaner/130.0.0.0"
91.201.113.132 - - [08/Mar/2026:12:30:55 +0800] "GET /stats/usage_202602.html HTTP/1.0" 200 110401 "https://dactor-otr-havalpro.ru/" "Mozilla/5.0 (Windows NT 10.0; Win64; x64) AppleWebKit/537.36 (KHTML, like Gecko) Chrome/131.0.0.0 Safari/537.36 Avast/131.0.0.0"
91.201.113.132 - - [08/Mar/2026:12:30:57 +0800] "GET /stats/usage_202602.html HTTP/1.0" 200 110401 "https://dactor-otr-havalpro.ru/" "Mozilla/5.0 (Windows NT 10.0; Win64; x64) AppleWebKit/537.36 (KHTML, like Gecko) Chrome/131.0.0.0 Safari/537.36"
91.201.113.132 - - [08/Mar/2026:12:31:22 +0800] "GET /stats/usage_202602.html HTTP/1.0" 200 110401 "https://dactor-otr-havalpro.ru/" "Mozilla/5.0 (Windows NT 10.0; Win64; x64) AppleWebKit/537.36 (KHTML, like Gecko) Chrome/131.0.0.0 Safari/537.36"
91.201.113.132 - - [08/Mar/2026:12:31:24 +0800] "GET /stats/usage_202602.html HTTP/1.0" 200 110401 "https://dactor-otr-havalpro.ru/" "Mozilla/5.0 (Windows NT 10.0; Win64; x64) AppleWebKit/537.36 (KHTML, like Gecko) Chrome/131.0.0.0 Safari/537.36"
91.201.113.132 - - [08/Mar/2026:12:31:26 +0800] "GET /stats/usage_202602.html HTTP/1.0" 200 110401 "https://dactor-otr-havalpro.ru/" "Mozilla/5.0 (Windows NT 10.0; Win64; x64) AppleWebKit/537.36 (KHTML, like Gecko) Chrome/131.0.0.0 Safari/537.36 Avast/131.0.0.0"
109.107.186.56 - - [08/Mar/2026:12:41:03 +0800] "GET http://megafortris.com.hk/stats/usage_202412.html HTTP/1.0" 400 22 "https://seo-creative.ru/" "Mozilla/5.0 (Windows NT 10.0; Win64; x64) AppleWebKit/537.36 (KHTML, like Gecko) Chrome/131.0.0.0 Safari/537.36 Avast/131.0.0.0"
109.107.186.56 - - [08/Mar/2026:12:41:20 +0800] "GET http://megafortris.com.hk/stats/usage_202412.html HTTP/1.0" 400 22 "https://seo-creative.ru/" "Mozilla/5.0 (Windows NT 10.0; Win64; x64) AppleWebKit/537.36 (KHTML, like Gecko) Chrome/131.0.0.0 Safari/537.36 Avast/131.0.0.0"
188.132.141.249 - - [08/Mar/2026:12:41:23 +0800] "GET /stats/usage_202412.html HTTP/1.1" 200 111016 "https://seo-creative.ru/" "Mozilla/5.0 (Windows NT 10.0; Win64; x64) AppleWebKit/537.36 (KHTML, like Gecko) Chrome/129.0.0.0 Safari/537.36"
91.201.113.132 - - [08/Mar/2026:12:42:20 +0800] "GET /stats/usage_202602.html HTTP/1.0" 200 110401 "https://dactor-otr-havalpro.ru/" "Mozilla/5.0 (Windows NT 10.0; Win64; x64) AppleWebKit/537.36 (KHTML, like Gecko) Chrome/129.0.0.0 Safari/537.36"
91.201.113.132 - - [08/Mar/2026:12:42:22 +0800] "GET /stats/usage_202602.html HTTP/1.0" 200 110401 "https://dactor-otr-havalpro.ru/" "Mozilla/5.0 (Windows NT 10.0; Win64; x64) AppleWebKit/537.36 (KHTML, like Gecko) Chrome/129.0.0.0 Safari/537.36"
91.201.113.132 - - [08/Mar/2026:12:42:24 +0800] "GET /stats/usage_202602.html HTTP/1.0" 200 110401 "https://dactor-otr-havalpro.ru/" "Mozilla/5.0 (Windows NT 10.0; Win64; x64) AppleWebKit/537.36 (KHTML, like Gecko) Chrome/130.0.0.0 Safari/537.36"
91.201.113.132 - - [08/Mar/2026:12:42:49 +0800] "GET /stats/usage_202602.html HTTP/1.0" 200 110401 "https://dactor-otr-havalpro.ru/" "Mozilla/5.0 (Windows NT 10.0; Win64; x64) AppleWebKit/537.36 (KHTML, like Gecko) Chrome/131.0.0.0 Safari/537.36 Avast/131.0.0.0"
91.201.113.132 - - [08/Mar/2026:12:42:51 +0800] "GET /stats/usage_202602.html HTTP/1.0" 200 110401 "https://dactor-otr-havalpro.ru/" "Mozilla/5.0 (Windows NT 10.0; Win64; x64) AppleWebKit/537.36 (KHTML, like Gecko) Chrome/131.0.0.0 Safari/537.36"
91.201.113.132 - - [08/Mar/2026:12:42:53 +0800] "GET /stats/usage_202602.html HTTP/1.0" 200 110401 "https://dactor-otr-havalpro.ru/" "Mozilla/5.0 (Windows NT 10.0; Win64; x64) AppleWebKit/537.36 (KHTML, like Gecko) Chrome/131.0.0.0 Safari/537.36 Avast/131.0.0.0"
202.55.67.194 - - [08/Mar/2026:12:43:09 +0800] "GET http://www.megafortris.com.hk/stats/usage_202506.html HTTP/1.0" 400 22 "https://seo-creative.ru/" "Mozilla/5.0 (Windows NT 10.0; Win64; x64) AppleWebKit/537.36 (KHTML, like Gecko) Chrome/129.0.0.0 Safari/537.36"
159.65.245.255 - - [08/Mar/2026:12:43:15 +0800] "GET /stats/usage_202506.html HTTP/1.1" 200 110056 "https://seo-creative.ru/" "Mozilla/5.0 (Windows NT 10.0; Win64; x64) AppleWebKit/537.36 (KHTML, like Gecko) Chrome/130.0.0.0 Safari/537.36"
109.107.186.56 - - [08/Mar/2026:12:43:33 +0800] "GET http://www.megafortris.com.hk/stats/usage_202506.html HTTP/1.0" 400 22 "https://seo-creative.ru/" "Mozilla/5.0 (Windows NT 10.0; Win64; x64) AppleWebKit/537.36 (KHTML, like Gecko) Chrome/129.0.0.0 Safari/537.36"
91.201.113.132 - - [08/Mar/2026:12:53:45 +0800] "GET /stats/usage_202602.html HTTP/1.0" 200 110401 "https://dactor-otr-havalpro.ru/" "Mozilla/5.0 (Windows NT 10.0; Win64; x64) AppleWebKit/537.36 (KHTML, like Gecko) Chrome/130.0.0.0 Safari/537.36"
91.201.113.132 - - [08/Mar/2026:12:53:47 +0800] "GET /stats/usage_202602.html HTTP/1.0" 200 110401 "https://dactor-otr-havalpro.ru/" "Mozilla/5.0 (Windows NT 10.0; Win64; x64) AppleWebKit/537.36 (KHTML, like Gecko) Chrome/129.0.0.0 Safari/537.36"
91.201.113.132 - - [08/Mar/2026:12:53:49 +0800] "GET /stats/usage_202602.html HTTP/1.0" 200 110401 "https://dactor-otr-havalpro.ru/" "Mozilla/5.0 (Windows NT 10.0; Win64; x64) AppleWebKit/537.36 (KHTML, like Gecko) Chrome/129.0.0.0 Safari/537.36"
91.201.113.132 - - [08/Mar/2026:12:54:14 +0800] "GET /stats/usage_202602.html HTTP/1.0" 200 110401 "https://dactor-otr-havalpro.ru/" "Mozilla/5.0 (Windows NT 10.0; Win64; x64) AppleWebKit/537.36 (KHTML, like Gecko) Chrome/130.0.0.0 Safari/537.36"
91.201.113.132 - - [08/Mar/2026:12:54:16 +0800] "GET /stats/usage_202602.html HTTP/1.0" 200 110401 "https://dactor-otr-havalpro.ru/" "Mozilla/5.0 (Windows NT 10.0; Win64; x64) AppleWebKit/537.36 (KHTML, like Gecko) Chrome/131.0.0.0 Safari/537.36 Avast/131.0.0.0"
91.201.113.132 - - [08/Mar/2026:12:54:18 +0800] "GET /stats/usage_202602.html HTTP/1.0" 200 110401 "https://dactor-otr-havalpro.ru/" "Mozilla/5.0 (Windows NT 10.0; Win64; x64) AppleWebKit/537.36 (KHTML, like Gecko) Chrome/130.0.0.0 Safari/537.36 CCleaner/130.0.0.0"
202.55.67.194 - - [08/Mar/2026:12:58:26 +0800] "GET http://megafortris.com.hk/stats/usage_202412.html HTTP/1.0" 400 22 "https://seo-creative.ru/" "Mozilla/5.0 (Windows NT 10.0; Win64; x64) AppleWebKit/537.36 (KHTML, like Gecko) Chrome/129.0.0.0 Safari/537.36"
188.132.141.249 - - [08/Mar/2026:12:58:39 +0800] "GET /stats/usage_202412.html HTTP/1.1" 200 111016 "https://seo-creative.ru/" "Mozilla/5.0 (Windows NT 10.0; Win64; x64) AppleWebKit/537.36 (KHTML, like Gecko) Chrome/130.0.0.0 Safari/537.36"
109.107.186.56 - - [08/Mar/2026:12:58:56 +0800] "GET http://megafortris.com.hk/stats/usage_202412.html HTTP/1.0" 400 22 "https://seo-creative.ru/" "Mozilla/5.0 (Windows NT 10.0; Win64; x64) AppleWebKit/537.36 (KHTML, like Gecko) Chrome/130.0.0.0 Safari/537.36"
101.132.222.120 - - [08/Mar/2026:13:01:05 +0800] "GET /stats/usage_202506.html HTTP/1.0" 200 110056 "https://seo-creative.ru/" "Mozilla/5.0 (Windows NT 10.0; Win64; x64) AppleWebKit/537.36 (KHTML, like Gecko) Chrome/129.0.0.0 Safari/537.36"
77.242.177.57 - - [08/Mar/2026:13:01:14 +0800] "GET /stats/usage_202506.html HTTP/1.1" 200 110056 "https://seo-creative.ru/" "Mozilla/5.0 (Windows NT 10.0; Win64; x64) AppleWebKit/537.36 (KHTML, like Gecko) Chrome/131.0.0.0 Safari/537.36 Avast/131.0.0.0"
31.133.32.102 - - [08/Mar/2026:13:01:21 +0800] "GET /stats/usage_202506.html HTTP/1.0" 200 110056 "https://seo-creative.ru/" "Mozilla/5.0 (Windows NT 10.0; Win64; x64) AppleWebKit/537.36 (KHTML, like Gecko) Chrome/129.0.0.0 Safari/537.36"
52.4.213.199 - - [08/Mar/2026:13:03:46 +0800] "GET /stats/usage_202507.html HTTP/1.1" 200 7397 "-" "Mozilla/5.0 AppleWebKit/537.36 (KHTML, like Gecko; compatible; Amazonbot/0.1; +https://developer.amazon.com/support/amazonbot) Chrome/119.0.6045.214 Safari/537.36"
91.201.113.132 - - [08/Mar/2026:13:05:13 +0800] "GET /stats/usage_202602.html HTTP/1.0" 200 110401 "https://dactor-otr-havalpro.ru/" "Mozilla/5.0 (Windows NT 10.0; Win64; x64) AppleWebKit/537.36 (KHTML, like Gecko) Chrome/129.0.0.0 Safari/537.36"
91.201.113.132 - - [08/Mar/2026:13:05:15 +0800] "GET /stats/usage_202602.html HTTP/1.0" 200 110401 "https://dactor-otr-havalpro.ru/" "Mozilla/5.0 (Windows NT 10.0; Win64; x64) AppleWebKit/537.36 (KHTML, like Gecko) Chrome/130.0.0.0 Safari/537.36"
91.201.113.132 - - [08/Mar/2026:13:05:17 +0800] "GET /stats/usage_202602.html HTTP/1.0" 200 110401 "https://dactor-otr-havalpro.ru/" "Mozilla/5.0 (Windows NT 10.0; Win64; x64) AppleWebKit/537.36 (KHTML, like Gecko) Chrome/131.0.0.0 Safari/537.36 Avast/131.0.0.0"
91.201.113.132 - - [08/Mar/2026:13:05:42 +0800] "GET /stats/usage_202602.html HTTP/1.0" 200 110401 "https://dactor-otr-havalpro.ru/" "Mozilla/5.0 (Windows NT 10.0; Win64; x64) AppleWebKit/537.36 (KHTML, like Gecko) Chrome/131.0.0.0 Safari/537.36"
91.201.113.132 - - [08/Mar/2026:13:05:44 +0800] "GET /stats/usage_202602.html HTTP/1.0" 200 110401 "https://dactor-otr-havalpro.ru/" "Mozilla/5.0 (Windows NT 10.0; Win64; x64) AppleWebKit/537.36 (KHTML, like Gecko) Chrome/130.0.0.0 Safari/537.36"
91.201.113.132 - - [08/Mar/2026:13:05:46 +0800] "GET /stats/usage_202602.html HTTP/1.0" 200 110401 "https://dactor-otr-havalpro.ru/" "Mozilla/5.0 (Windows NT 10.0; Win64; x64) AppleWebKit/537.36 (KHTML, like Gecko) Chrome/130.0.0.0 Safari/537.36"
109.107.186.56 - - [08/Mar/2026:13:16:18 +0800] "GET http://megafortris.com.hk/stats/usage_202412.html HTTP/1.0" 400 22 "https://seo-creative.ru/" "Mozilla/5.0 (Windows NT 10.0; Win64; x64) AppleWebKit/537.36 (KHTML, like Gecko) Chrome/131.0.0.0 Safari/537.36 Avast/131.0.0.0"
109.107.186.56 - - [08/Mar/2026:13:16:35 +0800] "GET http://megafortris.com.hk/stats/usage_202412.html HTTP/1.0" 400 22 "https://seo-creative.ru/" "Mozilla/5.0 (Windows NT 10.0; Win64; x64) AppleWebKit/537.36 (KHTML, like Gecko) Chrome/131.0.0.0 Safari/537.36 Avast/131.0.0.0"
91.201.113.132 - - [08/Mar/2026:13:16:41 +0800] "GET /stats/usage_202602.html HTTP/1.0" 200 110401 "https://dactor-otr-havalpro.ru/" "Mozilla/5.0 (Windows NT 10.0; Win64; x64) AppleWebKit/537.36 (KHTML, like Gecko) Chrome/130.0.0.0 Safari/537.36 CCleaner/130.0.0.0"
138.91.159.185 - - [08/Mar/2026:13:16:44 +0800] "GET /stats/usage_202412.html HTTP/1.1" 200 111016 "https://seo-creative.ru/" "Mozilla/5.0 (Windows NT 10.0; Win64; x64) AppleWebKit/537.36 (KHTML, like Gecko) Chrome/130.0.0.0 Safari/537.36"
91.201.113.132 - - [08/Mar/2026:13:16:44 +0800] "GET /stats/usage_202602.html HTTP/1.0" 200 110401 "https://dactor-otr-havalpro.ru/" "Mozilla/5.0 (Windows NT 10.0; Win64; x64) AppleWebKit/537.36 (KHTML, like Gecko) Chrome/130.0.0.0 Safari/537.36"
91.201.113.132 - - [08/Mar/2026:13:16:46 +0800] "GET /stats/usage_202602.html HTTP/1.0" 200 110401 "https://dactor-otr-havalpro.ru/" "Mozilla/5.0 (Windows NT 10.0; Win64; x64) AppleWebKit/537.36 (KHTML, like Gecko) Chrome/131.0.0.0 Safari/537.36 Avast/131.0.0.0"
91.201.113.132 - - [08/Mar/2026:13:17:10 +0800] "GET /stats/usage_202602.html HTTP/1.0" 200 110401 "https://dactor-otr-havalpro.ru/" "Mozilla/5.0 (Windows NT 10.0; Win64; x64) AppleWebKit/537.36 (KHTML, like Gecko) Chrome/131.0.0.0 Safari/537.36"
91.201.113.132 - - [08/Mar/2026:13:17:12 +0800] "GET /stats/usage_202602.html HTTP/1.0" 200 110401 "https://dactor-otr-havalpro.ru/" "Mozilla/5.0 (Windows NT 10.0; Win64; x64) AppleWebKit/537.36 (KHTML, like Gecko) Chrome/130.0.0.0 Safari/537.36"
91.201.113.132 - - [08/Mar/2026:13:17:14 +0800] "GET /stats/usage_202602.html HTTP/1.0" 200 110401 "https://dactor-otr-havalpro.ru/" "Mozilla/5.0 (Windows NT 10.0; Win64; x64) AppleWebKit/537.36 (KHTML, like Gecko) Chrome/129.0.0.0 Safari/537.36"
109.107.186.56 - - [08/Mar/2026:13:18:15 +0800] "GET http://www.megafortris.com.hk/stats/usage_202506.html HTTP/1.0" 400 22 "https://seo-creative.ru/" "Mozilla/5.0 (Windows NT 10.0; Win64; x64) AppleWebKit/537.36 (KHTML, like Gecko) Chrome/130.0.0.0 Safari/537.36"
138.91.159.185 - - [08/Mar/2026:13:18:37 +0800] "GET /stats/usage_202506.html HTTP/1.1" 200 110056 "https://seo-creative.ru/" "Mozilla/5.0 (Windows NT 10.0; Win64; x64) AppleWebKit/537.36 (KHTML, like Gecko) Chrome/130.0.0.0 Safari/537.36 CCleaner/130.0.0.0"
109.107.186.56 - - [08/Mar/2026:13:18:55 +0800] "GET http://www.megafortris.com.hk/stats/usage_202506.html HTTP/1.0" 400 22 "https://seo-creative.ru/" "Mozilla/5.0 (Windows NT 10.0; Win64; x64) AppleWebKit/537.36 (KHTML, like Gecko) Chrome/130.0.0.0 Safari/537.36 CCleaner/130.0.0.0"
45.38.228.191 - - [08/Mar/2026:13:24:20 +0800] "GET / HTTP/1.1" 200 409 "-" "Mozilla/5.0 (Macintosh; Intel Mac OS X 10_15_7) AppleWebKit/537.36 (KHTML, like Gecko) Chrome/144.0.0.0 Safari/537.36"
91.201.113.132 - - [08/Mar/2026:13:28:13 +0800] "GET /stats/usage_202602.html HTTP/1.0" 200 110401 "https://dactor-otr-havalpro.ru/" "Mozilla/5.0 (Windows NT 10.0; Win64; x64) AppleWebKit/537.36 (KHTML, like Gecko) Chrome/129.0.0.0 Safari/537.36"
91.201.113.132 - - [08/Mar/2026:13:28:15 +0800] "GET /stats/usage_202602.html HTTP/1.0" 200 110401 "https://dactor-otr-havalpro.ru/" "Mozilla/5.0 (Windows NT 10.0; Win64; x64) AppleWebKit/537.36 (KHTML, like Gecko) Chrome/131.0.0.0 Safari/537.36 Avast/131.0.0.0"
91.201.113.132 - - [08/Mar/2026:13:28:17 +0800] "GET /stats/usage_202602.html HTTP/1.0" 200 110401 "https://dactor-otr-havalpro.ru/" "Mozilla/5.0 (Windows NT 10.0; Win64; x64) AppleWebKit/537.36 (KHTML, like Gecko) Chrome/131.0.0.0 Safari/537.36"
91.201.113.132 - - [08/Mar/2026:13:28:41 +0800] "GET /stats/usage_202602.html HTTP/1.0" 200 110401 "https://dactor-otr-havalpro.ru/" "Mozilla/5.0 (Windows NT 10.0; Win64; x64) AppleWebKit/537.36 (KHTML, like Gecko) Chrome/129.0.0.0 Safari/537.36"
91.201.113.132 - - [08/Mar/2026:13:28:44 +0800] "GET /stats/usage_202602.html HTTP/1.0" 200 110401 "https://dactor-otr-havalpro.ru/" "Mozilla/5.0 (Windows NT 10.0; Win64; x64) AppleWebKit/537.36 (KHTML, like Gecko) Chrome/129.0.0.0 Safari/537.36"
91.201.113.132 - - [08/Mar/2026:13:28:46 +0800] "GET /stats/usage_202602.html HTTP/1.0" 200 110401 "https://dactor-otr-havalpro.ru/" "Mozilla/5.0 (Windows NT 10.0; Win64; x64) AppleWebKit/537.36 (KHTML, like Gecko) Chrome/129.0.0.0 Safari/537.36"
46.249.103.192 - - [08/Mar/2026:13:33:43 +0800] "GET /stats/usage_202412.html HTTP/1.1" 200 111016 "https://seo-creative.ru/" "Mozilla/5.0 (Windows NT 10.0; Win64; x64) AppleWebKit/537.36 (KHTML, like Gecko) Chrome/130.0.0.0 Safari/537.36 CCleaner/130.0.0.0"
109.107.186.56 - - [08/Mar/2026:13:34:04 +0800] "GET http://megafortris.com.hk/stats/usage_202412.html HTTP/1.0" 400 22 "https://seo-creative.ru/" "Mozilla/5.0 (Windows NT 10.0; Win64; x64) AppleWebKit/537.36 (KHTML, like Gecko) Chrome/129.0.0.0 Safari/537.36"
109.107.186.56 - - [08/Mar/2026:13:34:21 +0800] "GET http://megafortris.com.hk/stats/usage_202412.html HTTP/1.0" 400 22 "https://seo-creative.ru/" "Mozilla/5.0 (Windows NT 10.0; Win64; x64) AppleWebKit/537.36 (KHTML, like Gecko) Chrome/129.0.0.0 Safari/537.36"
35.224.25.118 - - [08/Mar/2026:13:35:56 +0800] "GET /stats/usage_202506.html HTTP/1.0" 200 110056 "https://seo-creative.ru/" "Mozilla/5.0 (Windows NT 10.0; Win64; x64) AppleWebKit/537.36 (KHTML, like Gecko) Chrome/130.0.0.0 Safari/537.36 CCleaner/130.0.0.0"
12.50.107.220 - - [08/Mar/2026:13:35:59 +0800] "GET /stats/usage_202506.html HTTP/1.0" 200 110056 "https://seo-creative.ru/" "Mozilla/5.0 (Windows NT 10.0; Win64; x64) AppleWebKit/537.36 (KHTML, like Gecko) Chrome/131.0.0.0 Safari/537.36 Avast/131.0.0.0"
167.99.124.118 - - [08/Mar/2026:13:36:10 +0800] "GET /stats/usage_202506.html HTTP/1.1" 200 110056 "https://seo-creative.ru/" "Mozilla/5.0 (Windows NT 10.0; Win64; x64) AppleWebKit/537.36 (KHTML, like Gecko) Chrome/131.0.0.0 Safari/537.36"
91.201.113.132 - - [08/Mar/2026:13:39:28 +0800] "GET /stats/usage_202602.html HTTP/1.0" 200 110401 "https://dactor-otr-havalpro.ru/" "Mozilla/5.0 (Windows NT 10.0; Win64; x64) AppleWebKit/537.36 (KHTML, like Gecko) Chrome/131.0.0.0 Safari/537.36 Avast/131.0.0.0"
91.201.113.132 - - [08/Mar/2026:13:39:30 +0800] "GET /stats/usage_202602.html HTTP/1.0" 200 110401 "https://dactor-otr-havalpro.ru/" "Mozilla/5.0 (Windows NT 10.0; Win64; x64) AppleWebKit/537.36 (KHTML, like Gecko) Chrome/131.0.0.0 Safari/537.36 Avast/131.0.0.0"
91.201.113.132 - - [08/Mar/2026:13:39:32 +0800] "GET /stats/usage_202602.html HTTP/1.0" 200 110401 "https://dactor-otr-havalpro.ru/" "Mozilla/5.0 (Windows NT 10.0; Win64; x64) AppleWebKit/537.36 (KHTML, like Gecko) Chrome/129.0.0.0 Safari/537.36"
91.201.113.132 - - [08/Mar/2026:13:39:56 +0800] "GET /stats/usage_202602.html HTTP/1.0" 200 110401 "https://dactor-otr-havalpro.ru/" "Mozilla/5.0 (Windows NT 10.0; Win64; x64) AppleWebKit/537.36 (KHTML, like Gecko) Chrome/130.0.0.0 Safari/537.36"
91.201.113.132 - - [08/Mar/2026:13:39:58 +0800] "GET /stats/usage_202602.html HTTP/1.0" 200 110401 "https://dactor-otr-havalpro.ru/" "Mozilla/5.0 (Windows NT 10.0; Win64; x64) AppleWebKit/537.36 (KHTML, like Gecko) Chrome/130.0.0.0 Safari/537.36 CCleaner/130.0.0.0"
91.201.113.132 - - [08/Mar/2026:13:40:01 +0800] "GET /stats/usage_202602.html HTTP/1.0" 200 110401 "https://dactor-otr-havalpro.ru/" "Mozilla/5.0 (Windows NT 10.0; Win64; x64) AppleWebKit/537.36 (KHTML, like Gecko) Chrome/129.0.0.0 Safari/537.36"
101.32.1.5 - - [08/Mar/2026:13:43:46 +0800] "GET /stats/usage_202407.html HTTP/1.1" 200 6874 "http://megafortris.com.hk/stats/usage_202407.html" "Mozilla/5.0 (Macintosh; Intel Mac OS X 10_15_7) AppleWebKit/537.36 (KHTML, like Gecko) Chrome/119.0.0.0 Safari/537.36"
91.201.113.132 - - [08/Mar/2026:13:50:45 +0800] "GET /stats/usage_202602.html HTTP/1.0" 200 110401 "https://dactor-otr-havalpro.ru/" "Mozilla/5.0 (Windows NT 10.0; Win64; x64) AppleWebKit/537.36 (KHTML, like Gecko) Chrome/131.0.0.0 Safari/537.36 Avast/131.0.0.0"
91.201.113.132 - - [08/Mar/2026:13:50:47 +0800] "GET /stats/usage_202602.html HTTP/1.0" 200 110401 "https://dactor-otr-havalpro.ru/" "Mozilla/5.0 (Windows NT 10.0; Win64; x64) AppleWebKit/537.36 (KHTML, like Gecko) Chrome/129.0.0.0 Safari/537.36"
91.201.113.132 - - [08/Mar/2026:13:50:49 +0800] "GET /stats/usage_202602.html HTTP/1.0" 200 110401 "https://dactor-otr-havalpro.ru/" "Mozilla/5.0 (Windows NT 10.0; Win64; x64) AppleWebKit/537.36 (KHTML, like Gecko) Chrome/131.0.0.0 Safari/537.36 Avast/131.0.0.0"
91.201.113.132 - - [08/Mar/2026:13:51:14 +0800] "GET /stats/usage_202602.html HTTP/1.0" 200 110401 "https://dactor-otr-havalpro.ru/" "Mozilla/5.0 (Windows NT 10.0; Win64; x64) AppleWebKit/537.36 (KHTML, like Gecko) Chrome/131.0.0.0 Safari/537.36 Avast/131.0.0.0"
91.201.113.132 - - [08/Mar/2026:13:51:16 +0800] "GET /stats/usage_202602.html HTTP/1.0" 200 110401 "https://dactor-otr-havalpro.ru/" "Mozilla/5.0 (Windows NT 10.0; Win64; x64) AppleWebKit/537.36 (KHTML, like Gecko) Chrome/131.0.0.0 Safari/537.36"
91.201.113.132 - - [08/Mar/2026:13:51:18 +0800] "GET /stats/usage_202602.html HTTP/1.0" 200 110401 "https://dactor-otr-havalpro.ru/" "Mozilla/5.0 (Windows NT 10.0; Win64; x64) AppleWebKit/537.36 (KHTML, like Gecko) Chrome/131.0.0.0 Safari/537.36 Avast/131.0.0.0"
44.212.232.231 - - [08/Mar/2026:13:51:30 +0800] "GET /stats/usage_202412.html HTTP/1.1" 200 7289 "-" "Mozilla/5.0 AppleWebKit/537.36 (KHTML, like Gecko; compatible; Amazonbot/0.1; +https://developer.amazon.com/support/amazonbot) Chrome/119.0.6045.214 Safari/537.36"
109.107.186.56 - - [08/Mar/2026:13:51:46 +0800] "GET http://megafortris.com.hk/stats/usage_202412.html HTTP/1.0" 400 22 "https://seo-creative.ru/" "Mozilla/5.0 (Windows NT 10.0; Win64; x64) AppleWebKit/537.36 (KHTML, like Gecko) Chrome/130.0.0.0 Safari/537.36"
138.91.159.185 - - [08/Mar/2026:13:51:56 +0800] "GET /stats/usage_202412.html HTTP/1.1" 200 111016 "https://seo-creative.ru/" "Mozilla/5.0 (Windows NT 10.0; Win64; x64) AppleWebKit/537.36 (KHTML, like Gecko) Chrome/131.0.0.0 Safari/537.36 Avast/131.0.0.0"
159.65.245.255 - - [08/Mar/2026:13:52:11 +0800] "GET /stats/usage_202412.html HTTP/1.1" 200 111016 "https://seo-creative.ru/" "Mozilla/5.0 (Windows NT 10.0; Win64; x64) AppleWebKit/537.36 (KHTML, like Gecko) Chrome/129.0.0.0 Safari/537.36"
192.73.244.36 - - [08/Mar/2026:13:53:32 +0800] "GET /stats/usage_202506.html HTTP/1.1" 200 110056 "https://seo-creative.ru/" "Mozilla/5.0 (Windows NT 10.0; Win64; x64) AppleWebKit/537.36 (KHTML, like Gecko) Chrome/130.0.0.0 Safari/537.36"
49.245.63.150 - - [08/Mar/2026:13:53:49 +0800] "GET http://www.megafortris.com.hk/stats/usage_202506.html HTTP/1.0" 400 22 "https://seo-creative.ru/" "Mozilla/5.0 (Windows NT 10.0; Win64; x64) AppleWebKit/537.36 (KHTML, like Gecko) Chrome/131.0.0.0 Safari/537.36"
104.210.140.129 - - [08/Mar/2026:13:58:21 +0800] "GET /robots.txt HTTP/1.1" 404 47 "-" "Mozilla/5.0 (Macintosh; Intel Mac OS X 10_15_7) AppleWebKit/537.36 (KHTML, like Gecko) Chrome/131.0.0.0 Safari/537.36; compatible; OAI-SearchBot/1.0; +https://openai.com/searchbot"
91.201.113.132 - - [08/Mar/2026:14:02:00 +0800] "GET /stats/usage_202602.html HTTP/1.0" 200 110401 "https://dactor-otr-havalpro.ru/" "Mozilla/5.0 (Windows NT 10.0; Win64; x64) AppleWebKit/537.36 (KHTML, like Gecko) Chrome/130.0.0.0 Safari/537.36"
91.201.113.132 - - [08/Mar/2026:14:02:02 +0800] "GET /stats/usage_202602.html HTTP/1.0" 200 110401 "https://dactor-otr-havalpro.ru/" "Mozilla/5.0 (Windows NT 10.0; Win64; x64) AppleWebKit/537.36 (KHTML, like Gecko) Chrome/129.0.0.0 Safari/537.36"
91.201.113.132 - - [08/Mar/2026:14:02:05 +0800] "GET /stats/usage_202602.html HTTP/1.0" 200 110401 "https://dactor-otr-havalpro.ru/" "Mozilla/5.0 (Windows NT 10.0; Win64; x64) AppleWebKit/537.36 (KHTML, like Gecko) Chrome/131.0.0.0 Safari/537.36"
91.201.113.132 - - [08/Mar/2026:14:02:29 +0800] "GET /stats/usage_202602.html HTTP/1.0" 200 110401 "https://dactor-otr-havalpro.ru/" "Mozilla/5.0 (Windows NT 10.0; Win64; x64) AppleWebKit/537.36 (KHTML, like Gecko) Chrome/130.0.0.0 Safari/537.36 CCleaner/130.0.0.0"
91.201.113.132 - - [08/Mar/2026:14:02:31 +0800] "GET /stats/usage_202602.html HTTP/1.0" 200 110401 "https://dactor-otr-havalpro.ru/" "Mozilla/5.0 (Windows NT 10.0; Win64; x64) AppleWebKit/537.36 (KHTML, like Gecko) Chrome/130.0.0.0 Safari/537.36 CCleaner/130.0.0.0"
91.201.113.132 - - [08/Mar/2026:14:02:33 +0800] "GET /stats/usage_202602.html HTTP/1.0" 200 110401 "https://dactor-otr-havalpro.ru/" "Mozilla/5.0 (Windows NT 10.0; Win64; x64) AppleWebKit/537.36 (KHTML, like Gecko) Chrome/131.0.0.0 Safari/537.36 Avast/131.0.0.0"
109.107.186.56 - - [08/Mar/2026:14:09:37 +0800] "GET http://megafortris.com.hk/stats/usage_202412.html HTTP/1.0" 400 22 "https://seo-creative.ru/" "Mozilla/5.0 (Windows NT 10.0; Win64; x64) AppleWebKit/537.36 (KHTML, like Gecko) Chrome/130.0.0.0 Safari/537.36"
109.107.186.56 - - [08/Mar/2026:14:09:55 +0800] "GET http://megafortris.com.hk/stats/usage_202412.html HTTP/1.0" 400 22 "https://seo-creative.ru/" "Mozilla/5.0 (Windows NT 10.0; Win64; x64) AppleWebKit/537.36 (KHTML, like Gecko) Chrome/131.0.0.0 Safari/537.36"
159.65.245.255 - - [08/Mar/2026:14:10:07 +0800] "GET /stats/usage_202412.html HTTP/1.1" 200 111016 "https://seo-creative.ru/" "Mozilla/5.0 (Windows NT 10.0; Win64; x64) AppleWebKit/537.36 (KHTML, like Gecko) Chrome/131.0.0.0 Safari/537.36"
23.247.136.254 - - [08/Mar/2026:14:11:24 +0800] "GET /stats/usage_202506.html HTTP/1.0" 200 110056 "https://seo-creative.ru/" "Mozilla/5.0 (Windows NT 10.0; Win64; x64) AppleWebKit/537.36 (KHTML, like Gecko) Chrome/131.0.0.0 Safari/537.36 Avast/131.0.0.0"
46.249.103.192 - - [08/Mar/2026:14:11:28 +0800] "GET /stats/usage_202506.html HTTP/1.1" 200 110056 "https://seo-creative.ru/" "Mozilla/5.0 (Windows NT 10.0; Win64; x64) AppleWebKit/537.36 (KHTML, like Gecko) Chrome/130.0.0.0 Safari/537.36"
109.107.186.56 - - [08/Mar/2026:14:11:45 +0800] "GET http://www.megafortris.com.hk/stats/usage_202506.html HTTP/1.0" 400 22 "https://seo-creative.ru/" "Mozilla/5.0 (Windows NT 10.0; Win64; x64) AppleWebKit/537.36 (KHTML, like Gecko) Chrome/130.0.0.0 Safari/537.36 CCleaner/130.0.0.0"
91.201.113.132 - - [08/Mar/2026:14:13:13 +0800] "GET /stats/usage_202602.html HTTP/1.0" 200 110401 "https://dactor-otr-havalpro.ru/" "Mozilla/5.0 (Windows NT 10.0; Win64; x64) AppleWebKit/537.36 (KHTML, like Gecko) Chrome/131.0.0.0 Safari/537.36"
91.201.113.132 - - [08/Mar/2026:14:13:15 +0800] "GET /stats/usage_202602.html HTTP/1.0" 200 110401 "https://dactor-otr-havalpro.ru/" "Mozilla/5.0 (Windows NT 10.0; Win64; x64) AppleWebKit/537.36 (KHTML, like Gecko) Chrome/131.0.0.0 Safari/537.36 Avast/131.0.0.0"
91.201.113.132 - - [08/Mar/2026:14:13:17 +0800] "GET /stats/usage_202602.html HTTP/1.0" 200 110401 "https://dactor-otr-havalpro.ru/" "Mozilla/5.0 (Windows NT 10.0; Win64; x64) AppleWebKit/537.36 (KHTML, like Gecko) Chrome/129.0.0.0 Safari/537.36"
91.201.113.132 - - [08/Mar/2026:14:13:41 +0800] "GET /stats/usage_202602.html HTTP/1.0" 200 110401 "https://dactor-otr-havalpro.ru/" "Mozilla/5.0 (Windows NT 10.0; Win64; x64) AppleWebKit/537.36 (KHTML, like Gecko) Chrome/130.0.0.0 Safari/537.36"
91.201.113.132 - - [08/Mar/2026:14:13:44 +0800] "GET /stats/usage_202602.html HTTP/1.0" 200 110401 "https://dactor-otr-havalpro.ru/" "Mozilla/5.0 (Windows NT 10.0; Win64; x64) AppleWebKit/537.36 (KHTML, like Gecko) Chrome/131.0.0.0 Safari/537.36"
91.201.113.132 - - [08/Mar/2026:14:13:46 +0800] "GET /stats/usage_202602.html HTTP/1.0" 200 110401 "https://dactor-otr-havalpro.ru/" "Mozilla/5.0 (Windows NT 10.0; Win64; x64) AppleWebKit/537.36 (KHTML, like Gecko) Chrome/130.0.0.0 Safari/537.36"
91.201.113.132 - - [08/Mar/2026:14:24:25 +0800] "GET /stats/usage_202602.html HTTP/1.0" 200 110401 "https://dactor-otr-havalpro.ru/" "Mozilla/5.0 (Windows NT 10.0; Win64; x64) AppleWebKit/537.36 (KHTML, like Gecko) Chrome/131.0.0.0 Safari/537.36 Avast/131.0.0.0"
91.201.113.132 - - [08/Mar/2026:14:24:27 +0800] "GET /stats/usage_202602.html HTTP/1.0" 200 110401 "https://dactor-otr-havalpro.ru/" "Mozilla/5.0 (Windows NT 10.0; Win64; x64) AppleWebKit/537.36 (KHTML, like Gecko) Chrome/131.0.0.0 Safari/537.36"
91.201.113.132 - - [08/Mar/2026:14:24:29 +0800] "GET /stats/usage_202602.html HTTP/1.0" 200 110401 "https://dactor-otr-havalpro.ru/" "Mozilla/5.0 (Windows NT 10.0; Win64; x64) AppleWebKit/537.36 (KHTML, like Gecko) Chrome/129.0.0.0 Safari/537.36"
91.201.113.132 - - [08/Mar/2026:14:24:53 +0800] "GET /stats/usage_202602.html HTTP/1.0" 200 110401 "https://dactor-otr-havalpro.ru/" "Mozilla/5.0 (Windows NT 10.0; Win64; x64) AppleWebKit/537.36 (KHTML, like Gecko) Chrome/131.0.0.0 Safari/537.36 Avast/131.0.0.0"
91.201.113.132 - - [08/Mar/2026:14:24:55 +0800] "GET /stats/usage_202602.html HTTP/1.0" 200 110401 "https://dactor-otr-havalpro.ru/" "Mozilla/5.0 (Windows NT 10.0; Win64; x64) AppleWebKit/537.36 (KHTML, like Gecko) Chrome/130.0.0.0 Safari/537.36"
91.201.113.132 - - [08/Mar/2026:14:24:57 +0800] "GET /stats/usage_202602.html HTTP/1.0" 200 110401 "https://dactor-otr-havalpro.ru/" "Mozilla/5.0 (Windows NT 10.0; Win64; x64) AppleWebKit/537.36 (KHTML, like Gecko) Chrome/131.0.0.0 Safari/537.36"
188.132.141.249 - - [08/Mar/2026:14:27:10 +0800] "GET /stats/usage_202412.html HTTP/1.1" 200 111016 "https://seo-creative.ru/" "Mozilla/5.0 (Windows NT 10.0; Win64; x64) AppleWebKit/537.36 (KHTML, like Gecko) Chrome/130.0.0.0 Safari/537.36 CCleaner/130.0.0.0"
34.172.123.158 - - [08/Mar/2026:14:27:12 +0800] "GET /stats/usage_202412.html HTTP/1.0" 200 111016 "https://seo-creative.ru/" "Mozilla/5.0 (Windows NT 10.0; Win64; x64) AppleWebKit/537.36 (KHTML, like Gecko) Chrome/129.0.0.0 Safari/537.36"
12.50.107.220 - - [08/Mar/2026:14:27:21 +0800] "GET /stats/usage_202412.html HTTP/1.0" 200 111016 "https://seo-creative.ru/" "Mozilla/5.0 (Windows NT 10.0; Win64; x64) AppleWebKit/537.36 (KHTML, like Gecko) Chrome/131.0.0.0 Safari/537.36"
167.99.124.118 - - [08/Mar/2026:14:29:31 +0800] "GET /stats/usage_202506.html HTTP/1.1" 200 110056 "https://seo-creative.ru/" "Mozilla/5.0 (Windows NT 10.0; Win64; x64) AppleWebKit/537.36 (KHTML, like Gecko) Chrome/129.0.0.0 Safari/537.36"
159.65.245.255 - - [08/Mar/2026:14:29:48 +0800] "GET /stats/usage_202506.html HTTP/1.1" 200 110056 "https://seo-creative.ru/" "Mozilla/5.0 (Windows NT 10.0; Win64; x64) AppleWebKit/537.36 (KHTML, like Gecko) Chrome/130.0.0.0 Safari/537.36"
91.201.113.132 - - [08/Mar/2026:14:35:24 +0800] "GET /stats/usage_202602.html HTTP/1.0" 200 110401 "https://dactor-otr-havalpro.ru/" "Mozilla/5.0 (Windows NT 10.0; Win64; x64) AppleWebKit/537.36 (KHTML, like Gecko) Chrome/131.0.0.0 Safari/537.36 Avast/131.0.0.0"
91.201.113.132 - - [08/Mar/2026:14:35:26 +0800] "GET /stats/usage_202602.html HTTP/1.0" 200 110401 "https://dactor-otr-havalpro.ru/" "Mozilla/5.0 (Windows NT 10.0; Win64; x64) AppleWebKit/537.36 (KHTML, like Gecko) Chrome/131.0.0.0 Safari/537.36"
91.201.113.132 - - [08/Mar/2026:14:35:28 +0800] "GET /stats/usage_202602.html HTTP/1.0" 200 110401 "https://dactor-otr-havalpro.ru/" "Mozilla/5.0 (Windows NT 10.0; Win64; x64) AppleWebKit/537.36 (KHTML, like Gecko) Chrome/130.0.0.0 Safari/537.36"
91.201.113.132 - - [08/Mar/2026:14:35:53 +0800] "GET /stats/usage_202602.html HTTP/1.0" 200 110401 "https://dactor-otr-havalpro.ru/" "Mozilla/5.0 (Windows NT 10.0; Win64; x64) AppleWebKit/537.36 (KHTML, like Gecko) Chrome/130.0.0.0 Safari/537.36"
91.201.113.132 - - [08/Mar/2026:14:35:55 +0800] "GET /stats/usage_202602.html HTTP/1.0" 200 110401 "https://dactor-otr-havalpro.ru/" "Mozilla/5.0 (Windows NT 10.0; Win64; x64) AppleWebKit/537.36 (KHTML, like Gecko) Chrome/131.0.0.0 Safari/537.36 Avast/131.0.0.0"
91.201.113.132 - - [08/Mar/2026:14:35:57 +0800] "GET /stats/usage_202602.html HTTP/1.0" 200 110401 "https://dactor-otr-havalpro.ru/" "Mozilla/5.0 (Windows NT 10.0; Win64; x64) AppleWebKit/537.36 (KHTML, like Gecko) Chrome/131.0.0.0 Safari/537.36 Avast/131.0.0.0"
100.28.57.133 - - [08/Mar/2026:14:41:11 +0800] "GET /Maildir/new/ HTTP/1.1" 200 292 "-" "Mozilla/5.0 AppleWebKit/537.36 (KHTML, like Gecko; compatible; Amazonbot/0.1; +https://developer.amazon.com/support/amazonbot) Chrome/119.0.6045.214 Safari/537.36"
31.133.32.102 - - [08/Mar/2026:14:44:56 +0800] "GET /stats/usage_202412.html HTTP/1.0" 200 111016 "https://seo-creative.ru/" "Mozilla/5.0 (Windows NT 10.0; Win64; x64) AppleWebKit/537.36 (KHTML, like Gecko) Chrome/129.0.0.0 Safari/537.36"
34.69.97.134 - - [08/Mar/2026:14:45:05 +0800] "GET /stats/usage_202412.html HTTP/1.0" 200 111016 "https://seo-creative.ru/" "Mozilla/5.0 (Windows NT 10.0; Win64; x64) AppleWebKit/537.36 (KHTML, like Gecko) Chrome/131.0.0.0 Safari/537.36"
109.107.186.56 - - [08/Mar/2026:14:45:22 +0800] "GET http://megafortris.com.hk/stats/usage_202412.html HTTP/1.0" 400 22 "https://seo-creative.ru/" "Mozilla/5.0 (Windows NT 10.0; Win64; x64) AppleWebKit/537.36 (KHTML, like Gecko) Chrome/130.0.0.0 Safari/537.36"
91.201.113.132 - - [08/Mar/2026:14:45:39 +0800] "GET /stats/usage_202602.html HTTP/1.0" 200 110401 "https://dactor-otr-havalpro.ru/" "Mozilla/5.0 (Windows NT 10.0; Win64; x64) AppleWebKit/537.36 (KHTML, like Gecko) Chrome/130.0.0.0 Safari/537.36"
91.201.113.132 - - [08/Mar/2026:14:45:41 +0800] "GET /stats/usage_202602.html HTTP/1.0" 200 110401 "https://dactor-otr-havalpro.ru/" "Mozilla/5.0 (Windows NT 10.0; Win64; x64) AppleWebKit/537.36 (KHTML, like Gecko) Chrome/131.0.0.0 Safari/537.36"
91.201.113.132 - - [08/Mar/2026:14:45:43 +0800] "GET /stats/usage_202602.html HTTP/1.0" 200 110401 "https://dactor-otr-havalpro.ru/" "Mozilla/5.0 (Windows NT 10.0; Win64; x64) AppleWebKit/537.36 (KHTML, like Gecko) Chrome/131.0.0.0 Safari/537.36"
91.201.113.132 - - [08/Mar/2026:14:46:04 +0800] "GET /stats/usage_202602.html HTTP/1.0" 200 110401 "https://dactor-otr-havalpro.ru/" "Mozilla/5.0 (Windows NT 10.0; Win64; x64) AppleWebKit/537.36 (KHTML, like Gecko) Chrome/131.0.0.0 Safari/537.36"
91.201.113.132 - - [08/Mar/2026:14:46:06 +0800] "GET /stats/usage_202602.html HTTP/1.0" 200 110401 "https://dactor-otr-havalpro.ru/" "Mozilla/5.0 (Windows NT 10.0; Win64; x64) AppleWebKit/537.36 (KHTML, like Gecko) Chrome/131.0.0.0 Safari/537.36 Avast/131.0.0.0"
91.201.113.132 - - [08/Mar/2026:14:46:08 +0800] "GET /stats/usage_202602.html HTTP/1.0" 200 110401 "https://dactor-otr-havalpro.ru/" "Mozilla/5.0 (Windows NT 10.0; Win64; x64) AppleWebKit/537.36 (KHTML, like Gecko) Chrome/130.0.0.0 Safari/537.36"
109.107.186.56 - - [08/Mar/2026:14:47:13 +0800] "GET http://www.megafortris.com.hk/stats/usage_202506.html HTTP/1.0" 400 22 "https://seo-creative.ru/" "Mozilla/5.0 (Windows NT 10.0; Win64; x64) AppleWebKit/537.36 (KHTML, like Gecko) Chrome/131.0.0.0 Safari/537.36 Avast/131.0.0.0"
109.107.186.56 - - [08/Mar/2026:14:47:30 +0800] "GET http://www.megafortris.com.hk/stats/usage_202506.html HTTP/1.0" 400 22 "https://seo-creative.ru/" "Mozilla/5.0 (Windows NT 10.0; Win64; x64) AppleWebKit/537.36 (KHTML, like Gecko) Chrome/131.0.0.0 Safari/537.36 Avast/131.0.0.0"
109.107.186.56 - - [08/Mar/2026:14:47:44 +0800] "GET http://www.megafortris.com.hk/stats/usage_202506.html HTTP/1.0" 400 22 "https://seo-creative.ru/" "Mozilla/5.0 (Windows NT 10.0; Win64; x64) AppleWebKit/537.36 (KHTML, like Gecko) Chrome/129.0.0.0 Safari/537.36"
91.201.113.132 - - [08/Mar/2026:14:56:33 +0800] "GET /stats/usage_202602.html HTTP/1.0" 200 110401 "https://dactor-otr-havalpro.ru/" "Mozilla/5.0 (Windows NT 10.0; Win64; x64) AppleWebKit/537.36 (KHTML, like Gecko) Chrome/131.0.0.0 Safari/537.36"
91.201.113.132 - - [08/Mar/2026:14:56:35 +0800] "GET /stats/usage_202602.html HTTP/1.0" 200 110401 "https://dactor-otr-havalpro.ru/" "Mozilla/5.0 (Windows NT 10.0; Win64; x64) AppleWebKit/537.36 (KHTML, like Gecko) Chrome/131.0.0.0 Safari/537.36"
91.201.113.132 - - [08/Mar/2026:14:56:38 +0800] "GET /stats/usage_202602.html HTTP/1.0" 200 110401 "https://dactor-otr-havalpro.ru/" "Mozilla/5.0 (Windows NT 10.0; Win64; x64) AppleWebKit/537.36 (KHTML, like Gecko) Chrome/130.0.0.0 Safari/537.36 CCleaner/130.0.0.0"
91.201.113.132 - - [08/Mar/2026:14:57:02 +0800] "GET /stats/usage_202602.html HTTP/1.0" 200 110401 "https://dactor-otr-havalpro.ru/" "Mozilla/5.0 (Windows NT 10.0; Win64; x64) AppleWebKit/537.36 (KHTML, like Gecko) Chrome/130.0.0.0 Safari/537.36"
91.201.113.132 - - [08/Mar/2026:14:57:04 +0800] "GET /stats/usage_202602.html HTTP/1.0" 200 110401 "https://dactor-otr-havalpro.ru/" "Mozilla/5.0 (Windows NT 10.0; Win64; x64) AppleWebKit/537.36 (KHTML, like Gecko) Chrome/130.0.0.0 Safari/537.36 CCleaner/130.0.0.0"
91.201.113.132 - - [08/Mar/2026:14:57:06 +0800] "GET /stats/usage_202602.html HTTP/1.0" 200 110401 "https://dactor-otr-havalpro.ru/" "Mozilla/5.0 (Windows NT 10.0; Win64; x64) AppleWebKit/537.36 (KHTML, like Gecko) Chrome/131.0.0.0 Safari/537.36"
109.107.186.56 - - [08/Mar/2026:15:03:02 +0800] "GET http://megafortris.com.hk/stats/usage_202412.html HTTP/1.0" 400 22 "https://seo-creative.ru/" "Mozilla/5.0 (Windows NT 10.0; Win64; x64) AppleWebKit/537.36 (KHTML, like Gecko) Chrome/129.0.0.0 Safari/537.36"
109.107.186.56 - - [08/Mar/2026:15:03:19 +0800] "GET http://megafortris.com.hk/stats/usage_202412.html HTTP/1.0" 400 22 "https://seo-creative.ru/" "Mozilla/5.0 (Windows NT 10.0; Win64; x64) AppleWebKit/537.36 (KHTML, like Gecko) Chrome/130.0.0.0 Safari/537.36"
109.107.186.56 - - [08/Mar/2026:15:03:33 +0800] "GET http://megafortris.com.hk/stats/usage_202412.html HTTP/1.0" 400 22 "https://seo-creative.ru/" "Mozilla/5.0 (Windows NT 10.0; Win64; x64) AppleWebKit/537.36 (KHTML, like Gecko) Chrome/131.0.0.0 Safari/537.36"
12.50.107.220 - - [08/Mar/2026:15:04:57 +0800] "GET /stats/usage_202506.html HTTP/1.0" 200 110056 "https://seo-creative.ru/" "Mozilla/5.0 (Windows NT 10.0; Win64; x64) AppleWebKit/537.36 (KHTML, like Gecko) Chrome/130.0.0.0 Safari/537.36 CCleaner/130.0.0.0"
31.133.32.102 - - [08/Mar/2026:15:05:05 +0800] "GET /stats/usage_202506.html HTTP/1.0" 200 110056 "https://seo-creative.ru/" "Mozilla/5.0 (Windows NT 10.0; Win64; x64) AppleWebKit/537.36 (KHTML, like Gecko) Chrome/131.0.0.0 Safari/537.36"
192.73.244.36 - - [08/Mar/2026:15:05:19 +0800] "GET /stats/usage_202506.html HTTP/1.1" 200 110056 "https://seo-creative.ru/" "Mozilla/5.0 (Windows NT 10.0; Win64; x64) AppleWebKit/537.36 (KHTML, like Gecko) Chrome/131.0.0.0 Safari/537.36"
91.201.113.132 - - [08/Mar/2026:15:07:38 +0800] "GET /stats/usage_202602.html HTTP/1.0" 200 110401 "https://dactor-otr-havalpro.ru/" "Mozilla/5.0 (Windows NT 10.0; Win64; x64) AppleWebKit/537.36 (KHTML, like Gecko) Chrome/131.0.0.0 Safari/537.36 Avast/131.0.0.0"
91.201.113.132 - - [08/Mar/2026:15:07:41 +0800] "GET /stats/usage_202602.html HTTP/1.0" 200 110401 "https://dactor-otr-havalpro.ru/" "Mozilla/5.0 (Windows NT 10.0; Win64; x64) AppleWebKit/537.36 (KHTML, like Gecko) Chrome/129.0.0.0 Safari/537.36"
91.201.113.132 - - [08/Mar/2026:15:07:43 +0800] "GET /stats/usage_202602.html HTTP/1.0" 200 110401 "https://dactor-otr-havalpro.ru/" "Mozilla/5.0 (Windows NT 10.0; Win64; x64) AppleWebKit/537.36 (KHTML, like Gecko) Chrome/130.0.0.0 Safari/537.36 CCleaner/130.0.0.0"
91.201.113.132 - - [08/Mar/2026:15:08:06 +0800] "GET /stats/usage_202602.html HTTP/1.0" 200 110401 "https://dactor-otr-havalpro.ru/" "Mozilla/5.0 (Windows NT 10.0; Win64; x64) AppleWebKit/537.36 (KHTML, like Gecko) Chrome/129.0.0.0 Safari/537.36"
91.201.113.132 - - [08/Mar/2026:15:08:08 +0800] "GET /stats/usage_202602.html HTTP/1.0" 200 110401 "https://dactor-otr-havalpro.ru/" "Mozilla/5.0 (Windows NT 10.0; Win64; x64) AppleWebKit/537.36 (KHTML, like Gecko) Chrome/130.0.0.0 Safari/537.36"
91.201.113.132 - - [08/Mar/2026:15:08:10 +0800] "GET /stats/usage_202602.html HTTP/1.0" 200 110401 "https://dactor-otr-havalpro.ru/" "Mozilla/5.0 (Windows NT 10.0; Win64; x64) AppleWebKit/537.36 (KHTML, like Gecko) Chrome/131.0.0.0 Safari/537.36"
91.201.113.132 - - [08/Mar/2026:15:18:38 +0800] "GET /stats/usage_202602.html HTTP/1.0" 200 110401 "https://dactor-otr-havalpro.ru/" "Mozilla/5.0 (Windows NT 10.0; Win64; x64) AppleWebKit/537.36 (KHTML, like Gecko) Chrome/129.0.0.0 Safari/537.36"
91.201.113.132 - - [08/Mar/2026:15:18:40 +0800] "GET /stats/usage_202602.html HTTP/1.0" 200 110401 "https://dactor-otr-havalpro.ru/" "Mozilla/5.0 (Windows NT 10.0; Win64; x64) AppleWebKit/537.36 (KHTML, like Gecko) Chrome/130.0.0.0 Safari/537.36 CCleaner/130.0.0.0"
91.201.113.132 - - [08/Mar/2026:15:18:42 +0800] "GET /stats/usage_202602.html HTTP/1.0" 200 110401 "https://dactor-otr-havalpro.ru/" "Mozilla/5.0 (Windows NT 10.0; Win64; x64) AppleWebKit/537.36 (KHTML, like Gecko) Chrome/131.0.0.0 Safari/537.36 Avast/131.0.0.0"
91.201.113.132 - - [08/Mar/2026:15:19:07 +0800] "GET /stats/usage_202602.html HTTP/1.0" 200 110401 "https://dactor-otr-havalpro.ru/" "Mozilla/5.0 (Windows NT 10.0; Win64; x64) AppleWebKit/537.36 (KHTML, like Gecko) Chrome/130.0.0.0 Safari/537.36 CCleaner/130.0.0.0"
91.201.113.132 - - [08/Mar/2026:15:19:09 +0800] "GET /stats/usage_202602.html HTTP/1.0" 200 110401 "https://dactor-otr-havalpro.ru/" "Mozilla/5.0 (Windows NT 10.0; Win64; x64) AppleWebKit/537.36 (KHTML, like Gecko) Chrome/130.0.0.0 Safari/537.36"
91.201.113.132 - - [08/Mar/2026:15:19:11 +0800] "GET /stats/usage_202602.html HTTP/1.0" 200 110401 "https://dactor-otr-havalpro.ru/" "Mozilla/5.0 (Windows NT 10.0; Win64; x64) AppleWebKit/537.36 (KHTML, like Gecko) Chrome/131.0.0.0 Safari/537.36"
43.163.23.203 - - [08/Mar/2026:15:19:15 +0800] "GET /icon/os/?C=S;O=A HTTP/1.1" 200 1191 "-" "Mozilla/5.0 (Windows NT 10.0; Win64; x64) AppleWebKit/537.36 (KHTML, like Gecko) Chrome/103.0.0.0 Safari/537.36"
109.107.186.56 - - [08/Mar/2026:15:20:52 +0800] "GET http://megafortris.com.hk/stats/usage_202412.html HTTP/1.0" 400 22 "https://seo-creative.ru/" "Mozilla/5.0 (Windows NT 10.0; Win64; x64) AppleWebKit/537.36 (KHTML, like Gecko) Chrome/131.0.0.0 Safari/537.36 Avast/131.0.0.0"
109.107.186.56 - - [08/Mar/2026:15:21:44 +0800] "GET http://megafortris.com.hk/stats/usage_202412.html HTTP/1.0" 400 22 "https://seo-creative.ru/" "Mozilla/5.0 (Windows NT 10.0; Win64; x64) AppleWebKit/537.36 (KHTML, like Gecko) Chrome/130.0.0.0 Safari/537.36"
188.132.141.249 - - [08/Mar/2026:15:22:54 +0800] "GET /stats/usage_202506.html HTTP/1.1" 200 110056 "https://seo-creative.ru/" "Mozilla/5.0 (Windows NT 10.0; Win64; x64) AppleWebKit/537.36 (KHTML, like Gecko) Chrome/131.0.0.0 Safari/537.36"
101.132.222.120 - - [08/Mar/2026:15:23:10 +0800] "GET /stats/usage_202506.html HTTP/1.0" 200 110056 "https://seo-creative.ru/" "Mozilla/5.0 (Windows NT 10.0; Win64; x64) AppleWebKit/537.36 (KHTML, like Gecko) Chrome/130.0.0.0 Safari/537.36 CCleaner/130.0.0.0"
109.107.186.56 - - [08/Mar/2026:15:23:34 +0800] "GET http://www.megafortris.com.hk/stats/usage_202506.html HTTP/1.0" 400 22 "https://seo-creative.ru/" "Mozilla/5.0 (Windows NT 10.0; Win64; x64) AppleWebKit/537.36 (KHTML, like Gecko) Chrome/131.0.0.0 Safari/537.36 Avast/131.0.0.0"
111.119.220.33 - - [08/Mar/2026:15:25:58 +0800] "GET /Maildir/new/ HTTP/1.1" 200 292 "http://www.megafortris.com.hk/Maildir/new/" "Mozilla/5.0 (Macintosh; Intel Mac OS X 10_15_7) AppleWebKit/537.36 (KHTML, like Gecko) Chrome/123.0.0.0 Safari/537.36"
91.201.113.132 - - [08/Mar/2026:15:29:34 +0800] "GET /stats/usage_202602.html HTTP/1.0" 200 110401 "https://dactor-otr-havalpro.ru/" "Mozilla/5.0 (Windows NT 10.0; Win64; x64) AppleWebKit/537.36 (KHTML, like Gecko) Chrome/131.0.0.0 Safari/537.36"
91.201.113.132 - - [08/Mar/2026:15:29:36 +0800] "GET /stats/usage_202602.html HTTP/1.0" 200 110401 "https://dactor-otr-havalpro.ru/" "Mozilla/5.0 (Windows NT 10.0; Win64; x64) AppleWebKit/537.36 (KHTML, like Gecko) Chrome/130.0.0.0 Safari/537.36 CCleaner/130.0.0.0"
91.201.113.132 - - [08/Mar/2026:15:29:38 +0800] "GET /stats/usage_202602.html HTTP/1.0" 200 110401 "https://dactor-otr-havalpro.ru/" "Mozilla/5.0 (Windows NT 10.0; Win64; x64) AppleWebKit/537.36 (KHTML, like Gecko) Chrome/129.0.0.0 Safari/537.36"
91.201.113.132 - - [08/Mar/2026:15:30:03 +0800] "GET /stats/usage_202602.html HTTP/1.0" 200 110401 "https://dactor-otr-havalpro.ru/" "Mozilla/5.0 (Windows NT 10.0; Win64; x64) AppleWebKit/537.36 (KHTML, like Gecko) Chrome/130.0.0.0 Safari/537.36"
91.201.113.132 - - [08/Mar/2026:15:30:05 +0800] "GET /stats/usage_202602.html HTTP/1.0" 200 110401 "https://dactor-otr-havalpro.ru/" "Mozilla/5.0 (Windows NT 10.0; Win64; x64) AppleWebKit/537.36 (KHTML, like Gecko) Chrome/130.0.0.0 Safari/537.36 CCleaner/130.0.0.0"
91.201.113.132 - - [08/Mar/2026:15:30:07 +0800] "GET /stats/usage_202602.html HTTP/1.0" 200 110401 "https://dactor-otr-havalpro.ru/" "Mozilla/5.0 (Windows NT 10.0; Win64; x64) AppleWebKit/537.36 (KHTML, like Gecko) Chrome/131.0.0.0 Safari/537.36"
3.210.114.189 - - [08/Mar/2026:15:36:14 +0800] "GET /awstatsicons/cpu/?C=D;O%3DD HTTP/1.1" 200 464 "-" "Mozilla/5.0 AppleWebKit/537.36 (KHTML, like Gecko; compatible; Amazonbot/0.1; +https://developer.amazon.com/support/amazonbot) Chrome/119.0.6045.214 Safari/537.36"
188.132.141.249 - - [08/Mar/2026:15:38:30 +0800] "GET /stats/usage_202412.html HTTP/1.1" 200 111016 "https://seo-creative.ru/" "Mozilla/5.0 (Windows NT 10.0; Win64; x64) AppleWebKit/537.36 (KHTML, like Gecko) Chrome/131.0.0.0 Safari/537.36 Avast/131.0.0.0"
46.249.103.192 - - [08/Mar/2026:15:38:36 +0800] "GET /stats/usage_202412.html HTTP/1.1" 200 111016 "https://seo-creative.ru/" "Mozilla/5.0 (Windows NT 10.0; Win64; x64) AppleWebKit/537.36 (KHTML, like Gecko) Chrome/129.0.0.0 Safari/537.36"
109.107.186.56 - - [08/Mar/2026:15:38:55 +0800] "GET http://megafortris.com.hk/stats/usage_202412.html HTTP/1.0" 400 22 "https://seo-creative.ru/" "Mozilla/5.0 (Windows NT 10.0; Win64; x64) AppleWebKit/537.36 (KHTML, like Gecko) Chrome/131.0.0.0 Safari/537.36"
91.201.113.132 - - [08/Mar/2026:15:40:30 +0800] "GET /stats/usage_202602.html HTTP/1.0" 200 110401 "https://dactor-otr-havalpro.ru/" "Mozilla/5.0 (Windows NT 10.0; Win64; x64) AppleWebKit/537.36 (KHTML, like Gecko) Chrome/131.0.0.0 Safari/537.36 Avast/131.0.0.0"
91.201.113.132 - - [08/Mar/2026:15:40:32 +0800] "GET /stats/usage_202602.html HTTP/1.0" 200 110401 "https://dactor-otr-havalpro.ru/" "Mozilla/5.0 (Windows NT 10.0; Win64; x64) AppleWebKit/537.36 (KHTML, like Gecko) Chrome/129.0.0.0 Safari/537.36"
91.201.113.132 - - [08/Mar/2026:15:40:34 +0800] "GET /stats/usage_202602.html HTTP/1.0" 200 110401 "https://dactor-otr-havalpro.ru/" "Mozilla/5.0 (Windows NT 10.0; Win64; x64) AppleWebKit/537.36 (KHTML, like Gecko) Chrome/130.0.0.0 Safari/537.36 CCleaner/130.0.0.0"
101.132.222.120 - - [08/Mar/2026:15:40:38 +0800] "GET /stats/usage_202506.html HTTP/1.0" 200 110056 "https://seo-creative.ru/" "Mozilla/5.0 (Windows NT 10.0; Win64; x64) AppleWebKit/537.36 (KHTML, like Gecko) Chrome/130.0.0.0 Safari/537.36 CCleaner/130.0.0.0"
109.107.186.56 - - [08/Mar/2026:15:40:57 +0800] "GET http://www.megafortris.com.hk/stats/usage_202506.html HTTP/1.0" 400 22 "https://seo-creative.ru/" "Mozilla/5.0 (Windows NT 10.0; Win64; x64) AppleWebKit/537.36 (KHTML, like Gecko) Chrome/130.0.0.0 Safari/537.36 CCleaner/130.0.0.0"
91.201.113.132 - - [08/Mar/2026:15:40:59 +0800] "GET /stats/usage_202602.html HTTP/1.0" 200 110401 "https://dactor-otr-havalpro.ru/" "Mozilla/5.0 (Windows NT 10.0; Win64; x64) AppleWebKit/537.36 (KHTML, like Gecko) Chrome/131.0.0.0 Safari/537.36"
91.201.113.132 - - [08/Mar/2026:15:41:01 +0800] "GET /stats/usage_202602.html HTTP/1.0" 200 110401 "https://dactor-otr-havalpro.ru/" "Mozilla/5.0 (Windows NT 10.0; Win64; x64) AppleWebKit/537.36 (KHTML, like Gecko) Chrome/129.0.0.0 Safari/537.36"
