109.107.186.56 - - [08/Mar/2026:19:19:21 +0800] "GET http://www.megafortris.com.hk/stats/usage_202506.html HTTP/1.0" 400 22 "https://seo-creative.ru/" "Mozilla/5.0 (Windows NT 10.0; Win64; x64) AppleWebKit/537.36 (KHTML, like Gecko) Chrome/130.0.0.0 Safari/537.36"
109.107.186.56 - - [08/Mar/2026:19:19:38 +0800] "GET http://www.megafortris.com.hk/stats/usage_202506.html HTTP/1.0" 400 22 "https://seo-creative.ru/" "Mozilla/5.0 (Windows NT 10.0; Win64; x64) AppleWebKit/537.36 (KHTML, like Gecko) Chrome/131.0.0.0 Safari/537.36 Avast/131.0.0.0"
91.201.113.132 - - [08/Mar/2026:19:21:13 +0800] "GET /stats/usage_202602.html HTTP/1.0" 200 110401 "https://dactor-otr-havalpro.ru/" "Mozilla/5.0 (Windows NT 10.0; Win64; x64) AppleWebKit/537.36 (KHTML, like Gecko) Chrome/131.0.0.0 Safari/537.36 Avast/131.0.0.0"
91.201.113.132 - - [08/Mar/2026:19:21:15 +0800] "GET /stats/usage_202602.html HTTP/1.0" 200 110401 "https://dactor-otr-havalpro.ru/" "Mozilla/5.0 (Windows NT 10.0; Win64; x64) AppleWebKit/537.36 (KHTML, like Gecko) Chrome/129.0.0.0 Safari/537.36"
91.201.113.132 - - [08/Mar/2026:19:21:17 +0800] "GET /stats/usage_202602.html HTTP/1.0" 200 110401 "https://dactor-otr-havalpro.ru/" "Mozilla/5.0 (Windows NT 10.0; Win64; x64) AppleWebKit/537.36 (KHTML, like Gecko) Chrome/130.0.0.0 Safari/537.36 CCleaner/130.0.0.0"
91.201.113.132 - - [08/Mar/2026:19:21:42 +0800] "GET /stats/usage_202602.html HTTP/1.0" 200 110401 "https://dactor-otr-havalpro.ru/" "Mozilla/5.0 (Windows NT 10.0; Win64; x64) AppleWebKit/537.36 (KHTML, like Gecko) Chrome/130.0.0.0 Safari/537.36"
91.201.113.132 - - [08/Mar/2026:19:21:44 +0800] "GET /stats/usage_202602.html HTTP/1.0" 200 110401 "https://dactor-otr-havalpro.ru/" "Mozilla/5.0 (Windows NT 10.0; Win64; x64) AppleWebKit/537.36 (KHTML, like Gecko) Chrome/131.0.0.0 Safari/537.36 Avast/131.0.0.0"
91.201.113.132 - - [08/Mar/2026:19:21:46 +0800] "GET /stats/usage_202602.html HTTP/1.0" 200 110401 "https://dactor-otr-havalpro.ru/" "Mozilla/5.0 (Windows NT 10.0; Win64; x64) AppleWebKit/537.36 (KHTML, like Gecko) Chrome/129.0.0.0 Safari/537.36"
43.173.169.67 - - [08/Mar/2026:19:23:07 +0800] "GET /awstatsicons/other/?C=S;O=D HTTP/1.1" 200 659 "-" "Mozilla/5.0 (Windows NT 10.0; Win64; x64) AppleWebKit/537.36 (KHTML, like Gecko) Chrome/116.0.0.0 Safari/537.36"
91.201.113.132 - - [08/Mar/2026:19:32:13 +0800] "GET /stats/usage_202602.html HTTP/1.0" 200 110401 "https://dactor-otr-havalpro.ru/" "Mozilla/5.0 (Windows NT 10.0; Win64; x64) AppleWebKit/537.36 (KHTML, like Gecko) Chrome/131.0.0.0 Safari/537.36 Avast/131.0.0.0"
91.201.113.132 - - [08/Mar/2026:19:32:15 +0800] "GET /stats/usage_202602.html HTTP/1.0" 200 110401 "https://dactor-otr-havalpro.ru/" "Mozilla/5.0 (Windows NT 10.0; Win64; x64) AppleWebKit/537.36 (KHTML, like Gecko) Chrome/131.0.0.0 Safari/537.36"
91.201.113.132 - - [08/Mar/2026:19:32:17 +0800] "GET /stats/usage_202602.html HTTP/1.0" 200 110401 "https://dactor-otr-havalpro.ru/" "Mozilla/5.0 (Windows NT 10.0; Win64; x64) AppleWebKit/537.36 (KHTML, like Gecko) Chrome/131.0.0.0 Safari/537.36 Avast/131.0.0.0"
91.201.113.132 - - [08/Mar/2026:19:32:41 +0800] "GET /stats/usage_202602.html HTTP/1.0" 200 110401 "https://dactor-otr-havalpro.ru/" "Mozilla/5.0 (Windows NT 10.0; Win64; x64) AppleWebKit/537.36 (KHTML, like Gecko) Chrome/131.0.0.0 Safari/537.36 Avast/131.0.0.0"
91.201.113.132 - - [08/Mar/2026:19:32:43 +0800] "GET /stats/usage_202602.html HTTP/1.0" 200 110401 "https://dactor-otr-havalpro.ru/" "Mozilla/5.0 (Windows NT 10.0; Win64; x64) AppleWebKit/537.36 (KHTML, like Gecko) Chrome/130.0.0.0 Safari/537.36 CCleaner/130.0.0.0"
91.201.113.132 - - [08/Mar/2026:19:32:45 +0800] "GET /stats/usage_202602.html HTTP/1.0" 200 110401 "https://dactor-otr-havalpro.ru/" "Mozilla/5.0 (Windows NT 10.0; Win64; x64) AppleWebKit/537.36 (KHTML, like Gecko) Chrome/129.0.0.0 Safari/537.36"
109.107.186.56 - - [08/Mar/2026:19:34:58 +0800] "GET http://megafortris.com.hk/stats/usage_202412.html HTTP/1.0" 400 22 "https://seo-creative.ru/" "Mozilla/5.0 (Windows NT 10.0; Win64; x64) AppleWebKit/537.36 (KHTML, like Gecko) Chrome/131.0.0.0 Safari/537.36 Avast/131.0.0.0"
109.107.186.56 - - [08/Mar/2026:19:35:15 +0800] "GET http://megafortris.com.hk/stats/usage_202412.html HTTP/1.0" 400 22 "https://seo-creative.ru/" "Mozilla/5.0 (Windows NT 10.0; Win64; x64) AppleWebKit/537.36 (KHTML, like Gecko) Chrome/131.0.0.0 Safari/537.36"
133.18.234.13 - - [08/Mar/2026:19:35:20 +0800] "GET http://megafortris.com.hk/stats/usage_202412.html HTTP/1.0" 400 22 "https://seo-creative.ru/" "Mozilla/5.0 (Windows NT 10.0; Win64; x64) AppleWebKit/537.36 (KHTML, like Gecko) Chrome/130.0.0.0 Safari/537.36 CCleaner/130.0.0.0"
109.107.186.56 - - [08/Mar/2026:19:37:04 +0800] "GET http://www.megafortris.com.hk/stats/usage_202506.html HTTP/1.0" 400 22 "https://seo-creative.ru/" "Mozilla/5.0 (Windows NT 10.0; Win64; x64) AppleWebKit/537.36 (KHTML, like Gecko) Chrome/130.0.0.0 Safari/537.36"
101.132.222.120 - - [08/Mar/2026:19:37:17 +0800] "GET /stats/usage_202506.html HTTP/1.0" 200 110056 "https://seo-creative.ru/" "Mozilla/5.0 (Windows NT 10.0; Win64; x64) AppleWebKit/537.36 (KHTML, like Gecko) Chrome/131.0.0.0 Safari/537.36 Avast/131.0.0.0"
23.247.136.254 - - [08/Mar/2026:19:37:27 +0800] "GET /stats/usage_202506.html HTTP/1.0" 200 110056 "https://seo-creative.ru/" "Mozilla/5.0 (Windows NT 10.0; Win64; x64) AppleWebKit/537.36 (KHTML, like Gecko) Chrome/129.0.0.0 Safari/537.36"
91.201.113.132 - - [08/Mar/2026:19:43:11 +0800] "GET /stats/usage_202602.html HTTP/1.0" 200 110401 "https://dactor-otr-havalpro.ru/" "Mozilla/5.0 (Windows NT 10.0; Win64; x64) AppleWebKit/537.36 (KHTML, like Gecko) Chrome/129.0.0.0 Safari/537.36"
91.201.113.132 - - [08/Mar/2026:19:43:13 +0800] "GET /stats/usage_202602.html HTTP/1.0" 200 110401 "https://dactor-otr-havalpro.ru/" "Mozilla/5.0 (Windows NT 10.0; Win64; x64) AppleWebKit/537.36 (KHTML, like Gecko) Chrome/131.0.0.0 Safari/537.36 Avast/131.0.0.0"
91.201.113.132 - - [08/Mar/2026:19:43:15 +0800] "GET /stats/usage_202602.html HTTP/1.0" 200 110401 "https://dactor-otr-havalpro.ru/" "Mozilla/5.0 (Windows NT 10.0; Win64; x64) AppleWebKit/537.36 (KHTML, like Gecko) Chrome/131.0.0.0 Safari/537.36"
91.201.113.132 - - [08/Mar/2026:19:43:39 +0800] "GET /stats/usage_202602.html HTTP/1.0" 200 110401 "https://dactor-otr-havalpro.ru/" "Mozilla/5.0 (Windows NT 10.0; Win64; x64) AppleWebKit/537.36 (KHTML, like Gecko) Chrome/130.0.0.0 Safari/537.36"
91.201.113.132 - - [08/Mar/2026:19:43:41 +0800] "GET /stats/usage_202602.html HTTP/1.0" 200 110401 "https://dactor-otr-havalpro.ru/" "Mozilla/5.0 (Windows NT 10.0; Win64; x64) AppleWebKit/537.36 (KHTML, like Gecko) Chrome/130.0.0.0 Safari/537.36 CCleaner/130.0.0.0"
91.201.113.132 - - [08/Mar/2026:19:43:43 +0800] "GET /stats/usage_202602.html HTTP/1.0" 200 110401 "https://dactor-otr-havalpro.ru/" "Mozilla/5.0 (Windows NT 10.0; Win64; x64) AppleWebKit/537.36 (KHTML, like Gecko) Chrome/131.0.0.0 Safari/537.36"
176.108.221.179 - - [08/Mar/2026:19:50:16 +0800] "GET /stats/usage_202506.html HTTP/1.1" 200 7292 "http://www.megafortris.com.hk/" "Mozilla/5.0 (Windows NT 10.0; Win64; x64) AppleWebKit/537.36 (KHTML, like Gecko) Chrome/114.0.0.0 Safari/537.36 OPR/89.0.4447.51"
176.108.221.179 - - [08/Mar/2026:19:50:20 +0800] "GET / HTTP/1.1" 200 409 "https://chl.applemarketrf.ru" "Mozilla/5.0 \xd0\xba\xd1\x83\xd0\xbf\xd0\xb8\xd1\x82\xd1\x8c \xd0\xb0\xd0\xb9\xd1\x84\xd0\xbe\xd0\xbd (Windows NT 5.1; U; en) Presto/2.10.229 Version/11.60"
176.108.221.179 - - [08/Mar/2026:19:50:21 +0800] "GET /stats/usage_202506.html HTTP/1.1" 200 7292 "http://www.megafortris.com.hk/" "Mozilla/5.0 \xd0\xba\xd1\x83\xd0\xbf\xd0\xb8\xd1\x82\xd1\x8c \xd0\xb0\xd0\xb9\xd1\x84\xd0\xbe\xd0\xbd (Windows NT 5.1; U; en) Presto/2.10.229 Version/11.60"
176.108.221.179 - - [08/Mar/2026:19:50:21 +0800] "GET /stats/usage_202603.html HTTP/1.1" 200 6719 "-" "Mozilla/5.0 \xd0\xba\xd1\x83\xd0\xbf\xd0\xb8\xd1\x82\xd1\x8c \xd0\xb0\xd0\xb9\xd1\x84\xd0\xbe\xd0\xbd (Windows NT 5.1; U; en) Presto/2.10.229 Version/11.60"
176.108.221.179 - - [08/Mar/2026:19:50:59 +0800] "GET /stats/usage_202603.html HTTP/1.1" 200 6719 "-" "Mozilla/5.0 (Windows NT 10.0) AppleWebKit/537.36 (KHTML, like Gecko) Chrome/114.0.0.0 Safari/537.36"
109.107.186.56 - - [08/Mar/2026:19:52:58 +0800] "GET http://megafortris.com.hk/stats/usage_202412.html HTTP/1.0" 400 22 "https://seo-creative.ru/" "Mozilla/5.0 (Windows NT 10.0; Win64; x64) AppleWebKit/537.36 (KHTML, like Gecko) Chrome/131.0.0.0 Safari/537.36"
46.249.103.192 - - [08/Mar/2026:19:53:07 +0800] "GET /stats/usage_202412.html HTTP/1.1" 200 111016 "https://seo-creative.ru/" "Mozilla/5.0 (Windows NT 10.0; Win64; x64) AppleWebKit/537.36 (KHTML, like Gecko) Chrome/129.0.0.0 Safari/537.36"
12.50.107.220 - - [08/Mar/2026:19:53:13 +0800] "GET /stats/usage_202412.html HTTP/1.0" 200 111016 "https://seo-creative.ru/" "Mozilla/5.0 (Windows NT 10.0; Win64; x64) AppleWebKit/537.36 (KHTML, like Gecko) Chrome/131.0.0.0 Safari/537.36"
91.201.113.132 - - [08/Mar/2026:19:54:10 +0800] "GET /stats/usage_202602.html HTTP/1.0" 200 110401 "https://dactor-otr-havalpro.ru/" "Mozilla/5.0 (Windows NT 10.0; Win64; x64) AppleWebKit/537.36 (KHTML, like Gecko) Chrome/130.0.0.0 Safari/537.36"
91.201.113.132 - - [08/Mar/2026:19:54:12 +0800] "GET /stats/usage_202602.html HTTP/1.0" 200 110401 "https://dactor-otr-havalpro.ru/" "Mozilla/5.0 (Windows NT 10.0; Win64; x64) AppleWebKit/537.36 (KHTML, like Gecko) Chrome/130.0.0.0 Safari/537.36"
91.201.113.132 - - [08/Mar/2026:19:54:15 +0800] "GET /stats/usage_202602.html HTTP/1.0" 200 110401 "https://dactor-otr-havalpro.ru/" "Mozilla/5.0 (Windows NT 10.0; Win64; x64) AppleWebKit/537.36 (KHTML, like Gecko) Chrome/129.0.0.0 Safari/537.36"
91.201.113.132 - - [08/Mar/2026:19:54:39 +0800] "GET /stats/usage_202602.html HTTP/1.0" 200 110401 "https://dactor-otr-havalpro.ru/" "Mozilla/5.0 (Windows NT 10.0; Win64; x64) AppleWebKit/537.36 (KHTML, like Gecko) Chrome/129.0.0.0 Safari/537.36"
91.201.113.132 - - [08/Mar/2026:19:54:41 +0800] "GET /stats/usage_202602.html HTTP/1.0" 200 110401 "https://dactor-otr-havalpro.ru/" "Mozilla/5.0 (Windows NT 10.0; Win64; x64) AppleWebKit/537.36 (KHTML, like Gecko) Chrome/131.0.0.0 Safari/537.36"
91.201.113.132 - - [08/Mar/2026:19:54:43 +0800] "GET /stats/usage_202602.html HTTP/1.0" 200 110401 "https://dactor-otr-havalpro.ru/" "Mozilla/5.0 (Windows NT 10.0; Win64; x64) AppleWebKit/537.36 (KHTML, like Gecko) Chrome/130.0.0.0 Safari/537.36"
202.55.67.194 - - [08/Mar/2026:19:54:58 +0800] "GET http://www.megafortris.com.hk/stats/usage_202506.html HTTP/1.0" 400 22 "https://seo-creative.ru/" "Mozilla/5.0 (Windows NT 10.0; Win64; x64) AppleWebKit/537.36 (KHTML, like Gecko) Chrome/129.0.0.0 Safari/537.36"
12.50.107.220 - - [08/Mar/2026:19:55:01 +0800] "GET /stats/usage_202506.html HTTP/1.0" 200 110056 "https://seo-creative.ru/" "Mozilla/5.0 (Windows NT 10.0; Win64; x64) AppleWebKit/537.36 (KHTML, like Gecko) Chrome/130.0.0.0 Safari/537.36 CCleaner/130.0.0.0"
109.107.186.56 - - [08/Mar/2026:19:55:19 +0800] "GET http://www.megafortris.com.hk/stats/usage_202506.html HTTP/1.0" 400 22 "https://seo-creative.ru/" "Mozilla/5.0 (Windows NT 10.0; Win64; x64) AppleWebKit/537.36 (KHTML, like Gecko) Chrome/129.0.0.0 Safari/537.36"
176.108.221.179 - - [08/Mar/2026:19:57:16 +0800] "GET /stats/usage_202603.html HTTP/1.1" 200 6719 "-" "Mozilla/5.0 (Windows NT 10.0) AppleWebKit/537.36 (KHTML, like Gecko) Chrome/114.0.0.0 Safari/537.36"
91.201.113.132 - - [08/Mar/2026:20:05:06 +0800] "GET /stats/usage_202602.html HTTP/1.0" 200 110401 "https://dactor-otr-havalpro.ru/" "Mozilla/5.0 (Windows NT 10.0; Win64; x64) AppleWebKit/537.36 (KHTML, like Gecko) Chrome/130.0.0.0 Safari/537.36"
91.201.113.132 - - [08/Mar/2026:20:05:08 +0800] "GET /stats/usage_202602.html HTTP/1.0" 200 110401 "https://dactor-otr-havalpro.ru/" "Mozilla/5.0 (Windows NT 10.0; Win64; x64) AppleWebKit/537.36 (KHTML, like Gecko) Chrome/129.0.0.0 Safari/537.36"
91.201.113.132 - - [08/Mar/2026:20:05:10 +0800] "GET /stats/usage_202602.html HTTP/1.0" 200 110401 "https://dactor-otr-havalpro.ru/" "Mozilla/5.0 (Windows NT 10.0; Win64; x64) AppleWebKit/537.36 (KHTML, like Gecko) Chrome/131.0.0.0 Safari/537.36 Avast/131.0.0.0"
91.201.113.132 - - [08/Mar/2026:20:05:34 +0800] "GET /stats/usage_202602.html HTTP/1.0" 200 110401 "https://dactor-otr-havalpro.ru/" "Mozilla/5.0 (Windows NT 10.0; Win64; x64) AppleWebKit/537.36 (KHTML, like Gecko) Chrome/129.0.0.0 Safari/537.36"
91.201.113.132 - - [08/Mar/2026:20:05:36 +0800] "GET /stats/usage_202602.html HTTP/1.0" 200 110401 "https://dactor-otr-havalpro.ru/" "Mozilla/5.0 (Windows NT 10.0; Win64; x64) AppleWebKit/537.36 (KHTML, like Gecko) Chrome/131.0.0.0 Safari/537.36"
91.201.113.132 - - [08/Mar/2026:20:05:38 +0800] "GET /stats/usage_202602.html HTTP/1.0" 200 110401 "https://dactor-otr-havalpro.ru/" "Mozilla/5.0 (Windows NT 10.0; Win64; x64) AppleWebKit/537.36 (KHTML, like Gecko) Chrome/131.0.0.0 Safari/537.36 Avast/131.0.0.0"
23.247.136.254 - - [08/Mar/2026:20:10:30 +0800] "GET /stats/usage_202412.html HTTP/1.0" 200 111016 "https://seo-creative.ru/" "Mozilla/5.0 (Windows NT 10.0; Win64; x64) AppleWebKit/537.36 (KHTML, like Gecko) Chrome/131.0.0.0 Safari/537.36 Avast/131.0.0.0"
31.133.32.102 - - [08/Mar/2026:20:10:39 +0800] "GET /stats/usage_202412.html HTTP/1.0" 200 111016 "https://seo-creative.ru/" "Mozilla/5.0 (Windows NT 10.0; Win64; x64) AppleWebKit/537.36 (KHTML, like Gecko) Chrome/130.0.0.0 Safari/537.36 CCleaner/130.0.0.0"
109.107.186.56 - - [08/Mar/2026:20:12:46 +0800] "GET http://www.megafortris.com.hk/stats/usage_202506.html HTTP/1.0" 400 22 "https://seo-creative.ru/" "Mozilla/5.0 (Windows NT 10.0; Win64; x64) AppleWebKit/537.36 (KHTML, like Gecko) Chrome/131.0.0.0 Safari/537.36 Avast/131.0.0.0"
167.99.124.118 - - [08/Mar/2026:20:13:00 +0800] "GET /stats/usage_202506.html HTTP/1.1" 200 110056 "https://seo-creative.ru/" "Mozilla/5.0 (Windows NT 10.0; Win64; x64) AppleWebKit/537.36 (KHTML, like Gecko) Chrome/130.0.0.0 Safari/537.36"
12.50.107.220 - - [08/Mar/2026:20:13:06 +0800] "GET /stats/usage_202506.html HTTP/1.0" 200 110056 "https://seo-creative.ru/" "Mozilla/5.0 (Windows NT 10.0; Win64; x64) AppleWebKit/537.36 (KHTML, like Gecko) Chrome/130.0.0.0 Safari/537.36"
91.201.113.132 - - [08/Mar/2026:20:16:06 +0800] "GET /stats/usage_202602.html HTTP/1.0" 200 110401 "https://dactor-otr-havalpro.ru/" "Mozilla/5.0 (Windows NT 10.0; Win64; x64) AppleWebKit/537.36 (KHTML, like Gecko) Chrome/129.0.0.0 Safari/537.36"
91.201.113.132 - - [08/Mar/2026:20:16:08 +0800] "GET /stats/usage_202602.html HTTP/1.0" 200 110401 "https://dactor-otr-havalpro.ru/" "Mozilla/5.0 (Windows NT 10.0; Win64; x64) AppleWebKit/537.36 (KHTML, like Gecko) Chrome/130.0.0.0 Safari/537.36 CCleaner/130.0.0.0"
91.201.113.132 - - [08/Mar/2026:20:16:10 +0800] "GET /stats/usage_202602.html HTTP/1.0" 200 110401 "https://dactor-otr-havalpro.ru/" "Mozilla/5.0 (Windows NT 10.0; Win64; x64) AppleWebKit/537.36 (KHTML, like Gecko) Chrome/130.0.0.0 Safari/537.36 CCleaner/130.0.0.0"
91.201.113.132 - - [08/Mar/2026:20:16:35 +0800] "GET /stats/usage_202602.html HTTP/1.0" 200 110401 "https://dactor-otr-havalpro.ru/" "Mozilla/5.0 (Windows NT 10.0; Win64; x64) AppleWebKit/537.36 (KHTML, like Gecko) Chrome/130.0.0.0 Safari/537.36 CCleaner/130.0.0.0"
91.201.113.132 - - [08/Mar/2026:20:16:37 +0800] "GET /stats/usage_202602.html HTTP/1.0" 200 110401 "https://dactor-otr-havalpro.ru/" "Mozilla/5.0 (Windows NT 10.0; Win64; x64) AppleWebKit/537.36 (KHTML, like Gecko) Chrome/130.0.0.0 Safari/537.36"
91.201.113.132 - - [08/Mar/2026:20:16:39 +0800] "GET /stats/usage_202602.html HTTP/1.0" 200 110401 "https://dactor-otr-havalpro.ru/" "Mozilla/5.0 (Windows NT 10.0; Win64; x64) AppleWebKit/537.36 (KHTML, like Gecko) Chrome/131.0.0.0 Safari/537.36"
216.244.66.250 - - [08/Mar/2026:20:20:27 +0800] "GET /robots.txt HTTP/1.1" 404 27 "-" "Mozilla/5.0 (compatible; DotBot/1.2; +https://opensiteexplorer.org/dotbot; help@moz.com)"
91.201.113.132 - - [08/Mar/2026:20:27:09 +0800] "GET /stats/usage_202602.html HTTP/1.0" 200 110401 "https://dactor-otr-havalpro.ru/" "Mozilla/5.0 (Windows NT 10.0; Win64; x64) AppleWebKit/537.36 (KHTML, like Gecko) Chrome/131.0.0.0 Safari/537.36"
91.201.113.132 - - [08/Mar/2026:20:27:11 +0800] "GET /stats/usage_202602.html HTTP/1.0" 200 110401 "https://dactor-otr-havalpro.ru/" "Mozilla/5.0 (Windows NT 10.0; Win64; x64) AppleWebKit/537.36 (KHTML, like Gecko) Chrome/129.0.0.0 Safari/537.36"
91.201.113.132 - - [08/Mar/2026:20:27:13 +0800] "GET /stats/usage_202602.html HTTP/1.0" 200 110401 "https://dactor-otr-havalpro.ru/" "Mozilla/5.0 (Windows NT 10.0; Win64; x64) AppleWebKit/537.36 (KHTML, like Gecko) Chrome/129.0.0.0 Safari/537.36"
91.201.113.132 - - [08/Mar/2026:20:27:37 +0800] "GET /stats/usage_202602.html HTTP/1.0" 200 110401 "https://dactor-otr-havalpro.ru/" "Mozilla/5.0 (Windows NT 10.0; Win64; x64) AppleWebKit/537.36 (KHTML, like Gecko) Chrome/131.0.0.0 Safari/537.36 Avast/131.0.0.0"
91.201.113.132 - - [08/Mar/2026:20:27:40 +0800] "GET /stats/usage_202602.html HTTP/1.0" 200 110401 "https://dactor-otr-havalpro.ru/" "Mozilla/5.0 (Windows NT 10.0; Win64; x64) AppleWebKit/537.36 (KHTML, like Gecko) Chrome/130.0.0.0 Safari/537.36 CCleaner/130.0.0.0"
91.201.113.132 - - [08/Mar/2026:20:27:42 +0800] "GET /stats/usage_202602.html HTTP/1.0" 200 110401 "https://dactor-otr-havalpro.ru/" "Mozilla/5.0 (Windows NT 10.0; Win64; x64) AppleWebKit/537.36 (KHTML, like Gecko) Chrome/131.0.0.0 Safari/537.36 Avast/131.0.0.0"
109.107.186.56 - - [08/Mar/2026:20:28:46 +0800] "GET http://megafortris.com.hk/stats/usage_202412.html HTTP/1.0" 400 22 "https://seo-creative.ru/" "Mozilla/5.0 (Windows NT 10.0; Win64; x64) AppleWebKit/537.36 (KHTML, like Gecko) Chrome/130.0.0.0 Safari/537.36 CCleaner/130.0.0.0"
109.107.186.56 - - [08/Mar/2026:20:29:03 +0800] "GET http://megafortris.com.hk/stats/usage_202412.html HTTP/1.0" 400 22 "https://seo-creative.ru/" "Mozilla/5.0 (Windows NT 10.0; Win64; x64) AppleWebKit/537.36 (KHTML, like Gecko) Chrome/129.0.0.0 Safari/537.36"
101.132.222.120 - - [08/Mar/2026:20:29:11 +0800] "GET /stats/usage_202412.html HTTP/1.0" 200 111016 "https://seo-creative.ru/" "Mozilla/5.0 (Windows NT 10.0; Win64; x64) AppleWebKit/537.36 (KHTML, like Gecko) Chrome/130.0.0.0 Safari/537.36"
109.107.186.56 - - [08/Mar/2026:20:30:53 +0800] "GET http://www.megafortris.com.hk/stats/usage_202506.html HTTP/1.0" 400 22 "https://seo-creative.ru/" "Mozilla/5.0 (Windows NT 10.0; Win64; x64) AppleWebKit/537.36 (KHTML, like Gecko) Chrome/129.0.0.0 Safari/537.36"
109.107.186.56 - - [08/Mar/2026:20:31:10 +0800] "GET http://www.megafortris.com.hk/stats/usage_202506.html HTTP/1.0" 400 22 "https://seo-creative.ru/" "Mozilla/5.0 (Windows NT 10.0; Win64; x64) AppleWebKit/537.36 (KHTML, like Gecko) Chrome/131.0.0.0 Safari/537.36"
31.133.32.102 - - [08/Mar/2026:20:31:19 +0800] "GET /stats/usage_202506.html HTTP/1.0" 200 110056 "https://seo-creative.ru/" "Mozilla/5.0 (Windows NT 10.0; Win64; x64) AppleWebKit/537.36 (KHTML, like Gecko) Chrome/130.0.0.0 Safari/537.36"
94.74.80.18 - - [08/Mar/2026:20:35:07 +0800] "GET /awstatsicons/other/?C=S;O=D HTTP/1.1" 200 659 "http://megafortris.com.hk/awstatsicons/other/?C=S;O=D" "Mozilla/5.0 (Macintosh; Intel Mac OS X 10_15_7) AppleWebKit/537.36 (KHTML, like Gecko) Chrome/119.0.0.0 Safari/537.36"
91.201.113.132 - - [08/Mar/2026:20:38:05 +0800] "GET /stats/usage_202602.html HTTP/1.0" 200 110401 "https://dactor-otr-havalpro.ru/" "Mozilla/5.0 (Windows NT 10.0; Win64; x64) AppleWebKit/537.36 (KHTML, like Gecko) Chrome/129.0.0.0 Safari/537.36"
91.201.113.132 - - [08/Mar/2026:20:38:07 +0800] "GET /stats/usage_202602.html HTTP/1.0" 200 110401 "https://dactor-otr-havalpro.ru/" "Mozilla/5.0 (Windows NT 10.0; Win64; x64) AppleWebKit/537.36 (KHTML, like Gecko) Chrome/129.0.0.0 Safari/537.36"
91.201.113.132 - - [08/Mar/2026:20:38:09 +0800] "GET /stats/usage_202602.html HTTP/1.0" 200 110401 "https://dactor-otr-havalpro.ru/" "Mozilla/5.0 (Windows NT 10.0; Win64; x64) AppleWebKit/537.36 (KHTML, like Gecko) Chrome/131.0.0.0 Safari/537.36 Avast/131.0.0.0"
91.201.113.132 - - [08/Mar/2026:20:38:34 +0800] "GET /stats/usage_202602.html HTTP/1.0" 200 110401 "https://dactor-otr-havalpro.ru/" "Mozilla/5.0 (Windows NT 10.0; Win64; x64) AppleWebKit/537.36 (KHTML, like Gecko) Chrome/129.0.0.0 Safari/537.36"
91.201.113.132 - - [08/Mar/2026:20:38:36 +0800] "GET /stats/usage_202602.html HTTP/1.0" 200 110401 "https://dactor-otr-havalpro.ru/" "Mozilla/5.0 (Windows NT 10.0; Win64; x64) AppleWebKit/537.36 (KHTML, like Gecko) Chrome/130.0.0.0 Safari/537.36 CCleaner/130.0.0.0"
91.201.113.132 - - [08/Mar/2026:20:38:38 +0800] "GET /stats/usage_202602.html HTTP/1.0" 200 110401 "https://dactor-otr-havalpro.ru/" "Mozilla/5.0 (Windows NT 10.0; Win64; x64) AppleWebKit/537.36 (KHTML, like Gecko) Chrome/130.0.0.0 Safari/537.36"
104.210.140.141 - - [08/Mar/2026:20:40:29 +0800] "GET /robots.txt HTTP/1.1" 404 47 "-" "Mozilla/5.0 (Macintosh; Intel Mac OS X 10_15_7) AppleWebKit/537.36 (KHTML, like Gecko) Chrome/131.0.0.0 Safari/537.36; compatible; OAI-SearchBot/1.0; +https://openai.com/searchbot"
216.244.66.250 - - [08/Mar/2026:20:41:32 +0800] "GET /awstatsicons/cpu/?C=N;O=D HTTP/1.1" 200 1557 "-" "Mozilla/5.0 (compatible; DotBot/1.2; +https://opensiteexplorer.org/dotbot; help@moz.com)"
109.107.186.56 - - [08/Mar/2026:20:46:41 +0800] "GET http://megafortris.com.hk/stats/usage_202412.html HTTP/1.0" 400 22 "https://seo-creative.ru/" "Mozilla/5.0 (Windows NT 10.0; Win64; x64) AppleWebKit/537.36 (KHTML, like Gecko) Chrome/131.0.0.0 Safari/537.36"
46.249.103.192 - - [08/Mar/2026:20:47:05 +0800] "GET /stats/usage_202412.html HTTP/1.1" 200 111016 "https://seo-creative.ru/" "Mozilla/5.0 (Windows NT 10.0; Win64; x64) AppleWebKit/537.36 (KHTML, like Gecko) Chrome/131.0.0.0 Safari/537.36"
109.107.186.56 - - [08/Mar/2026:20:48:43 +0800] "GET http://www.megafortris.com.hk/stats/usage_202506.html HTTP/1.0" 400 22 "https://seo-creative.ru/" "Mozilla/5.0 (Windows NT 10.0; Win64; x64) AppleWebKit/537.36 (KHTML, like Gecko) Chrome/129.0.0.0 Safari/537.36"
192.73.244.36 - - [08/Mar/2026:20:48:45 +0800] "GET /stats/usage_202506.html HTTP/1.1" 200 110056 "https://seo-creative.ru/" "Mozilla/5.0 (Windows NT 10.0; Win64; x64) AppleWebKit/537.36 (KHTML, like Gecko) Chrome/130.0.0.0 Safari/537.36"
167.99.236.14 - - [08/Mar/2026:20:48:56 +0800] "GET /stats/usage_202506.html HTTP/1.1" 200 110056 "https://seo-creative.ru/" "Mozilla/5.0 (Windows NT 10.0; Win64; x64) AppleWebKit/537.36 (KHTML, like Gecko) Chrome/130.0.0.0 Safari/537.36"
91.201.113.132 - - [08/Mar/2026:20:49:04 +0800] "GET /stats/usage_202602.html HTTP/1.0" 200 110401 "https://dactor-otr-havalpro.ru/" "Mozilla/5.0 (Windows NT 10.0; Win64; x64) AppleWebKit/537.36 (KHTML, like Gecko) Chrome/131.0.0.0 Safari/537.36 Avast/131.0.0.0"
91.201.113.132 - - [08/Mar/2026:20:49:06 +0800] "GET /stats/usage_202602.html HTTP/1.0" 200 110401 "https://dactor-otr-havalpro.ru/" "Mozilla/5.0 (Windows NT 10.0; Win64; x64) AppleWebKit/537.36 (KHTML, like Gecko) Chrome/129.0.0.0 Safari/537.36"
91.201.113.132 - - [08/Mar/2026:20:49:08 +0800] "GET /stats/usage_202602.html HTTP/1.0" 200 110401 "https://dactor-otr-havalpro.ru/" "Mozilla/5.0 (Windows NT 10.0; Win64; x64) AppleWebKit/537.36 (KHTML, like Gecko) Chrome/131.0.0.0 Safari/537.36 Avast/131.0.0.0"
91.201.113.132 - - [08/Mar/2026:20:49:33 +0800] "GET /stats/usage_202602.html HTTP/1.0" 200 110401 "https://dactor-otr-havalpro.ru/" "Mozilla/5.0 (Windows NT 10.0; Win64; x64) AppleWebKit/537.36 (KHTML, like Gecko) Chrome/129.0.0.0 Safari/537.36"
91.201.113.132 - - [08/Mar/2026:20:49:35 +0800] "GET /stats/usage_202602.html HTTP/1.0" 200 110401 "https://dactor-otr-havalpro.ru/" "Mozilla/5.0 (Windows NT 10.0; Win64; x64) AppleWebKit/537.36 (KHTML, like Gecko) Chrome/131.0.0.0 Safari/537.36"
91.201.113.132 - - [08/Mar/2026:20:49:37 +0800] "GET /stats/usage_202602.html HTTP/1.0" 200 110401 "https://dactor-otr-havalpro.ru/" "Mozilla/5.0 (Windows NT 10.0; Win64; x64) AppleWebKit/537.36 (KHTML, like Gecko) Chrome/130.0.0.0 Safari/537.36"
91.201.113.132 - - [08/Mar/2026:21:00:05 +0800] "GET /stats/usage_202602.html HTTP/1.0" 200 110401 "https://dactor-otr-havalpro.ru/" "Mozilla/5.0 (Windows NT 10.0; Win64; x64) AppleWebKit/537.36 (KHTML, like Gecko) Chrome/131.0.0.0 Safari/537.36"
91.201.113.132 - - [08/Mar/2026:21:00:07 +0800] "GET /stats/usage_202602.html HTTP/1.0" 200 110401 "https://dactor-otr-havalpro.ru/" "Mozilla/5.0 (Windows NT 10.0; Win64; x64) AppleWebKit/537.36 (KHTML, like Gecko) Chrome/131.0.0.0 Safari/537.36"
91.201.113.132 - - [08/Mar/2026:21:00:09 +0800] "GET /stats/usage_202602.html HTTP/1.0" 200 110401 "https://dactor-otr-havalpro.ru/" "Mozilla/5.0 (Windows NT 10.0; Win64; x64) AppleWebKit/537.36 (KHTML, like Gecko) Chrome/131.0.0.0 Safari/537.36"
91.201.113.132 - - [08/Mar/2026:21:00:34 +0800] "GET /stats/usage_202602.html HTTP/1.0" 200 110401 "https://dactor-otr-havalpro.ru/" "Mozilla/5.0 (Windows NT 10.0; Win64; x64) AppleWebKit/537.36 (KHTML, like Gecko) Chrome/129.0.0.0 Safari/537.36"
91.201.113.132 - - [08/Mar/2026:21:00:36 +0800] "GET /stats/usage_202602.html HTTP/1.0" 200 110401 "https://dactor-otr-havalpro.ru/" "Mozilla/5.0 (Windows NT 10.0; Win64; x64) AppleWebKit/537.36 (KHTML, like Gecko) Chrome/131.0.0.0 Safari/537.36 Avast/131.0.0.0"
91.201.113.132 - - [08/Mar/2026:21:00:39 +0800] "GET /stats/usage_202602.html HTTP/1.0" 200 110401 "https://dactor-otr-havalpro.ru/" "Mozilla/5.0 (Windows NT 10.0; Win64; x64) AppleWebKit/537.36 (KHTML, like Gecko) Chrome/129.0.0.0 Safari/537.36"
46.249.103.192 - - [08/Mar/2026:21:04:20 +0800] "GET /stats/usage_202412.html HTTP/1.1" 200 111016 "https://seo-creative.ru/" "Mozilla/5.0 (Windows NT 10.0; Win64; x64) AppleWebKit/537.36 (KHTML, like Gecko) Chrome/131.0.0.0 Safari/537.36 Avast/131.0.0.0"
192.73.244.36 - - [08/Mar/2026:21:04:30 +0800] "GET /stats/usage_202412.html HTTP/1.1" 200 111016 "https://seo-creative.ru/" "Mozilla/5.0 (Windows NT 10.0; Win64; x64) AppleWebKit/537.36 (KHTML, like Gecko) Chrome/129.0.0.0 Safari/537.36"
159.65.245.255 - - [08/Mar/2026:21:04:34 +0800] "GET /stats/usage_202412.html HTTP/1.1" 200 111016 "https://seo-creative.ru/" "Mozilla/5.0 (Windows NT 10.0; Win64; x64) AppleWebKit/537.36 (KHTML, like Gecko) Chrome/130.0.0.0 Safari/537.36 CCleaner/130.0.0.0"
31.133.32.102 - - [08/Mar/2026:21:06:36 +0800] "GET /stats/usage_202506.html HTTP/1.0" 200 110056 "https://seo-creative.ru/" "Mozilla/5.0 (Windows NT 10.0; Win64; x64) AppleWebKit/537.36 (KHTML, like Gecko) Chrome/130.0.0.0 Safari/537.36 CCleaner/130.0.0.0"
5.175.181.46 - - [08/Mar/2026:21:06:53 +0800] "GET / HTTP/1.1" 200 409 "http://megafortris.com.hk" "Mozilla/5.0 (compatible; MSIE 9.0; Windows NT 6.1; Trident/5.0) chromeframe/10.0.648.205"
109.107.186.56 - - [08/Mar/2026:21:06:53 +0800] "GET http://www.megafortris.com.hk/stats/usage_202506.html HTTP/1.0" 400 22 "https://seo-creative.ru/" "Mozilla/5.0 (Windows NT 10.0; Win64; x64) AppleWebKit/537.36 (KHTML, like Gecko) Chrome/131.0.0.0 Safari/537.36"
109.107.186.56 - - [08/Mar/2026:21:07:10 +0800] "GET http://www.megafortris.com.hk/stats/usage_202506.html HTTP/1.0" 400 22 "https://seo-creative.ru/" "Mozilla/5.0 (Windows NT 10.0; Win64; x64) AppleWebKit/537.36 (KHTML, like Gecko) Chrome/131.0.0.0 Safari/537.36 Avast/131.0.0.0"
91.201.113.132 - - [08/Mar/2026:21:11:04 +0800] "GET /stats/usage_202602.html HTTP/1.0" 200 110401 "https://dactor-otr-havalpro.ru/" "Mozilla/5.0 (Windows NT 10.0; Win64; x64) AppleWebKit/537.36 (KHTML, like Gecko) Chrome/129.0.0.0 Safari/537.36"
91.201.113.132 - - [08/Mar/2026:21:11:06 +0800] "GET /stats/usage_202602.html HTTP/1.0" 200 110401 "https://dactor-otr-havalpro.ru/" "Mozilla/5.0 (Windows NT 10.0; Win64; x64) AppleWebKit/537.36 (KHTML, like Gecko) Chrome/131.0.0.0 Safari/537.36"
91.201.113.132 - - [08/Mar/2026:21:11:08 +0800] "GET /stats/usage_202602.html HTTP/1.0" 200 110401 "https://dactor-otr-havalpro.ru/" "Mozilla/5.0 (Windows NT 10.0; Win64; x64) AppleWebKit/537.36 (KHTML, like Gecko) Chrome/131.0.0.0 Safari/537.36"
91.201.113.132 - - [08/Mar/2026:21:11:32 +0800] "GET /stats/usage_202602.html HTTP/1.0" 200 110401 "https://dactor-otr-havalpro.ru/" "Mozilla/5.0 (Windows NT 10.0; Win64; x64) AppleWebKit/537.36 (KHTML, like Gecko) Chrome/131.0.0.0 Safari/537.36 Avast/131.0.0.0"
91.201.113.132 - - [08/Mar/2026:21:11:34 +0800] "GET /stats/usage_202602.html HTTP/1.0" 200 110401 "https://dactor-otr-havalpro.ru/" "Mozilla/5.0 (Windows NT 10.0; Win64; x64) AppleWebKit/537.36 (KHTML, like Gecko) Chrome/131.0.0.0 Safari/537.36"
91.201.113.132 - - [08/Mar/2026:21:11:36 +0800] "GET /stats/usage_202602.html HTTP/1.0" 200 110401 "https://dactor-otr-havalpro.ru/" "Mozilla/5.0 (Windows NT 10.0; Win64; x64) AppleWebKit/537.36 (KHTML, like Gecko) Chrome/131.0.0.0 Safari/537.36 Avast/131.0.0.0"
91.201.113.132 - - [08/Mar/2026:21:21:59 +0800] "GET /stats/usage_202602.html HTTP/1.0" 200 110401 "https://dactor-otr-havalpro.ru/" "Mozilla/5.0 (Windows NT 10.0; Win64; x64) AppleWebKit/537.36 (KHTML, like Gecko) Chrome/131.0.0.0 Safari/537.36"
91.201.113.132 - - [08/Mar/2026:21:22:01 +0800] "GET /stats/usage_202602.html HTTP/1.0" 200 110401 "https://dactor-otr-havalpro.ru/" "Mozilla/5.0 (Windows NT 10.0; Win64; x64) AppleWebKit/537.36 (KHTML, like Gecko) Chrome/130.0.0.0 Safari/537.36"
91.201.113.132 - - [08/Mar/2026:21:22:03 +0800] "GET /stats/usage_202602.html HTTP/1.0" 200 110401 "https://dactor-otr-havalpro.ru/" "Mozilla/5.0 (Windows NT 10.0; Win64; x64) AppleWebKit/537.36 (KHTML, like Gecko) Chrome/131.0.0.0 Safari/537.36 Avast/131.0.0.0"
91.201.113.132 - - [08/Mar/2026:21:22:28 +0800] "GET /stats/usage_202602.html HTTP/1.0" 200 110401 "https://dactor-otr-havalpro.ru/" "Mozilla/5.0 (Windows NT 10.0; Win64; x64) AppleWebKit/537.36 (KHTML, like Gecko) Chrome/131.0.0.0 Safari/537.36"
91.201.113.132 - - [08/Mar/2026:21:22:30 +0800] "GET /stats/usage_202602.html HTTP/1.0" 200 110401 "https://dactor-otr-havalpro.ru/" "Mozilla/5.0 (Windows NT 10.0; Win64; x64) AppleWebKit/537.36 (KHTML, like Gecko) Chrome/131.0.0.0 Safari/537.36 Avast/131.0.0.0"
91.201.113.132 - - [08/Mar/2026:21:22:32 +0800] "GET /stats/usage_202602.html HTTP/1.0" 200 110401 "https://dactor-otr-havalpro.ru/" "Mozilla/5.0 (Windows NT 10.0; Win64; x64) AppleWebKit/537.36 (KHTML, like Gecko) Chrome/129.0.0.0 Safari/537.36"
23.247.136.254 - - [08/Mar/2026:21:23:06 +0800] "GET /stats/usage_202412.html HTTP/1.0" 200 111016 "https://seo-creative.ru/" "Mozilla/5.0 (Windows NT 10.0; Win64; x64) AppleWebKit/537.36 (KHTML, like Gecko) Chrome/129.0.0.0 Safari/537.36"
159.65.245.255 - - [08/Mar/2026:21:23:13 +0800] "GET /stats/usage_202412.html HTTP/1.1" 200 111016 "https://seo-creative.ru/" "Mozilla/5.0 (Windows NT 10.0; Win64; x64) AppleWebKit/537.36 (KHTML, like Gecko) Chrome/129.0.0.0 Safari/537.36"
12.50.107.220 - - [08/Mar/2026:21:23:21 +0800] "GET /stats/usage_202412.html HTTP/1.0" 200 111016 "https://seo-creative.ru/" "Mozilla/5.0 (Windows NT 10.0; Win64; x64) AppleWebKit/537.36 (KHTML, like Gecko) Chrome/131.0.0.0 Safari/537.36 Avast/131.0.0.0"
109.107.186.56 - - [08/Mar/2026:21:25:17 +0800] "GET http://www.megafortris.com.hk/stats/usage_202506.html HTTP/1.0" 400 22 "https://seo-creative.ru/" "Mozilla/5.0 (Windows NT 10.0; Win64; x64) AppleWebKit/537.36 (KHTML, like Gecko) Chrome/129.0.0.0 Safari/537.36"
109.107.186.56 - - [08/Mar/2026:21:25:34 +0800] "GET http://www.megafortris.com.hk/stats/usage_202506.html HTTP/1.0" 400 22 "https://seo-creative.ru/" "Mozilla/5.0 (Windows NT 10.0; Win64; x64) AppleWebKit/537.36 (KHTML, like Gecko) Chrome/130.0.0.0 Safari/537.36 CCleaner/130.0.0.0"
109.107.186.56 - - [08/Mar/2026:21:25:51 +0800] "GET http://www.megafortris.com.hk/stats/usage_202506.html HTTP/1.0" 400 22 "https://seo-creative.ru/" "Mozilla/5.0 (Windows NT 10.0; Win64; x64) AppleWebKit/537.36 (KHTML, like Gecko) Chrome/130.0.0.0 Safari/537.36"
91.201.113.132 - - [08/Mar/2026:21:32:58 +0800] "GET /stats/usage_202602.html HTTP/1.0" 200 110401 "https://dactor-otr-havalpro.ru/" "Mozilla/5.0 (Windows NT 10.0; Win64; x64) AppleWebKit/537.36 (KHTML, like Gecko) Chrome/131.0.0.0 Safari/537.36"
91.201.113.132 - - [08/Mar/2026:21:33:00 +0800] "GET /stats/usage_202602.html HTTP/1.0" 200 110401 "https://dactor-otr-havalpro.ru/" "Mozilla/5.0 (Windows NT 10.0; Win64; x64) AppleWebKit/537.36 (KHTML, like Gecko) Chrome/130.0.0.0 Safari/537.36 CCleaner/130.0.0.0"
91.201.113.132 - - [08/Mar/2026:21:33:02 +0800] "GET /stats/usage_202602.html HTTP/1.0" 200 110401 "https://dactor-otr-havalpro.ru/" "Mozilla/5.0 (Windows NT 10.0; Win64; x64) AppleWebKit/537.36 (KHTML, like Gecko) Chrome/129.0.0.0 Safari/537.36"
91.201.113.132 - - [08/Mar/2026:21:33:27 +0800] "GET /stats/usage_202602.html HTTP/1.0" 200 110401 "https://dactor-otr-havalpro.ru/" "Mozilla/5.0 (Windows NT 10.0; Win64; x64) AppleWebKit/537.36 (KHTML, like Gecko) Chrome/130.0.0.0 Safari/537.36"
91.201.113.132 - - [08/Mar/2026:21:33:29 +0800] "GET /stats/usage_202602.html HTTP/1.0" 200 110401 "https://dactor-otr-havalpro.ru/" "Mozilla/5.0 (Windows NT 10.0; Win64; x64) AppleWebKit/537.36 (KHTML, like Gecko) Chrome/130.0.0.0 Safari/537.36"
91.201.113.132 - - [08/Mar/2026:21:33:31 +0800] "GET /stats/usage_202602.html HTTP/1.0" 200 110401 "https://dactor-otr-havalpro.ru/" "Mozilla/5.0 (Windows NT 10.0; Win64; x64) AppleWebKit/537.36 (KHTML, like Gecko) Chrome/130.0.0.0 Safari/537.36 CCleaner/130.0.0.0"
109.107.186.56 - - [08/Mar/2026:21:40:58 +0800] "GET http://megafortris.com.hk/stats/usage_202412.html HTTP/1.0" 400 22 "https://seo-creative.ru/" "Mozilla/5.0 (Windows NT 10.0; Win64; x64) AppleWebKit/537.36 (KHTML, like Gecko) Chrome/129.0.0.0 Safari/537.36"
35.209.198.222 - - [08/Mar/2026:21:41:04 +0800] "GET /stats/usage_202412.html HTTP/1.1" 200 111016 "https://seo-creative.ru/" "Mozilla/5.0 (Windows NT 10.0; Win64; x64) AppleWebKit/537.36 (KHTML, like Gecko) Chrome/130.0.0.0 Safari/537.36"
109.107.186.56 - - [08/Mar/2026:21:41:18 +0800] "GET http://megafortris.com.hk/stats/usage_202412.html HTTP/1.0" 400 22 "https://seo-creative.ru/" "Mozilla/5.0 (Windows NT 10.0; Win64; x64) AppleWebKit/537.36 (KHTML, like Gecko) Chrome/130.0.0.0 Safari/537.36"
109.107.186.56 - - [08/Mar/2026:21:43:08 +0800] "GET http://www.megafortris.com.hk/stats/usage_202506.html HTTP/1.0" 400 22 "https://seo-creative.ru/" "Mozilla/5.0 (Windows NT 10.0; Win64; x64) AppleWebKit/537.36 (KHTML, like Gecko) Chrome/130.0.0.0 Safari/537.36 CCleaner/130.0.0.0"
192.73.244.36 - - [08/Mar/2026:21:43:20 +0800] "GET /stats/usage_202506.html HTTP/1.1" 200 110056 "https://seo-creative.ru/" "Mozilla/5.0 (Windows NT 10.0; Win64; x64) AppleWebKit/537.36 (KHTML, like Gecko) Chrome/131.0.0.0 Safari/537.36"
109.107.186.56 - - [08/Mar/2026:21:43:38 +0800] "GET http://www.megafortris.com.hk/stats/usage_202506.html HTTP/1.0" 400 22 "https://seo-creative.ru/" "Mozilla/5.0 (Windows NT 10.0; Win64; x64) AppleWebKit/537.36 (KHTML, like Gecko) Chrome/130.0.0.0 Safari/537.36"
91.201.113.132 - - [08/Mar/2026:21:43:54 +0800] "GET /stats/usage_202602.html HTTP/1.0" 200 110401 "https://dactor-otr-havalpro.ru/" "Mozilla/5.0 (Windows NT 10.0; Win64; x64) AppleWebKit/537.36 (KHTML, like Gecko) Chrome/131.0.0.0 Safari/537.36 Avast/131.0.0.0"
91.201.113.132 - - [08/Mar/2026:21:43:56 +0800] "GET /stats/usage_202602.html HTTP/1.0" 200 110401 "https://dactor-otr-havalpro.ru/" "Mozilla/5.0 (Windows NT 10.0; Win64; x64) AppleWebKit/537.36 (KHTML, like Gecko) Chrome/130.0.0.0 Safari/537.36"
91.201.113.132 - - [08/Mar/2026:21:43:59 +0800] "GET /stats/usage_202602.html HTTP/1.0" 200 110401 "https://dactor-otr-havalpro.ru/" "Mozilla/5.0 (Windows NT 10.0; Win64; x64) AppleWebKit/537.36 (KHTML, like Gecko) Chrome/130.0.0.0 Safari/537.36"
91.201.113.132 - - [08/Mar/2026:21:44:23 +0800] "GET /stats/usage_202602.html HTTP/1.0" 200 110401 "https://dactor-otr-havalpro.ru/" "Mozilla/5.0 (Windows NT 10.0; Win64; x64) AppleWebKit/537.36 (KHTML, like Gecko) Chrome/131.0.0.0 Safari/537.36 Avast/131.0.0.0"
91.201.113.132 - - [08/Mar/2026:21:44:25 +0800] "GET /stats/usage_202602.html HTTP/1.0" 200 110401 "https://dactor-otr-havalpro.ru/" "Mozilla/5.0 (Windows NT 10.0; Win64; x64) AppleWebKit/537.36 (KHTML, like Gecko) Chrome/131.0.0.0 Safari/537.36 Avast/131.0.0.0"
91.201.113.132 - - [08/Mar/2026:21:44:27 +0800] "GET /stats/usage_202602.html HTTP/1.0" 200 110401 "https://dactor-otr-havalpro.ru/" "Mozilla/5.0 (Windows NT 10.0; Win64; x64) AppleWebKit/537.36 (KHTML, like Gecko) Chrome/130.0.0.0 Safari/537.36"
91.201.113.132 - - [08/Mar/2026:21:54:58 +0800] "GET /stats/usage_202602.html HTTP/1.0" 200 110401 "https://dactor-otr-havalpro.ru/" "Mozilla/5.0 (Windows NT 10.0; Win64; x64) AppleWebKit/537.36 (KHTML, like Gecko) Chrome/130.0.0.0 Safari/537.36 CCleaner/130.0.0.0"
91.201.113.132 - - [08/Mar/2026:21:55:00 +0800] "GET /stats/usage_202602.html HTTP/1.0" 200 110401 "https://dactor-otr-havalpro.ru/" "Mozilla/5.0 (Windows NT 10.0; Win64; x64) AppleWebKit/537.36 (KHTML, like Gecko) Chrome/130.0.0.0 Safari/537.36"
91.201.113.132 - - [08/Mar/2026:21:55:02 +0800] "GET /stats/usage_202602.html HTTP/1.0" 200 110401 "https://dactor-otr-havalpro.ru/" "Mozilla/5.0 (Windows NT 10.0; Win64; x64) AppleWebKit/537.36 (KHTML, like Gecko) Chrome/130.0.0.0 Safari/537.36 CCleaner/130.0.0.0"
91.201.113.132 - - [08/Mar/2026:21:55:26 +0800] "GET /stats/usage_202602.html HTTP/1.0" 200 110401 "https://dactor-otr-havalpro.ru/" "Mozilla/5.0 (Windows NT 10.0; Win64; x64) AppleWebKit/537.36 (KHTML, like Gecko) Chrome/129.0.0.0 Safari/537.36"
91.201.113.132 - - [08/Mar/2026:21:55:28 +0800] "GET /stats/usage_202602.html HTTP/1.0" 200 110401 "https://dactor-otr-havalpro.ru/" "Mozilla/5.0 (Windows NT 10.0; Win64; x64) AppleWebKit/537.36 (KHTML, like Gecko) Chrome/131.0.0.0 Safari/537.36 Avast/131.0.0.0"
91.201.113.132 - - [08/Mar/2026:21:55:30 +0800] "GET /stats/usage_202602.html HTTP/1.0" 200 110401 "https://dactor-otr-havalpro.ru/" "Mozilla/5.0 (Windows NT 10.0; Win64; x64) AppleWebKit/537.36 (KHTML, like Gecko) Chrome/130.0.0.0 Safari/537.36 CCleaner/130.0.0.0"
109.107.186.56 - - [08/Mar/2026:21:59:13 +0800] "GET http://megafortris.com.hk/stats/usage_202412.html HTTP/1.0" 400 22 "https://seo-creative.ru/" "Mozilla/5.0 (Windows NT 10.0; Win64; x64) AppleWebKit/537.36 (KHTML, like Gecko) Chrome/130.0.0.0 Safari/537.36 CCleaner/130.0.0.0"
12.50.107.220 - - [08/Mar/2026:21:59:19 +0800] "GET /stats/usage_202412.html HTTP/1.0" 200 111016 "https://seo-creative.ru/" "Mozilla/5.0 (Windows NT 10.0; Win64; x64) AppleWebKit/537.36 (KHTML, like Gecko) Chrome/131.0.0.0 Safari/537.36"
109.107.186.56 - - [08/Mar/2026:21:59:37 +0800] "GET http://megafortris.com.hk/stats/usage_202412.html HTTP/1.0" 400 22 "https://seo-creative.ru/" "Mozilla/5.0 (Windows NT 10.0; Win64; x64) AppleWebKit/537.36 (KHTML, like Gecko) Chrome/131.0.0.0 Safari/537.36"
188.132.141.249 - - [08/Mar/2026:22:01:08 +0800] "GET /stats/usage_202506.html HTTP/1.1" 200 110056 "https://seo-creative.ru/" "Mozilla/5.0 (Windows NT 10.0; Win64; x64) AppleWebKit/537.36 (KHTML, like Gecko) Chrome/130.0.0.0 Safari/537.36 CCleaner/130.0.0.0"
12.50.107.220 - - [08/Mar/2026:22:01:12 +0800] "GET /stats/usage_202506.html HTTP/1.0" 200 110056 "https://seo-creative.ru/" "Mozilla/5.0 (Windows NT 10.0; Win64; x64) AppleWebKit/537.36 (KHTML, like Gecko) Chrome/130.0.0.0 Safari/537.36"
109.107.186.56 - - [08/Mar/2026:22:01:30 +0800] "GET http://www.megafortris.com.hk/stats/usage_202506.html HTTP/1.0" 400 22 "https://seo-creative.ru/" "Mozilla/5.0 (Windows NT 10.0; Win64; x64) AppleWebKit/537.36 (KHTML, like Gecko) Chrome/131.0.0.0 Safari/537.36 Avast/131.0.0.0"
91.201.113.132 - - [08/Mar/2026:22:05:57 +0800] "GET /stats/usage_202602.html HTTP/1.0" 200 110401 "https://dactor-otr-havalpro.ru/" "Mozilla/5.0 (Windows NT 10.0; Win64; x64) AppleWebKit/537.36 (KHTML, like Gecko) Chrome/130.0.0.0 Safari/537.36"
91.201.113.132 - - [08/Mar/2026:22:06:00 +0800] "GET /stats/usage_202602.html HTTP/1.0" 200 110401 "https://dactor-otr-havalpro.ru/" "Mozilla/5.0 (Windows NT 10.0; Win64; x64) AppleWebKit/537.36 (KHTML, like Gecko) Chrome/131.0.0.0 Safari/537.36"
91.201.113.132 - - [08/Mar/2026:22:06:02 +0800] "GET /stats/usage_202602.html HTTP/1.0" 200 110401 "https://dactor-otr-havalpro.ru/" "Mozilla/5.0 (Windows NT 10.0; Win64; x64) AppleWebKit/537.36 (KHTML, like Gecko) Chrome/130.0.0.0 Safari/537.36 CCleaner/130.0.0.0"
91.201.113.132 - - [08/Mar/2026:22:06:26 +0800] "GET /stats/usage_202602.html HTTP/1.0" 200 110401 "https://dactor-otr-havalpro.ru/" "Mozilla/5.0 (Windows NT 10.0; Win64; x64) AppleWebKit/537.36 (KHTML, like Gecko) Chrome/129.0.0.0 Safari/537.36"
91.201.113.132 - - [08/Mar/2026:22:06:28 +0800] "GET /stats/usage_202602.html HTTP/1.0" 200 110401 "https://dactor-otr-havalpro.ru/" "Mozilla/5.0 (Windows NT 10.0; Win64; x64) AppleWebKit/537.36 (KHTML, like Gecko) Chrome/129.0.0.0 Safari/537.36"
91.201.113.132 - - [08/Mar/2026:22:06:30 +0800] "GET /stats/usage_202602.html HTTP/1.0" 200 110401 "https://dactor-otr-havalpro.ru/" "Mozilla/5.0 (Windows NT 10.0; Win64; x64) AppleWebKit/537.36 (KHTML, like Gecko) Chrome/130.0.0.0 Safari/537.36 CCleaner/130.0.0.0"
91.201.113.132 - - [08/Mar/2026:22:17:22 +0800] "GET /stats/usage_202602.html HTTP/1.0" 200 110401 "https://dactor-otr-havalpro.ru/" "Mozilla/5.0 (Windows NT 10.0; Win64; x64) AppleWebKit/537.36 (KHTML, like Gecko) Chrome/131.0.0.0 Safari/537.36"
91.201.113.132 - - [08/Mar/2026:22:17:24 +0800] "GET /stats/usage_202602.html HTTP/1.0" 200 110401 "https://dactor-otr-havalpro.ru/" "Mozilla/5.0 (Windows NT 10.0; Win64; x64) AppleWebKit/537.36 (KHTML, like Gecko) Chrome/129.0.0.0 Safari/537.36"
91.201.113.132 - - [08/Mar/2026:22:17:26 +0800] "GET /stats/usage_202602.html HTTP/1.0" 200 110401 "https://dactor-otr-havalpro.ru/" "Mozilla/5.0 (Windows NT 10.0; Win64; x64) AppleWebKit/537.36 (KHTML, like Gecko) Chrome/131.0.0.0 Safari/537.36"
192.73.244.36 - - [08/Mar/2026:22:17:33 +0800] "GET /stats/usage_202412.html HTTP/1.1" 200 111016 "https://seo-creative.ru/" "Mozilla/5.0 (Windows NT 10.0; Win64; x64) AppleWebKit/537.36 (KHTML, like Gecko) Chrome/129.0.0.0 Safari/537.36"
94.74.82.145 - - [08/Mar/2026:22:17:37 +0800] "GET /Maildir/tmp/?C=M;O=D HTTP/1.1" 200 291 "http://www.megafortris.com.hk/Maildir/tmp/?C=M;O=D" "Mozilla/5.0 (Macintosh; Intel Mac OS X 10_15_7) AppleWebKit/537.36 (KHTML, like Gecko) Chrome/119.0.0.0 Safari/537.36"
91.201.113.132 - - [08/Mar/2026:22:17:49 +0800] "GET /stats/usage_202602.html HTTP/1.0" 200 110401 "https://dactor-otr-havalpro.ru/" "Mozilla/5.0 (Windows NT 10.0; Win64; x64) AppleWebKit/537.36 (KHTML, like Gecko) Chrome/130.0.0.0 Safari/537.36 CCleaner/130.0.0.0"
91.201.113.132 - - [08/Mar/2026:22:17:52 +0800] "GET /stats/usage_202602.html HTTP/1.0" 200 110401 "https://dactor-otr-havalpro.ru/" "Mozilla/5.0 (Windows NT 10.0; Win64; x64) AppleWebKit/537.36 (KHTML, like Gecko) Chrome/131.0.0.0 Safari/537.36"
91.201.113.132 - - [08/Mar/2026:22:17:54 +0800] "GET /stats/usage_202602.html HTTP/1.0" 200 110401 "https://dactor-otr-havalpro.ru/" "Mozilla/5.0 (Windows NT 10.0; Win64; x64) AppleWebKit/537.36 (KHTML, like Gecko) Chrome/131.0.0.0 Safari/537.36 Avast/131.0.0.0"
12.50.107.220 - - [08/Mar/2026:22:18:11 +0800] "GET /stats/usage_202412.html HTTP/1.0" 200 111016 "https://seo-creative.ru/" "Mozilla/5.0 (Windows NT 10.0; Win64; x64) AppleWebKit/537.36 (KHTML, like Gecko) Chrome/131.0.0.0 Safari/537.36 Avast/131.0.0.0"
162.240.18.101 - - [08/Mar/2026:22:19:40 +0800] "GET /stats/usage_202506.html HTTP/1.1" 200 110056 "https://seo-creative.ru/" "Mozilla/5.0 (Windows NT 10.0; Win64; x64) AppleWebKit/537.36 (KHTML, like Gecko) Chrome/131.0.0.0 Safari/537.36 Avast/131.0.0.0"
34.46.30.137 - - [08/Mar/2026:22:19:43 +0800] "GET /stats/usage_202506.html HTTP/1.0" 200 110056 "https://seo-creative.ru/" "Mozilla/5.0 (Windows NT 10.0; Win64; x64) AppleWebKit/537.36 (KHTML, like Gecko) Chrome/131.0.0.0 Safari/537.36"
192.73.244.36 - - [08/Mar/2026:22:19:51 +0800] "GET /stats/usage_202506.html HTTP/1.1" 200 110056 "https://seo-creative.ru/" "Mozilla/5.0 (Windows NT 10.0; Win64; x64) AppleWebKit/537.36 (KHTML, like Gecko) Chrome/129.0.0.0 Safari/537.36"
91.201.113.132 - - [08/Mar/2026:22:28:21 +0800] "GET /stats/usage_202602.html HTTP/1.0" 200 110401 "https://dactor-otr-havalpro.ru/" "Mozilla/5.0 (Windows NT 10.0; Win64; x64) AppleWebKit/537.36 (KHTML, like Gecko) Chrome/129.0.0.0 Safari/537.36"
91.201.113.132 - - [08/Mar/2026:22:28:23 +0800] "GET /stats/usage_202602.html HTTP/1.0" 200 110401 "https://dactor-otr-havalpro.ru/" "Mozilla/5.0 (Windows NT 10.0; Win64; x64) AppleWebKit/537.36 (KHTML, like Gecko) Chrome/129.0.0.0 Safari/537.36"
91.201.113.132 - - [08/Mar/2026:22:28:25 +0800] "GET /stats/usage_202602.html HTTP/1.0" 200 110401 "https://dactor-otr-havalpro.ru/" "Mozilla/5.0 (Windows NT 10.0; Win64; x64) AppleWebKit/537.36 (KHTML, like Gecko) Chrome/130.0.0.0 Safari/537.36 CCleaner/130.0.0.0"
91.201.113.132 - - [08/Mar/2026:22:28:49 +0800] "GET /stats/usage_202602.html HTTP/1.0" 200 110401 "https://dactor-otr-havalpro.ru/" "Mozilla/5.0 (Windows NT 10.0; Win64; x64) AppleWebKit/537.36 (KHTML, like Gecko) Chrome/131.0.0.0 Safari/537.36"
91.201.113.132 - - [08/Mar/2026:22:28:51 +0800] "GET /stats/usage_202602.html HTTP/1.0" 200 110401 "https://dactor-otr-havalpro.ru/" "Mozilla/5.0 (Windows NT 10.0; Win64; x64) AppleWebKit/537.36 (KHTML, like Gecko) Chrome/131.0.0.0 Safari/537.36"
91.201.113.132 - - [08/Mar/2026:22:28:54 +0800] "GET /stats/usage_202602.html HTTP/1.0" 200 110401 "https://dactor-otr-havalpro.ru/" "Mozilla/5.0 (Windows NT 10.0; Win64; x64) AppleWebKit/537.36 (KHTML, like Gecko) Chrome/131.0.0.0 Safari/537.36 Avast/131.0.0.0"
43.173.176.64 - - [08/Mar/2026:22:31:55 +0800] "GET /awstats-icon/?C=N;O=D HTTP/1.1" 200 390 "-" "Mozilla/5.0 (Windows NT 10.0; Win64; x64) AppleWebKit/537.36 (KHTML, like Gecko) Chrome/107.0.0.0 Safari/537.36"
109.107.186.56 - - [08/Mar/2026:22:35:40 +0800] "GET http://megafortris.com.hk/stats/usage_202412.html HTTP/1.0" 400 22 "https://seo-creative.ru/" "Mozilla/5.0 (Windows NT 10.0; Win64; x64) AppleWebKit/537.36 (KHTML, like Gecko) Chrome/131.0.0.0 Safari/537.36"
109.107.186.56 - - [08/Mar/2026:22:35:57 +0800] "GET http://megafortris.com.hk/stats/usage_202412.html HTTP/1.0" 400 22 "https://seo-creative.ru/" "Mozilla/5.0 (Windows NT 10.0; Win64; x64) AppleWebKit/537.36 (KHTML, like Gecko) Chrome/130.0.0.0 Safari/537.36 CCleaner/130.0.0.0"
31.133.32.102 - - [08/Mar/2026:22:36:05 +0800] "GET /stats/usage_202412.html HTTP/1.0" 200 111016 "https://seo-creative.ru/" "Mozilla/5.0 (Windows NT 10.0; Win64; x64) AppleWebKit/537.36 (KHTML, like Gecko) Chrome/129.0.0.0 Safari/537.36"
34.46.30.137 - - [08/Mar/2026:22:37:38 +0800] "GET /stats/usage_202506.html HTTP/1.0" 200 110056 "https://seo-creative.ru/" "Mozilla/5.0 (Windows NT 10.0; Win64; x64) AppleWebKit/537.36 (KHTML, like Gecko) Chrome/129.0.0.0 Safari/537.36"
49.245.63.150 - - [08/Mar/2026:22:38:36 +0800] "GET http://www.megafortris.com.hk/stats/usage_202506.html HTTP/1.0" 400 22 "https://seo-creative.ru/" "Mozilla/5.0 (Windows NT 10.0; Win64; x64) AppleWebKit/537.36 (KHTML, like Gecko) Chrome/131.0.0.0 Safari/537.36"
77.242.177.57 - - [08/Mar/2026:22:38:44 +0800] "GET /stats/usage_202506.html HTTP/1.1" 200 110056 "https://seo-creative.ru/" "Mozilla/5.0 (Windows NT 10.0; Win64; x64) AppleWebKit/537.36 (KHTML, like Gecko) Chrome/129.0.0.0 Safari/537.36"
91.201.113.132 - - [08/Mar/2026:22:39:20 +0800] "GET /stats/usage_202602.html HTTP/1.0" 200 110401 "https://dactor-otr-havalpro.ru/" "Mozilla/5.0 (Windows NT 10.0; Win64; x64) AppleWebKit/537.36 (KHTML, like Gecko) Chrome/131.0.0.0 Safari/537.36"
91.201.113.132 - - [08/Mar/2026:22:39:22 +0800] "GET /stats/usage_202602.html HTTP/1.0" 200 110401 "https://dactor-otr-havalpro.ru/" "Mozilla/5.0 (Windows NT 10.0; Win64; x64) AppleWebKit/537.36 (KHTML, like Gecko) Chrome/130.0.0.0 Safari/537.36"
91.201.113.132 - - [08/Mar/2026:22:39:25 +0800] "GET /stats/usage_202602.html HTTP/1.0" 200 110401 "https://dactor-otr-havalpro.ru/" "Mozilla/5.0 (Windows NT 10.0; Win64; x64) AppleWebKit/537.36 (KHTML, like Gecko) Chrome/129.0.0.0 Safari/537.36"
91.201.113.132 - - [08/Mar/2026:22:39:49 +0800] "GET /stats/usage_202602.html HTTP/1.0" 200 110401 "https://dactor-otr-havalpro.ru/" "Mozilla/5.0 (Windows NT 10.0; Win64; x64) AppleWebKit/537.36 (KHTML, like Gecko) Chrome/130.0.0.0 Safari/537.36 CCleaner/130.0.0.0"
91.201.113.132 - - [08/Mar/2026:22:39:51 +0800] "GET /stats/usage_202602.html HTTP/1.0" 200 110401 "https://dactor-otr-havalpro.ru/" "Mozilla/5.0 (Windows NT 10.0; Win64; x64) AppleWebKit/537.36 (KHTML, like Gecko) Chrome/131.0.0.0 Safari/537.36"
91.201.113.132 - - [08/Mar/2026:22:39:53 +0800] "GET /stats/usage_202602.html HTTP/1.0" 200 110401 "https://dactor-otr-havalpro.ru/" "Mozilla/5.0 (Windows NT 10.0; Win64; x64) AppleWebKit/537.36 (KHTML, like Gecko) Chrome/130.0.0.0 Safari/537.36"
91.201.113.132 - - [08/Mar/2026:22:50:23 +0800] "GET /stats/usage_202602.html HTTP/1.0" 200 110401 "https://dactor-otr-havalpro.ru/" "Mozilla/5.0 (Windows NT 10.0; Win64; x64) AppleWebKit/537.36 (KHTML, like Gecko) Chrome/131.0.0.0 Safari/537.36 Avast/131.0.0.0"
91.201.113.132 - - [08/Mar/2026:22:50:25 +0800] "GET /stats/usage_202602.html HTTP/1.0" 200 110401 "https://dactor-otr-havalpro.ru/" "Mozilla/5.0 (Windows NT 10.0; Win64; x64) AppleWebKit/537.36 (KHTML, like Gecko) Chrome/129.0.0.0 Safari/537.36"
91.201.113.132 - - [08/Mar/2026:22:50:27 +0800] "GET /stats/usage_202602.html HTTP/1.0" 200 110401 "https://dactor-otr-havalpro.ru/" "Mozilla/5.0 (Windows NT 10.0; Win64; x64) AppleWebKit/537.36 (KHTML, like Gecko) Chrome/130.0.0.0 Safari/537.36 CCleaner/130.0.0.0"
91.201.113.132 - - [08/Mar/2026:22:50:51 +0800] "GET /stats/usage_202602.html HTTP/1.0" 200 110401 "https://dactor-otr-havalpro.ru/" "Mozilla/5.0 (Windows NT 10.0; Win64; x64) AppleWebKit/537.36 (KHTML, like Gecko) Chrome/131.0.0.0 Safari/537.36"
