44.217.255.167 - - [08/Mar/2026:05:53:14 +0800] "GET /icon/ HTTP/1.1" 200 387 "-" "Mozilla/5.0 AppleWebKit/537.36 (KHTML, like Gecko; compatible; Amazonbot/0.1; +https://developer.amazon.com/support/amazonbot) Chrome/119.0.6045.214 Safari/537.36"
91.201.113.132 - - [08/Mar/2026:05:55:22 +0800] "GET /stats/usage_202602.html HTTP/1.0" 200 110401 "https://dactor-otr-havalpro.ru/" "Mozilla/5.0 (Windows NT 10.0; Win64; x64) AppleWebKit/537.36 (KHTML, like Gecko) Chrome/130.0.0.0 Safari/537.36"
91.201.113.132 - - [08/Mar/2026:05:55:24 +0800] "GET /stats/usage_202602.html HTTP/1.0" 200 110401 "https://dactor-otr-havalpro.ru/" "Mozilla/5.0 (Windows NT 10.0; Win64; x64) AppleWebKit/537.36 (KHTML, like Gecko) Chrome/131.0.0.0 Safari/537.36 Avast/131.0.0.0"
91.201.113.132 - - [08/Mar/2026:05:55:26 +0800] "GET /stats/usage_202602.html HTTP/1.0" 200 110401 "https://dactor-otr-havalpro.ru/" "Mozilla/5.0 (Windows NT 10.0; Win64; x64) AppleWebKit/537.36 (KHTML, like Gecko) Chrome/129.0.0.0 Safari/537.36"
91.201.113.132 - - [08/Mar/2026:05:55:51 +0800] "GET /stats/usage_202602.html HTTP/1.0" 200 110401 "https://dactor-otr-havalpro.ru/" "Mozilla/5.0 (Windows NT 10.0; Win64; x64) AppleWebKit/537.36 (KHTML, like Gecko) Chrome/130.0.0.0 Safari/537.36"
91.201.113.132 - - [08/Mar/2026:05:55:53 +0800] "GET /stats/usage_202602.html HTTP/1.0" 200 110401 "https://dactor-otr-havalpro.ru/" "Mozilla/5.0 (Windows NT 10.0; Win64; x64) AppleWebKit/537.36 (KHTML, like Gecko) Chrome/130.0.0.0 Safari/537.36"
91.201.113.132 - - [08/Mar/2026:05:55:55 +0800] "GET /stats/usage_202602.html HTTP/1.0" 200 110401 "https://dactor-otr-havalpro.ru/" "Mozilla/5.0 (Windows NT 10.0; Win64; x64) AppleWebKit/537.36 (KHTML, like Gecko) Chrome/131.0.0.0 Safari/537.36"
17.241.219.236 - - [08/Mar/2026:05:59:31 +0800] "GET /awstatsicons/flags/nn.png HTTP/1.1" 200 243 "-" "Mozilla/5.0 (Macintosh; Intel Mac OS X 10_15_7) AppleWebKit/605.1.15 (KHTML, like Gecko) Version/17.4 Safari/605.1.15 (Applebot/0.1; +http://www.apple.com/go/applebot)"
43.173.180.135 - - [08/Mar/2026:06:02:33 +0800] "GET /icon/other/?C=M;O=A HTTP/1.1" 200 670 "-" "Mozilla/5.0 (Windows NT 10.0; Win64; x64) AppleWebKit/537.36 (KHTML, like Gecko) Chrome/110.0.0.0 Safari/537.36"
43.173.174.44 - - [08/Mar/2026:06:02:34 +0800] "GET /awstats-icon/mime/?C=M;O=A HTTP/1.1" 200 803 "-" "Mozilla/5.0 (Windows NT 10.0; Win64; x64) AppleWebKit/537.36 (KHTML, like Gecko) Chrome/117.0.0.0 Safari/537.36"
109.107.186.56 - - [08/Mar/2026:06:03:32 +0800] "GET http://megafortris.com.hk/stats/usage_202412.html HTTP/1.0" 400 22 "https://seo-creative.ru/" "Mozilla/5.0 (Windows NT 10.0; Win64; x64) AppleWebKit/537.36 (KHTML, like Gecko) Chrome/131.0.0.0 Safari/537.36"
109.107.186.56 - - [08/Mar/2026:06:03:49 +0800] "GET http://megafortris.com.hk/stats/usage_202412.html HTTP/1.0" 400 22 "https://seo-creative.ru/" "Mozilla/5.0 (Windows NT 10.0; Win64; x64) AppleWebKit/537.36 (KHTML, like Gecko) Chrome/130.0.0.0 Safari/537.36"
109.107.186.56 - - [08/Mar/2026:06:04:06 +0800] "GET http://megafortris.com.hk/stats/usage_202412.html HTTP/1.0" 400 22 "https://seo-creative.ru/" "Mozilla/5.0 (Windows NT 10.0; Win64; x64) AppleWebKit/537.36 (KHTML, like Gecko) Chrome/130.0.0.0 Safari/537.36 CCleaner/130.0.0.0"
172.71.184.101 - - [08/Mar/2026:06:04:25 +0800] "GET /wordpress/wp-admin/setup-config.php HTTP/1.1" 404 47 "-" "http://megafortris.com.hk/wordpress/wp-admin/setup-config.php"
101.132.222.120 - - [08/Mar/2026:06:05:29 +0800] "GET /stats/usage_202506.html HTTP/1.0" 200 110056 "https://seo-creative.ru/" "Mozilla/5.0 (Windows NT 10.0; Win64; x64) AppleWebKit/537.36 (KHTML, like Gecko) Chrome/131.0.0.0 Safari/537.36"
31.133.32.102 - - [08/Mar/2026:06:05:49 +0800] "GET /stats/usage_202506.html HTTP/1.0" 200 110056 "https://seo-creative.ru/" "Mozilla/5.0 (Windows NT 10.0; Win64; x64) AppleWebKit/537.36 (KHTML, like Gecko) Chrome/130.0.0.0 Safari/537.36"
104.23.223.68 - - [08/Mar/2026:06:06:09 +0800] "GET /wp-admin/setup-config.php HTTP/1.1" 404 47 "-" "http://megafortris.com.hk/wp-admin/setup-config.php"
91.201.113.132 - - [08/Mar/2026:06:06:37 +0800] "GET /stats/usage_202602.html HTTP/1.0" 200 110401 "https://dactor-otr-havalpro.ru/" "Mozilla/5.0 (Windows NT 10.0; Win64; x64) AppleWebKit/537.36 (KHTML, like Gecko) Chrome/131.0.0.0 Safari/537.36"
91.201.113.132 - - [08/Mar/2026:06:06:39 +0800] "GET /stats/usage_202602.html HTTP/1.0" 200 110401 "https://dactor-otr-havalpro.ru/" "Mozilla/5.0 (Windows NT 10.0; Win64; x64) AppleWebKit/537.36 (KHTML, like Gecko) Chrome/131.0.0.0 Safari/537.36 Avast/131.0.0.0"
91.201.113.132 - - [08/Mar/2026:06:06:41 +0800] "GET /stats/usage_202602.html HTTP/1.0" 200 110401 "https://dactor-otr-havalpro.ru/" "Mozilla/5.0 (Windows NT 10.0; Win64; x64) AppleWebKit/537.36 (KHTML, like Gecko) Chrome/130.0.0.0 Safari/537.36"
91.201.113.132 - - [08/Mar/2026:06:07:05 +0800] "GET /stats/usage_202602.html HTTP/1.0" 200 110401 "https://dactor-otr-havalpro.ru/" "Mozilla/5.0 (Windows NT 10.0; Win64; x64) AppleWebKit/537.36 (KHTML, like Gecko) Chrome/129.0.0.0 Safari/537.36"
91.201.113.132 - - [08/Mar/2026:06:07:07 +0800] "GET /stats/usage_202602.html HTTP/1.0" 200 110401 "https://dactor-otr-havalpro.ru/" "Mozilla/5.0 (Windows NT 10.0; Win64; x64) AppleWebKit/537.36 (KHTML, like Gecko) Chrome/129.0.0.0 Safari/537.36"
91.201.113.132 - - [08/Mar/2026:06:07:09 +0800] "GET /stats/usage_202602.html HTTP/1.0" 200 110401 "https://dactor-otr-havalpro.ru/" "Mozilla/5.0 (Windows NT 10.0; Win64; x64) AppleWebKit/537.36 (KHTML, like Gecko) Chrome/130.0.0.0 Safari/537.36"
172.71.164.155 - - [08/Mar/2026:06:08:01 +0800] "GET /wordpress/wp-admin/setup-config.php HTTP/1.1" 404 47 "-" "http://megafortris.com.hk/wordpress/wp-admin/setup-config.php"
91.201.113.132 - - [08/Mar/2026:06:17:51 +0800] "GET /stats/usage_202602.html HTTP/1.0" 200 110401 "https://dactor-otr-havalpro.ru/" "Mozilla/5.0 (Windows NT 10.0; Win64; x64) AppleWebKit/537.36 (KHTML, like Gecko) Chrome/129.0.0.0 Safari/537.36"
91.201.113.132 - - [08/Mar/2026:06:17:53 +0800] "GET /stats/usage_202602.html HTTP/1.0" 200 110401 "https://dactor-otr-havalpro.ru/" "Mozilla/5.0 (Windows NT 10.0; Win64; x64) AppleWebKit/537.36 (KHTML, like Gecko) Chrome/129.0.0.0 Safari/537.36"
91.201.113.132 - - [08/Mar/2026:06:17:55 +0800] "GET /stats/usage_202602.html HTTP/1.0" 200 110401 "https://dactor-otr-havalpro.ru/" "Mozilla/5.0 (Windows NT 10.0; Win64; x64) AppleWebKit/537.36 (KHTML, like Gecko) Chrome/130.0.0.0 Safari/537.36 CCleaner/130.0.0.0"
91.201.113.132 - - [08/Mar/2026:06:18:19 +0800] "GET /stats/usage_202602.html HTTP/1.0" 200 110401 "https://dactor-otr-havalpro.ru/" "Mozilla/5.0 (Windows NT 10.0; Win64; x64) AppleWebKit/537.36 (KHTML, like Gecko) Chrome/130.0.0.0 Safari/537.36 CCleaner/130.0.0.0"
91.201.113.132 - - [08/Mar/2026:06:18:21 +0800] "GET /stats/usage_202602.html HTTP/1.0" 200 110401 "https://dactor-otr-havalpro.ru/" "Mozilla/5.0 (Windows NT 10.0; Win64; x64) AppleWebKit/537.36 (KHTML, like Gecko) Chrome/131.0.0.0 Safari/537.36"
91.201.113.132 - - [08/Mar/2026:06:18:23 +0800] "GET /stats/usage_202602.html HTTP/1.0" 200 110401 "https://dactor-otr-havalpro.ru/" "Mozilla/5.0 (Windows NT 10.0; Win64; x64) AppleWebKit/537.36 (KHTML, like Gecko) Chrome/131.0.0.0 Safari/537.36"
46.249.103.192 - - [08/Mar/2026:06:20:53 +0800] "GET /stats/usage_202412.html HTTP/1.1" 200 111016 "https://seo-creative.ru/" "Mozilla/5.0 (Windows NT 10.0; Win64; x64) AppleWebKit/537.36 (KHTML, like Gecko) Chrome/131.0.0.0 Safari/537.36"
167.99.124.118 - - [08/Mar/2026:06:21:34 +0800] "GET /stats/usage_202412.html HTTP/1.1" 200 111016 "https://seo-creative.ru/" "Mozilla/5.0 (Windows NT 10.0; Win64; x64) AppleWebKit/537.36 (KHTML, like Gecko) Chrome/131.0.0.0 Safari/537.36 Avast/131.0.0.0"
109.107.186.56 - - [08/Mar/2026:06:22:57 +0800] "GET http://www.megafortris.com.hk/stats/usage_202506.html HTTP/1.0" 400 22 "https://seo-creative.ru/" "Mozilla/5.0 (Windows NT 10.0; Win64; x64) AppleWebKit/537.36 (KHTML, like Gecko) Chrome/131.0.0.0 Safari/537.36 Avast/131.0.0.0"
109.107.186.56 - - [08/Mar/2026:06:23:45 +0800] "GET http://www.megafortris.com.hk/stats/usage_202506.html HTTP/1.0" 400 22 "https://seo-creative.ru/" "Mozilla/5.0 (Windows NT 10.0; Win64; x64) AppleWebKit/537.36 (KHTML, like Gecko) Chrome/131.0.0.0 Safari/537.36 Avast/131.0.0.0"
185.5.249.185 - - [08/Mar/2026:06:25:45 +0800] "GET / HTTP/1.1" 200 409 "https://myrockshows.com/band/9334-extreme" "Mozilla/5.0 (Windows NT 10.0; Win64; x64) AppleWebKit/537.36 (KHTML, like Gecko) Chrome/136.0.0.0 YaBrowser/25.6.0.0 Safari/537.36"
194.67.210.77 - - [08/Mar/2026:06:25:45 +0800] "GET / HTTP/1.1" 200 409 "https://cosmo-tech.ru/apparaty-dlya-mezoterapii" "Mozilla/5.0 (Windows NT 10.0; Win64; x64; rv:140.0) Gecko/20100101 Firefox/140.0"
185.125.219.13 - - [08/Mar/2026:06:26:22 +0800] "GET / HTTP/1.1" 200 409 "https://antonpolenov.ru/bfl" "Mozilla/5.0 (X11; Linux x86_64) AppleWebKit/537.36 (KHTML, like Gecko) Chrome/130.0.0.0 Safari/537.36"
194.67.207.94 - - [08/Mar/2026:06:26:52 +0800] "GET / HTTP/1.1" 200 409 "https://av-avto.net/action/" "Mozilla/5.0 (Windows NT 10.0; Win64; x64) AppleWebKit/537.36 (KHTML, like Gecko) Chrome/138.0.7204.97 Safari/537.36"
91.201.113.132 - - [08/Mar/2026:06:28:56 +0800] "GET /stats/usage_202602.html HTTP/1.0" 200 110401 "https://dactor-otr-havalpro.ru/" "Mozilla/5.0 (Windows NT 10.0; Win64; x64) AppleWebKit/537.36 (KHTML, like Gecko) Chrome/131.0.0.0 Safari/537.36"
91.201.113.132 - - [08/Mar/2026:06:28:58 +0800] "GET /stats/usage_202602.html HTTP/1.0" 200 110401 "https://dactor-otr-havalpro.ru/" "Mozilla/5.0 (Windows NT 10.0; Win64; x64) AppleWebKit/537.36 (KHTML, like Gecko) Chrome/130.0.0.0 Safari/537.36 CCleaner/130.0.0.0"
91.201.113.132 - - [08/Mar/2026:06:29:00 +0800] "GET /stats/usage_202602.html HTTP/1.0" 200 110401 "https://dactor-otr-havalpro.ru/" "Mozilla/5.0 (Windows NT 10.0; Win64; x64) AppleWebKit/537.36 (KHTML, like Gecko) Chrome/131.0.0.0 Safari/537.36"
91.201.113.132 - - [08/Mar/2026:06:29:24 +0800] "GET /stats/usage_202602.html HTTP/1.0" 200 110401 "https://dactor-otr-havalpro.ru/" "Mozilla/5.0 (Windows NT 10.0; Win64; x64) AppleWebKit/537.36 (KHTML, like Gecko) Chrome/130.0.0.0 Safari/537.36"
91.201.113.132 - - [08/Mar/2026:06:29:26 +0800] "GET /stats/usage_202602.html HTTP/1.0" 200 110401 "https://dactor-otr-havalpro.ru/" "Mozilla/5.0 (Windows NT 10.0; Win64; x64) AppleWebKit/537.36 (KHTML, like Gecko) Chrome/131.0.0.0 Safari/537.36 Avast/131.0.0.0"
91.201.113.132 - - [08/Mar/2026:06:29:28 +0800] "GET /stats/usage_202602.html HTTP/1.0" 200 110401 "https://dactor-otr-havalpro.ru/" "Mozilla/5.0 (Windows NT 10.0; Win64; x64) AppleWebKit/537.36 (KHTML, like Gecko) Chrome/131.0.0.0 Safari/537.36"
17.246.19.161 - - [08/Mar/2026:06:34:36 +0800] "GET /robots.txt HTTP/1.1" 404 47 "-" "Mozilla/5.0 (Macintosh; Intel Mac OS X 10_15_7) AppleWebKit/605.1.15 (KHTML, like Gecko) Version/17.4 Safari/605.1.15 (Applebot/0.1; +http://www.apple.com/go/applebot)"
17.246.23.13 - - [08/Mar/2026:06:34:45 +0800] "GET /awstatsicons/flags/cv.png HTTP/1.1" 200 247 "-" "Mozilla/5.0 (Macintosh; Intel Mac OS X 10_15_7) AppleWebKit/605.1.15 (KHTML, like Gecko) Version/17.4 Safari/605.1.15 (Applebot/0.1; +http://www.apple.com/go/applebot)"
109.107.186.56 - - [08/Mar/2026:06:38:24 +0800] "GET http://megafortris.com.hk/stats/usage_202412.html HTTP/1.0" 400 22 "https://seo-creative.ru/" "Mozilla/5.0 (Windows NT 10.0; Win64; x64) AppleWebKit/537.36 (KHTML, like Gecko) Chrome/129.0.0.0 Safari/537.36"
109.107.186.56 - - [08/Mar/2026:06:38:38 +0800] "GET http://megafortris.com.hk/stats/usage_202412.html HTTP/1.0" 400 22 "https://seo-creative.ru/" "Mozilla/5.0 (Windows NT 10.0; Win64; x64) AppleWebKit/537.36 (KHTML, like Gecko) Chrome/130.0.0.0 Safari/537.36 CCleaner/130.0.0.0"
188.132.141.249 - - [08/Mar/2026:06:38:52 +0800] "GET /stats/usage_202412.html HTTP/1.1" 200 111016 "https://seo-creative.ru/" "Mozilla/5.0 (Windows NT 10.0; Win64; x64) AppleWebKit/537.36 (KHTML, like Gecko) Chrome/129.0.0.0 Safari/537.36"
91.201.113.132 - - [08/Mar/2026:06:40:03 +0800] "GET /stats/usage_202602.html HTTP/1.0" 200 110401 "https://dactor-otr-havalpro.ru/" "Mozilla/5.0 (Windows NT 10.0; Win64; x64) AppleWebKit/537.36 (KHTML, like Gecko) Chrome/130.0.0.0 Safari/537.36"
91.201.113.132 - - [08/Mar/2026:06:40:06 +0800] "GET /stats/usage_202602.html HTTP/1.0" 200 110401 "https://dactor-otr-havalpro.ru/" "Mozilla/5.0 (Windows NT 10.0; Win64; x64) AppleWebKit/537.36 (KHTML, like Gecko) Chrome/131.0.0.0 Safari/537.36"
91.201.113.132 - - [08/Mar/2026:06:40:08 +0800] "GET /stats/usage_202602.html HTTP/1.0" 200 110401 "https://dactor-otr-havalpro.ru/" "Mozilla/5.0 (Windows NT 10.0; Win64; x64) AppleWebKit/537.36 (KHTML, like Gecko) Chrome/131.0.0.0 Safari/537.36"
159.65.245.255 - - [08/Mar/2026:06:40:20 +0800] "GET /stats/usage_202506.html HTTP/1.1" 200 110056 "https://seo-creative.ru/" "Mozilla/5.0 (Windows NT 10.0; Win64; x64) AppleWebKit/537.36 (KHTML, like Gecko) Chrome/130.0.0.0 Safari/537.36"
91.201.113.132 - - [08/Mar/2026:06:40:31 +0800] "GET /stats/usage_202602.html HTTP/1.0" 200 110401 "https://dactor-otr-havalpro.ru/" "Mozilla/5.0 (Windows NT 10.0; Win64; x64) AppleWebKit/537.36 (KHTML, like Gecko) Chrome/130.0.0.0 Safari/537.36 CCleaner/130.0.0.0"
91.201.113.132 - - [08/Mar/2026:06:40:33 +0800] "GET /stats/usage_202602.html HTTP/1.0" 200 110401 "https://dactor-otr-havalpro.ru/" "Mozilla/5.0 (Windows NT 10.0; Win64; x64) AppleWebKit/537.36 (KHTML, like Gecko) Chrome/130.0.0.0 Safari/537.36"
34.172.123.158 - - [08/Mar/2026:06:40:34 +0800] "GET /stats/usage_202506.html HTTP/1.0" 200 110056 "https://seo-creative.ru/" "Mozilla/5.0 (Windows NT 10.0; Win64; x64) AppleWebKit/537.36 (KHTML, like Gecko) Chrome/131.0.0.0 Safari/537.36"
91.201.113.132 - - [08/Mar/2026:06:40:36 +0800] "GET /stats/usage_202602.html HTTP/1.0" 200 110401 "https://dactor-otr-havalpro.ru/" "Mozilla/5.0 (Windows NT 10.0; Win64; x64) AppleWebKit/537.36 (KHTML, like Gecko) Chrome/131.0.0.0 Safari/537.36 Avast/131.0.0.0"
109.107.186.56 - - [08/Mar/2026:06:40:51 +0800] "GET http://www.megafortris.com.hk/stats/usage_202506.html HTTP/1.0" 400 22 "https://seo-creative.ru/" "Mozilla/5.0 (Windows NT 10.0; Win64; x64) AppleWebKit/537.36 (KHTML, like Gecko) Chrome/131.0.0.0 Safari/537.36 Avast/131.0.0.0"
91.201.113.132 - - [08/Mar/2026:06:51:28 +0800] "GET /stats/usage_202602.html HTTP/1.0" 200 110401 "https://dactor-otr-havalpro.ru/" "Mozilla/5.0 (Windows NT 10.0; Win64; x64) AppleWebKit/537.36 (KHTML, like Gecko) Chrome/130.0.0.0 Safari/537.36 CCleaner/130.0.0.0"
91.201.113.132 - - [08/Mar/2026:06:51:30 +0800] "GET /stats/usage_202602.html HTTP/1.0" 200 110401 "https://dactor-otr-havalpro.ru/" "Mozilla/5.0 (Windows NT 10.0; Win64; x64) AppleWebKit/537.36 (KHTML, like Gecko) Chrome/131.0.0.0 Safari/537.36 Avast/131.0.0.0"
91.201.113.132 - - [08/Mar/2026:06:51:32 +0800] "GET /stats/usage_202602.html HTTP/1.0" 200 110401 "https://dactor-otr-havalpro.ru/" "Mozilla/5.0 (Windows NT 10.0; Win64; x64) AppleWebKit/537.36 (KHTML, like Gecko) Chrome/131.0.0.0 Safari/537.36"
129.226.75.103 - - [08/Mar/2026:06:51:34 +0800] "GET /stats/usage_202404.html HTTP/1.1" 200 6768 "http://megafortris.com.hk/stats/usage_202404.html" "Mozilla/5.0 (Macintosh; Intel Mac OS X 10_15_7) AppleWebKit/537.36 (KHTML, like Gecko) Chrome/131.0.0.0 Safari/537.36"
91.201.113.132 - - [08/Mar/2026:06:51:56 +0800] "GET /stats/usage_202602.html HTTP/1.0" 200 110401 "https://dactor-otr-havalpro.ru/" "Mozilla/5.0 (Windows NT 10.0; Win64; x64) AppleWebKit/537.36 (KHTML, like Gecko) Chrome/130.0.0.0 Safari/537.36"
91.201.113.132 - - [08/Mar/2026:06:51:58 +0800] "GET /stats/usage_202602.html HTTP/1.0" 200 110401 "https://dactor-otr-havalpro.ru/" "Mozilla/5.0 (Windows NT 10.0; Win64; x64) AppleWebKit/537.36 (KHTML, like Gecko) Chrome/131.0.0.0 Safari/537.36"
91.201.113.132 - - [08/Mar/2026:06:52:00 +0800] "GET /stats/usage_202602.html HTTP/1.0" 200 110401 "https://dactor-otr-havalpro.ru/" "Mozilla/5.0 (Windows NT 10.0; Win64; x64) AppleWebKit/537.36 (KHTML, like Gecko) Chrome/131.0.0.0 Safari/537.36 Avast/131.0.0.0"
109.107.186.56 - - [08/Mar/2026:06:55:58 +0800] "GET http://megafortris.com.hk/stats/usage_202412.html HTTP/1.0" 400 22 "https://seo-creative.ru/" "Mozilla/5.0 (Windows NT 10.0; Win64; x64) AppleWebKit/537.36 (KHTML, like Gecko) Chrome/129.0.0.0 Safari/537.36"
167.99.124.118 - - [08/Mar/2026:06:56:46 +0800] "GET /stats/usage_202412.html HTTP/1.1" 200 111016 "https://seo-creative.ru/" "Mozilla/5.0 (Windows NT 10.0; Win64; x64) AppleWebKit/537.36 (KHTML, like Gecko) Chrome/131.0.0.0 Safari/537.36"
49.245.63.150 - - [08/Mar/2026:06:57:44 +0800] "GET http://www.megafortris.com.hk/stats/usage_202506.html HTTP/1.0" 400 22 "https://seo-creative.ru/" "Mozilla/5.0 (Windows NT 10.0; Win64; x64) AppleWebKit/537.36 (KHTML, like Gecko) Chrome/129.0.0.0 Safari/537.36"
109.107.186.56 - - [08/Mar/2026:06:58:02 +0800] "GET http://www.megafortris.com.hk/stats/usage_202506.html HTTP/1.0" 400 22 "https://seo-creative.ru/" "Mozilla/5.0 (Windows NT 10.0; Win64; x64) AppleWebKit/537.36 (KHTML, like Gecko) Chrome/131.0.0.0 Safari/537.36 Avast/131.0.0.0"
34.69.97.134 - - [08/Mar/2026:06:58:04 +0800] "GET /stats/usage_202506.html HTTP/1.0" 200 110056 "https://seo-creative.ru/" "Mozilla/5.0 (Windows NT 10.0; Win64; x64) AppleWebKit/537.36 (KHTML, like Gecko) Chrome/131.0.0.0 Safari/537.36 Avast/131.0.0.0"
91.201.113.132 - - [08/Mar/2026:07:02:42 +0800] "GET /stats/usage_202602.html HTTP/1.0" 200 110401 "https://dactor-otr-havalpro.ru/" "Mozilla/5.0 (Windows NT 10.0; Win64; x64) AppleWebKit/537.36 (KHTML, like Gecko) Chrome/130.0.0.0 Safari/537.36"
91.201.113.132 - - [08/Mar/2026:07:02:44 +0800] "GET /stats/usage_202602.html HTTP/1.0" 200 110401 "https://dactor-otr-havalpro.ru/" "Mozilla/5.0 (Windows NT 10.0; Win64; x64) AppleWebKit/537.36 (KHTML, like Gecko) Chrome/131.0.0.0 Safari/537.36"
91.201.113.132 - - [08/Mar/2026:07:02:46 +0800] "GET /stats/usage_202602.html HTTP/1.0" 200 110401 "https://dactor-otr-havalpro.ru/" "Mozilla/5.0 (Windows NT 10.0; Win64; x64) AppleWebKit/537.36 (KHTML, like Gecko) Chrome/130.0.0.0 Safari/537.36 CCleaner/130.0.0.0"
91.201.113.132 - - [08/Mar/2026:07:03:09 +0800] "GET /stats/usage_202602.html HTTP/1.0" 200 110401 "https://dactor-otr-havalpro.ru/" "Mozilla/5.0 (Windows NT 10.0; Win64; x64) AppleWebKit/537.36 (KHTML, like Gecko) Chrome/130.0.0.0 Safari/537.36 CCleaner/130.0.0.0"
91.201.113.132 - - [08/Mar/2026:07:03:12 +0800] "GET /stats/usage_202602.html HTTP/1.0" 200 110401 "https://dactor-otr-havalpro.ru/" "Mozilla/5.0 (Windows NT 10.0; Win64; x64) AppleWebKit/537.36 (KHTML, like Gecko) Chrome/129.0.0.0 Safari/537.36"
91.201.113.132 - - [08/Mar/2026:07:03:14 +0800] "GET /stats/usage_202602.html HTTP/1.0" 200 110401 "https://dactor-otr-havalpro.ru/" "Mozilla/5.0 (Windows NT 10.0; Win64; x64) AppleWebKit/537.36 (KHTML, like Gecko) Chrome/131.0.0.0 Safari/537.36 Avast/131.0.0.0"
12.50.107.220 - - [08/Mar/2026:07:13:15 +0800] "GET /stats/usage_202412.html HTTP/1.0" 200 111016 "https://seo-creative.ru/" "Mozilla/5.0 (Windows NT 10.0; Win64; x64) AppleWebKit/537.36 (KHTML, like Gecko) Chrome/131.0.0.0 Safari/537.36"
31.133.32.102 - - [08/Mar/2026:07:13:24 +0800] "GET /stats/usage_202412.html HTTP/1.0" 200 111016 "https://seo-creative.ru/" "Mozilla/5.0 (Windows NT 10.0; Win64; x64) AppleWebKit/537.36 (KHTML, like Gecko) Chrome/131.0.0.0 Safari/537.36 Avast/131.0.0.0"
109.107.186.56 - - [08/Mar/2026:07:13:41 +0800] "GET http://megafortris.com.hk/stats/usage_202412.html HTTP/1.0" 400 22 "https://seo-creative.ru/" "Mozilla/5.0 (Windows NT 10.0; Win64; x64) AppleWebKit/537.36 (KHTML, like Gecko) Chrome/131.0.0.0 Safari/537.36 Avast/131.0.0.0"
91.201.113.132 - - [08/Mar/2026:07:13:55 +0800] "GET /stats/usage_202602.html HTTP/1.0" 200 110401 "https://dactor-otr-havalpro.ru/" "Mozilla/5.0 (Windows NT 10.0; Win64; x64) AppleWebKit/537.36 (KHTML, like Gecko) Chrome/131.0.0.0 Safari/537.36"
91.201.113.132 - - [08/Mar/2026:07:13:57 +0800] "GET /stats/usage_202602.html HTTP/1.0" 200 110401 "https://dactor-otr-havalpro.ru/" "Mozilla/5.0 (Windows NT 10.0; Win64; x64) AppleWebKit/537.36 (KHTML, like Gecko) Chrome/131.0.0.0 Safari/537.36 Avast/131.0.0.0"
91.201.113.132 - - [08/Mar/2026:07:13:59 +0800] "GET /stats/usage_202602.html HTTP/1.0" 200 110401 "https://dactor-otr-havalpro.ru/" "Mozilla/5.0 (Windows NT 10.0; Win64; x64) AppleWebKit/537.36 (KHTML, like Gecko) Chrome/130.0.0.0 Safari/537.36 CCleaner/130.0.0.0"
91.201.113.132 - - [08/Mar/2026:07:14:23 +0800] "GET /stats/usage_202602.html HTTP/1.0" 200 110401 "https://dactor-otr-havalpro.ru/" "Mozilla/5.0 (Windows NT 10.0; Win64; x64) AppleWebKit/537.36 (KHTML, like Gecko) Chrome/130.0.0.0 Safari/537.36 CCleaner/130.0.0.0"
91.201.113.132 - - [08/Mar/2026:07:14:25 +0800] "GET /stats/usage_202602.html HTTP/1.0" 200 110401 "https://dactor-otr-havalpro.ru/" "Mozilla/5.0 (Windows NT 10.0; Win64; x64) AppleWebKit/537.36 (KHTML, like Gecko) Chrome/131.0.0.0 Safari/537.36"
91.201.113.132 - - [08/Mar/2026:07:14:27 +0800] "GET /stats/usage_202602.html HTTP/1.0" 200 110401 "https://dactor-otr-havalpro.ru/" "Mozilla/5.0 (Windows NT 10.0; Win64; x64) AppleWebKit/537.36 (KHTML, like Gecko) Chrome/131.0.0.0 Safari/537.36"
17.22.237.75 - - [08/Mar/2026:07:14:54 +0800] "GET /awstatsicons/flags/ec.png HTTP/1.1" 200 245 "-" "Mozilla/5.0 (Macintosh; Intel Mac OS X 10_15_7) AppleWebKit/605.1.15 (KHTML, like Gecko) Version/17.4 Safari/605.1.15 (Applebot/0.1; +http://www.apple.com/go/applebot)"
109.107.186.56 - - [08/Mar/2026:07:15:27 +0800] "GET http://www.megafortris.com.hk/stats/usage_202506.html HTTP/1.0" 400 22 "https://seo-creative.ru/" "Mozilla/5.0 (Windows NT 10.0; Win64; x64) AppleWebKit/537.36 (KHTML, like Gecko) Chrome/129.0.0.0 Safari/537.36"
34.69.97.134 - - [08/Mar/2026:07:15:30 +0800] "GET /stats/usage_202506.html HTTP/1.0" 200 110056 "https://seo-creative.ru/" "Mozilla/5.0 (Windows NT 10.0; Win64; x64) AppleWebKit/537.36 (KHTML, like Gecko) Chrome/129.0.0.0 Safari/537.36"
159.65.245.255 - - [08/Mar/2026:07:15:38 +0800] "GET /stats/usage_202506.html HTTP/1.1" 200 110056 "https://seo-creative.ru/" "Mozilla/5.0 (Windows NT 10.0; Win64; x64) AppleWebKit/537.36 (KHTML, like Gecko) Chrome/131.0.0.0 Safari/537.36"
91.201.113.132 - - [08/Mar/2026:07:25:11 +0800] "GET /stats/usage_202602.html HTTP/1.0" 200 110401 "https://dactor-otr-havalpro.ru/" "Mozilla/5.0 (Windows NT 10.0; Win64; x64) AppleWebKit/537.36 (KHTML, like Gecko) Chrome/131.0.0.0 Safari/537.36 Avast/131.0.0.0"
91.201.113.132 - - [08/Mar/2026:07:25:13 +0800] "GET /stats/usage_202602.html HTTP/1.0" 200 110401 "https://dactor-otr-havalpro.ru/" "Mozilla/5.0 (Windows NT 10.0; Win64; x64) AppleWebKit/537.36 (KHTML, like Gecko) Chrome/130.0.0.0 Safari/537.36"
91.201.113.132 - - [08/Mar/2026:07:25:15 +0800] "GET /stats/usage_202602.html HTTP/1.0" 200 110401 "https://dactor-otr-havalpro.ru/" "Mozilla/5.0 (Windows NT 10.0; Win64; x64) AppleWebKit/537.36 (KHTML, like Gecko) Chrome/129.0.0.0 Safari/537.36"
91.201.113.132 - - [08/Mar/2026:07:25:38 +0800] "GET /stats/usage_202602.html HTTP/1.0" 200 110401 "https://dactor-otr-havalpro.ru/" "Mozilla/5.0 (Windows NT 10.0; Win64; x64) AppleWebKit/537.36 (KHTML, like Gecko) Chrome/131.0.0.0 Safari/537.36"
91.201.113.132 - - [08/Mar/2026:07:25:40 +0800] "GET /stats/usage_202602.html HTTP/1.0" 200 110401 "https://dactor-otr-havalpro.ru/" "Mozilla/5.0 (Windows NT 10.0; Win64; x64) AppleWebKit/537.36 (KHTML, like Gecko) Chrome/130.0.0.0 Safari/537.36 CCleaner/130.0.0.0"
91.201.113.132 - - [08/Mar/2026:07:25:43 +0800] "GET /stats/usage_202602.html HTTP/1.0" 200 110401 "https://dactor-otr-havalpro.ru/" "Mozilla/5.0 (Windows NT 10.0; Win64; x64) AppleWebKit/537.36 (KHTML, like Gecko) Chrome/129.0.0.0 Safari/537.36"
31.133.32.102 - - [08/Mar/2026:07:31:17 +0800] "GET /stats/usage_202412.html HTTP/1.0" 200 111016 "https://seo-creative.ru/" "Mozilla/5.0 (Windows NT 10.0; Win64; x64) AppleWebKit/537.36 (KHTML, like Gecko) Chrome/129.0.0.0 Safari/537.36"
46.249.103.192 - - [08/Mar/2026:07:31:29 +0800] "GET /stats/usage_202412.html HTTP/1.1" 200 111016 "https://seo-creative.ru/" "Mozilla/5.0 (Windows NT 10.0; Win64; x64) AppleWebKit/537.36 (KHTML, like Gecko) Chrome/131.0.0.0 Safari/537.36 Avast/131.0.0.0"
162.240.18.101 - - [08/Mar/2026:07:33:10 +0800] "GET /stats/usage_202506.html HTTP/1.1" 200 110056 "https://seo-creative.ru/" "Mozilla/5.0 (Windows NT 10.0; Win64; x64) AppleWebKit/537.36 (KHTML, like Gecko) Chrome/131.0.0.0 Safari/537.36"
109.107.186.56 - - [08/Mar/2026:07:33:28 +0800] "GET http://www.megafortris.com.hk/stats/usage_202506.html HTTP/1.0" 400 22 "https://seo-creative.ru/" "Mozilla/5.0 (Windows NT 10.0; Win64; x64) AppleWebKit/537.36 (KHTML, like Gecko) Chrome/129.0.0.0 Safari/537.36"
91.201.113.132 - - [08/Mar/2026:07:36:31 +0800] "GET /stats/usage_202602.html HTTP/1.0" 200 110401 "https://dactor-otr-havalpro.ru/" "Mozilla/5.0 (Windows NT 10.0; Win64; x64) AppleWebKit/537.36 (KHTML, like Gecko) Chrome/130.0.0.0 Safari/537.36 CCleaner/130.0.0.0"
91.201.113.132 - - [08/Mar/2026:07:36:33 +0800] "GET /stats/usage_202602.html HTTP/1.0" 200 110401 "https://dactor-otr-havalpro.ru/" "Mozilla/5.0 (Windows NT 10.0; Win64; x64) AppleWebKit/537.36 (KHTML, like Gecko) Chrome/131.0.0.0 Safari/537.36"
91.201.113.132 - - [08/Mar/2026:07:36:35 +0800] "GET /stats/usage_202602.html HTTP/1.0" 200 110401 "https://dactor-otr-havalpro.ru/" "Mozilla/5.0 (Windows NT 10.0; Win64; x64) AppleWebKit/537.36 (KHTML, like Gecko) Chrome/130.0.0.0 Safari/537.36"
91.201.113.132 - - [08/Mar/2026:07:37:00 +0800] "GET /stats/usage_202602.html HTTP/1.0" 200 110401 "https://dactor-otr-havalpro.ru/" "Mozilla/5.0 (Windows NT 10.0; Win64; x64) AppleWebKit/537.36 (KHTML, like Gecko) Chrome/129.0.0.0 Safari/537.36"
91.201.113.132 - - [08/Mar/2026:07:37:02 +0800] "GET /stats/usage_202602.html HTTP/1.0" 200 110401 "https://dactor-otr-havalpro.ru/" "Mozilla/5.0 (Windows NT 10.0; Win64; x64) AppleWebKit/537.36 (KHTML, like Gecko) Chrome/130.0.0.0 Safari/537.36 CCleaner/130.0.0.0"
91.201.113.132 - - [08/Mar/2026:07:37:04 +0800] "GET /stats/usage_202602.html HTTP/1.0" 200 110401 "https://dactor-otr-havalpro.ru/" "Mozilla/5.0 (Windows NT 10.0; Win64; x64) AppleWebKit/537.36 (KHTML, like Gecko) Chrome/131.0.0.0 Safari/537.36 Avast/131.0.0.0"
109.107.186.56 - - [08/Mar/2026:07:47:57 +0800] "GET http://megafortris.com.hk/stats/usage_202412.html HTTP/1.0" 400 22 "https://seo-creative.ru/" "Mozilla/5.0 (Windows NT 10.0; Win64; x64) AppleWebKit/537.36 (KHTML, like Gecko) Chrome/130.0.0.0 Safari/537.36"
91.201.113.132 - - [08/Mar/2026:07:48:07 +0800] "GET /stats/usage_202602.html HTTP/1.0" 200 110401 "https://dactor-otr-havalpro.ru/" "Mozilla/5.0 (Windows NT 10.0; Win64; x64) AppleWebKit/537.36 (KHTML, like Gecko) Chrome/131.0.0.0 Safari/537.36"
91.201.113.132 - - [08/Mar/2026:07:48:09 +0800] "GET /stats/usage_202602.html HTTP/1.0" 200 110401 "https://dactor-otr-havalpro.ru/" "Mozilla/5.0 (Windows NT 10.0; Win64; x64) AppleWebKit/537.36 (KHTML, like Gecko) Chrome/130.0.0.0 Safari/537.36 CCleaner/130.0.0.0"
91.201.113.132 - - [08/Mar/2026:07:48:11 +0800] "GET /stats/usage_202602.html HTTP/1.0" 200 110401 "https://dactor-otr-havalpro.ru/" "Mozilla/5.0 (Windows NT 10.0; Win64; x64) AppleWebKit/537.36 (KHTML, like Gecko) Chrome/131.0.0.0 Safari/537.36"
109.107.186.56 - - [08/Mar/2026:07:48:14 +0800] "GET http://megafortris.com.hk/stats/usage_202412.html HTTP/1.0" 400 22 "https://seo-creative.ru/" "Mozilla/5.0 (Windows NT 10.0; Win64; x64) AppleWebKit/537.36 (KHTML, like Gecko) Chrome/131.0.0.0 Safari/537.36 Avast/131.0.0.0"
91.201.113.132 - - [08/Mar/2026:07:48:35 +0800] "GET /stats/usage_202602.html HTTP/1.0" 200 110401 "https://dactor-otr-havalpro.ru/" "Mozilla/5.0 (Windows NT 10.0; Win64; x64) AppleWebKit/537.36 (KHTML, like Gecko) Chrome/130.0.0.0 Safari/537.36"
91.201.113.132 - - [08/Mar/2026:07:48:38 +0800] "GET /stats/usage_202602.html HTTP/1.0" 200 110401 "https://dactor-otr-havalpro.ru/" "Mozilla/5.0 (Windows NT 10.0; Win64; x64) AppleWebKit/537.36 (KHTML, like Gecko) Chrome/130.0.0.0 Safari/537.36"
77.242.177.57 - - [08/Mar/2026:07:48:39 +0800] "GET /stats/usage_202412.html HTTP/1.1" 200 111016 "https://seo-creative.ru/" "Mozilla/5.0 (Windows NT 10.0; Win64; x64) AppleWebKit/537.36 (KHTML, like Gecko) Chrome/131.0.0.0 Safari/537.36 Avast/131.0.0.0"
91.201.113.132 - - [08/Mar/2026:07:48:40 +0800] "GET /stats/usage_202602.html HTTP/1.0" 200 110401 "https://dactor-otr-havalpro.ru/" "Mozilla/5.0 (Windows NT 10.0; Win64; x64) AppleWebKit/537.36 (KHTML, like Gecko) Chrome/130.0.0.0 Safari/537.36 CCleaner/130.0.0.0"
109.107.186.56 - - [08/Mar/2026:07:49:51 +0800] "GET http://www.megafortris.com.hk/stats/usage_202506.html HTTP/1.0" 400 22 "https://seo-creative.ru/" "Mozilla/5.0 (Windows NT 10.0; Win64; x64) AppleWebKit/537.36 (KHTML, like Gecko) Chrome/130.0.0.0 Safari/537.36"
17.22.253.192 - - [08/Mar/2026:07:49:52 +0800] "GET /robots.txt HTTP/1.1" 404 47 "-" "Mozilla/5.0 (Macintosh; Intel Mac OS X 10_15_7) AppleWebKit/605.1.15 (KHTML, like Gecko) Version/17.4 Safari/605.1.15 (Applebot/0.1; +http://www.apple.com/go/applebot)"
17.22.245.125 - - [08/Mar/2026:07:49:55 +0800] "GET /awstatsicons/flags/fm.png HTTP/1.1" 200 263 "-" "Mozilla/5.0 (Macintosh; Intel Mac OS X 10_15_7) AppleWebKit/605.1.15 (KHTML, like Gecko) Version/17.4 Safari/605.1.15 (Applebot/0.1; +http://www.apple.com/go/applebot)"
23.247.136.254 - - [08/Mar/2026:07:50:00 +0800] "GET /stats/usage_202506.html HTTP/1.0" 200 110056 "https://seo-creative.ru/" "Mozilla/5.0 (Windows NT 10.0; Win64; x64) AppleWebKit/537.36 (KHTML, like Gecko) Chrome/130.0.0.0 Safari/537.36 CCleaner/130.0.0.0"
188.132.141.249 - - [08/Mar/2026:07:50:14 +0800] "GET /stats/usage_202506.html HTTP/1.1" 200 110056 "https://seo-creative.ru/" "Mozilla/5.0 (Windows NT 10.0; Win64; x64) AppleWebKit/537.36 (KHTML, like Gecko) Chrome/130.0.0.0 Safari/537.36 CCleaner/130.0.0.0"
91.201.113.132 - - [08/Mar/2026:07:59:26 +0800] "GET /stats/usage_202602.html HTTP/1.0" 200 110401 "https://dactor-otr-havalpro.ru/" "Mozilla/5.0 (Windows NT 10.0; Win64; x64) AppleWebKit/537.36 (KHTML, like Gecko) Chrome/129.0.0.0 Safari/537.36"
91.201.113.132 - - [08/Mar/2026:07:59:28 +0800] "GET /stats/usage_202602.html HTTP/1.0" 200 110401 "https://dactor-otr-havalpro.ru/" "Mozilla/5.0 (Windows NT 10.0; Win64; x64) AppleWebKit/537.36 (KHTML, like Gecko) Chrome/130.0.0.0 Safari/537.36"
91.201.113.132 - - [08/Mar/2026:07:59:30 +0800] "GET /stats/usage_202602.html HTTP/1.0" 200 110401 "https://dactor-otr-havalpro.ru/" "Mozilla/5.0 (Windows NT 10.0; Win64; x64) AppleWebKit/537.36 (KHTML, like Gecko) Chrome/129.0.0.0 Safari/537.36"
91.201.113.132 - - [08/Mar/2026:07:59:54 +0800] "GET /stats/usage_202602.html HTTP/1.0" 200 110401 "https://dactor-otr-havalpro.ru/" "Mozilla/5.0 (Windows NT 10.0; Win64; x64) AppleWebKit/537.36 (KHTML, like Gecko) Chrome/130.0.0.0 Safari/537.36 CCleaner/130.0.0.0"
91.201.113.132 - - [08/Mar/2026:07:59:56 +0800] "GET /stats/usage_202602.html HTTP/1.0" 200 110401 "https://dactor-otr-havalpro.ru/" "Mozilla/5.0 (Windows NT 10.0; Win64; x64) AppleWebKit/537.36 (KHTML, like Gecko) Chrome/131.0.0.0 Safari/537.36"
91.201.113.132 - - [08/Mar/2026:07:59:58 +0800] "GET /stats/usage_202602.html HTTP/1.0" 200 110401 "https://dactor-otr-havalpro.ru/" "Mozilla/5.0 (Windows NT 10.0; Win64; x64) AppleWebKit/537.36 (KHTML, like Gecko) Chrome/129.0.0.0 Safari/537.36"
133.18.234.13 - - [08/Mar/2026:08:05:12 +0800] "GET http://megafortris.com.hk/stats/usage_202412.html HTTP/1.0" 400 22 "https://seo-creative.ru/" "Mozilla/5.0 (Windows NT 10.0; Win64; x64) AppleWebKit/537.36 (KHTML, like Gecko) Chrome/130.0.0.0 Safari/537.36 CCleaner/130.0.0.0"
109.107.186.56 - - [08/Mar/2026:08:05:30 +0800] "GET http://megafortris.com.hk/stats/usage_202412.html HTTP/1.0" 400 22 "https://seo-creative.ru/" "Mozilla/5.0 (Windows NT 10.0; Win64; x64) AppleWebKit/537.36 (KHTML, like Gecko) Chrome/129.0.0.0 Safari/537.36"
188.132.141.249 - - [08/Mar/2026:08:05:38 +0800] "GET /stats/usage_202412.html HTTP/1.1" 200 111016 "https://seo-creative.ru/" "Mozilla/5.0 (Windows NT 10.0; Win64; x64) AppleWebKit/537.36 (KHTML, like Gecko) Chrome/130.0.0.0 Safari/537.36"
133.18.234.13 - - [08/Mar/2026:08:06:58 +0800] "GET http://www.megafortris.com.hk/stats/usage_202506.html HTTP/1.0" 400 22 "https://seo-creative.ru/" "Mozilla/5.0 (Windows NT 10.0; Win64; x64) AppleWebKit/537.36 (KHTML, like Gecko) Chrome/130.0.0.0 Safari/537.36"
12.50.107.220 - - [08/Mar/2026:08:07:14 +0800] "GET /stats/usage_202506.html HTTP/1.0" 200 110056 "https://seo-creative.ru/" "Mozilla/5.0 (Windows NT 10.0; Win64; x64) AppleWebKit/537.36 (KHTML, like Gecko) Chrome/130.0.0.0 Safari/537.36"
77.242.177.57 - - [08/Mar/2026:08:08:05 +0800] "GET /stats/usage_202506.html HTTP/1.1" 200 110056 "https://seo-creative.ru/" "Mozilla/5.0 (Windows NT 10.0; Win64; x64) AppleWebKit/537.36 (KHTML, like Gecko) Chrome/131.0.0.0 Safari/537.36"
91.201.113.132 - - [08/Mar/2026:08:11:03 +0800] "GET /stats/usage_202602.html HTTP/1.0" 200 110401 "https://dactor-otr-havalpro.ru/" "Mozilla/5.0 (Windows NT 10.0; Win64; x64) AppleWebKit/537.36 (KHTML, like Gecko) Chrome/130.0.0.0 Safari/537.36 CCleaner/130.0.0.0"
91.201.113.132 - - [08/Mar/2026:08:11:05 +0800] "GET /stats/usage_202602.html HTTP/1.0" 200 110401 "https://dactor-otr-havalpro.ru/" "Mozilla/5.0 (Windows NT 10.0; Win64; x64) AppleWebKit/537.36 (KHTML, like Gecko) Chrome/131.0.0.0 Safari/537.36"
91.201.113.132 - - [08/Mar/2026:08:11:07 +0800] "GET /stats/usage_202602.html HTTP/1.0" 200 110401 "https://dactor-otr-havalpro.ru/" "Mozilla/5.0 (Windows NT 10.0; Win64; x64) AppleWebKit/537.36 (KHTML, like Gecko) Chrome/130.0.0.0 Safari/537.36 CCleaner/130.0.0.0"
91.201.113.132 - - [08/Mar/2026:08:11:31 +0800] "GET /stats/usage_202602.html HTTP/1.0" 200 110401 "https://dactor-otr-havalpro.ru/" "Mozilla/5.0 (Windows NT 10.0; Win64; x64) AppleWebKit/537.36 (KHTML, like Gecko) Chrome/129.0.0.0 Safari/537.36"
91.201.113.132 - - [08/Mar/2026:08:11:33 +0800] "GET /stats/usage_202602.html HTTP/1.0" 200 110401 "https://dactor-otr-havalpro.ru/" "Mozilla/5.0 (Windows NT 10.0; Win64; x64) AppleWebKit/537.36 (KHTML, like Gecko) Chrome/131.0.0.0 Safari/537.36 Avast/131.0.0.0"
91.201.113.132 - - [08/Mar/2026:08:11:35 +0800] "GET /stats/usage_202602.html HTTP/1.0" 200 110401 "https://dactor-otr-havalpro.ru/" "Mozilla/5.0 (Windows NT 10.0; Win64; x64) AppleWebKit/537.36 (KHTML, like Gecko) Chrome/130.0.0.0 Safari/537.36"
4.204.200.32 - - [08/Mar/2026:08:17:29 +0800] "GET /wp-content/plugins/hellopress/wp_filemanager.php HTTP/1.1" 400 22 "-" "-"
4.204.200.32 - - [08/Mar/2026:08:17:30 +0800] "GET /ffile.php HTTP/1.1" 400 22 "-" "-"
4.204.200.32 - - [08/Mar/2026:08:17:30 +0800] "GET /shell20250630.php HTTP/1.1" 400 22 "-" "-"
4.204.200.32 - - [08/Mar/2026:08:17:30 +0800] "GET /upgrade.php HTTP/1.1" 400 22 "-" "-"
4.204.200.32 - - [08/Mar/2026:08:17:30 +0800] "GET /public/rip.php HTTP/1.1" 400 22 "-" "-"
4.204.200.32 - - [08/Mar/2026:08:17:31 +0800] "GET /karak.php HTTP/1.1" 400 22 "-" "-"
4.204.200.32 - - [08/Mar/2026:08:17:31 +0800] "GET /666.php HTTP/1.1" 400 22 "-" "-"
4.204.200.32 - - [08/Mar/2026:08:17:31 +0800] "GET /ff.php HTTP/1.1" 400 22 "-" "-"
4.204.200.32 - - [08/Mar/2026:08:17:31 +0800] "GET /kj.php HTTP/1.1" 400 22 "-" "-"
4.204.200.32 - - [08/Mar/2026:08:17:31 +0800] "GET /nw.php HTTP/1.1" 400 22 "-" "-"
4.204.200.32 - - [08/Mar/2026:08:17:32 +0800] "GET /grsiuk.php HTTP/1.1" 400 22 "-" "-"
4.204.200.32 - - [08/Mar/2026:08:17:32 +0800] "GET /fs.php HTTP/1.1" 400 22 "-" "-"
4.204.200.32 - - [08/Mar/2026:08:17:32 +0800] "GET /dom.php HTTP/1.1" 400 22 "-" "-"
4.204.200.32 - - [08/Mar/2026:08:17:32 +0800] "GET /t.php HTTP/1.1" 400 22 "-" "-"
4.204.200.32 - - [08/Mar/2026:08:17:33 +0800] "GET /mjq.php HTTP/1.1" 400 22 "-" "-"
4.204.200.32 - - [08/Mar/2026:08:17:33 +0800] "GET /ava.php HTTP/1.1" 400 22 "-" "-"
4.204.200.32 - - [08/Mar/2026:08:17:33 +0800] "GET /6erg.php HTTP/1.1" 400 22 "-" "-"
4.204.200.32 - - [08/Mar/2026:08:17:33 +0800] "GET /X57.php HTTP/1.1" 400 22 "-" "-"
4.204.200.32 - - [08/Mar/2026:08:17:34 +0800] "GET /async.php HTTP/1.1" 400 22 "-" "-"
4.204.200.32 - - [08/Mar/2026:08:17:34 +0800] "GET /jga.php HTTP/1.1" 400 22 "-" "-"
4.204.200.32 - - [08/Mar/2026:08:17:34 +0800] "GET /ff1.php HTTP/1.1" 400 22 "-" "-"
4.204.200.32 - - [08/Mar/2026:08:17:34 +0800] "GET /gmo.php HTTP/1.1" 400 22 "-" "-"
4.204.200.32 - - [08/Mar/2026:08:17:35 +0800] "GET /wp-xrm.php HTTP/1.1" 400 22 "-" "-"
4.204.200.32 - - [08/Mar/2026:08:17:35 +0800] "GET /lol.php HTTP/1.1" 400 22 "-" "-"
4.204.200.32 - - [08/Mar/2026:08:17:35 +0800] "GET /hg.php HTTP/1.1" 400 22 "-" "-"
4.204.200.32 - - [08/Mar/2026:08:17:35 +0800] "GET /myfile.php HTTP/1.1" 400 22 "-" "-"
4.204.200.32 - - [08/Mar/2026:08:17:35 +0800] "GET /yasnu.php HTTP/1.1" 400 22 "-" "-"
4.204.200.32 - - [08/Mar/2026:08:17:36 +0800] "GET /abt.php HTTP/1.1" 400 22 "-" "-"
4.204.200.32 - - [08/Mar/2026:08:17:36 +0800] "GET /wp-access.php HTTP/1.1" 400 22 "-" "-"
4.204.200.32 - - [08/Mar/2026:08:17:36 +0800] "GET /mbg.php HTTP/1.1" 400 22 "-" "-"
4.204.200.32 - - [08/Mar/2026:08:17:36 +0800] "GET /num.php HTTP/1.1" 400 22 "-" "-"
4.204.200.32 - - [08/Mar/2026:08:17:37 +0800] "GET /file59.php HTTP/1.1" 400 22 "-" "-"
4.204.200.32 - - [08/Mar/2026:08:17:37 +0800] "GET /gg.php HTTP/1.1" 400 22 "-" "-"
4.204.200.32 - - [08/Mar/2026:08:17:37 +0800] "GET /mini.php HTTP/1.1" 400 22 "-" "-"
4.204.200.32 - - [08/Mar/2026:08:17:37 +0800] "GET /jmfi2.php HTTP/1.1" 400 22 "-" "-"
4.204.200.32 - - [08/Mar/2026:08:17:38 +0800] "GET /png.php HTTP/1.1" 400 22 "-" "-"
4.204.200.32 - - [08/Mar/2026:08:17:38 +0800] "GET /wp-blog.php HTTP/1.1" 400 22 "-" "-"
4.204.200.32 - - [08/Mar/2026:08:17:38 +0800] "GET /0.php HTTP/1.1" 400 22 "-" "-"
4.204.200.32 - - [08/Mar/2026:08:17:38 +0800] "GET /ws29.php HTTP/1.1" 400 22 "-" "-"
4.204.200.32 - - [08/Mar/2026:08:17:39 +0800] "GET /class.1.php HTTP/1.1" 400 22 "-" "-"
4.204.200.32 - - [08/Mar/2026:08:17:39 +0800] "GET /x.php HTTP/1.1" 400 22 "-" "-"
4.204.200.32 - - [08/Mar/2026:08:17:39 +0800] "GET /hb02ugyh.php HTTP/1.1" 400 22 "-" "-"
4.204.200.32 - - [08/Mar/2026:08:17:39 +0800] "GET /06.php HTTP/1.1" 400 22 "-" "-"
4.204.200.32 - - [08/Mar/2026:08:17:40 +0800] "GET /bless14.php HTTP/1.1" 400 22 "-" "-"
4.204.200.32 - - [08/Mar/2026:08:17:40 +0800] "GET /f35.php HTTP/1.1" 400 22 "-" "-"
4.204.200.32 - - [08/Mar/2026:08:17:40 +0800] "GET /chn.php HTTP/1.1" 400 22 "-" "-"
4.204.200.32 - - [08/Mar/2026:08:17:40 +0800] "GET /f8.php HTTP/1.1" 400 22 "-" "-"
4.204.200.32 - - [08/Mar/2026:08:17:41 +0800] "GET /rsnu.php HTTP/1.1" 400 22 "-" "-"
4.204.200.32 - - [08/Mar/2026:08:17:41 +0800] "GET /.lajuju.php HTTP/1.1" 400 22 "-" "-"
4.204.200.32 - - [08/Mar/2026:08:17:41 +0800] "GET /malo.php HTTP/1.1" 400 22 "-" "-"
4.204.200.32 - - [08/Mar/2026:08:17:42 +0800] "GET /v2.php HTTP/1.1" 400 22 "-" "-"
4.204.200.32 - - [08/Mar/2026:08:17:42 +0800] "GET /new4.php HTTP/1.1" 400 22 "-" "-"
4.204.200.32 - - [08/Mar/2026:08:17:42 +0800] "GET /shell.php HTTP/1.1" 400 22 "-" "-"
4.204.200.32 - - [08/Mar/2026:08:17:43 +0800] "GET /css.php HTTP/1.1" 400 22 "-" "-"
4.204.200.32 - - [08/Mar/2026:08:17:43 +0800] "GET /nbm.php HTTP/1.1" 400 22 "-" "-"
4.204.200.32 - - [08/Mar/2026:08:17:43 +0800] "GET /7wom.php HTTP/1.1" 400 22 "-" "-"
4.204.200.32 - - [08/Mar/2026:08:17:44 +0800] "GET /admi.php HTTP/1.1" 400 22 "-" "-"
4.204.200.32 - - [08/Mar/2026:08:17:44 +0800] "GET /s.php HTTP/1.1" 400 22 "-" "-"
4.204.200.32 - - [08/Mar/2026:08:17:44 +0800] "GET /forbidals.php HTTP/1.1" 400 22 "-" "-"
4.204.200.32 - - [08/Mar/2026:08:17:44 +0800] "GET /xrp.php HTTP/1.1" 400 22 "-" "-"
4.204.200.32 - - [08/Mar/2026:08:17:45 +0800] "GET /mws.php HTTP/1.1" 400 22 "-" "-"
4.204.200.32 - - [08/Mar/2026:08:17:45 +0800] "GET /card.php HTTP/1.1" 400 22 "-" "-"
4.204.200.32 - - [08/Mar/2026:08:17:45 +0800] "GET /goh.php HTTP/1.1" 400 22 "-" "-"
4.204.200.32 - - [08/Mar/2026:08:17:46 +0800] "GET /awi.php HTTP/1.1" 400 22 "-" "-"
4.204.200.32 - - [08/Mar/2026:08:17:46 +0800] "GET /cu.php HTTP/1.1" 400 22 "-" "-"
4.204.200.32 - - [08/Mar/2026:08:17:46 +0800] "GET /ms-edit.php HTTP/1.1" 400 22 "-" "-"
4.204.200.32 - - [08/Mar/2026:08:17:47 +0800] "GET /amax.php HTTP/1.1" 400 22 "-" "-"
4.204.200.32 - - [08/Mar/2026:08:17:47 +0800] "GET /oo.php HTTP/1.1" 400 22 "-" "-"
4.204.200.32 - - [08/Mar/2026:08:17:47 +0800] "GET /erty.php HTTP/1.1" 400 22 "-" "-"
4.204.200.32 - - [08/Mar/2026:08:17:47 +0800] "GET /sbhu.php HTTP/1.1" 400 22 "-" "-"
4.204.200.32 - - [08/Mar/2026:08:17:47 +0800] "GET /ertg.php HTTP/1.1" 400 22 "-" "-"
4.204.200.32 - - [08/Mar/2026:08:17:48 +0800] "GET /xpass.php HTTP/1.1" 400 22 "-" "-"
4.204.200.32 - - [08/Mar/2026:08:17:48 +0800] "GET /a1vx.php HTTP/1.1" 400 22 "-" "-"
4.204.200.32 - - [08/Mar/2026:08:17:48 +0800] "GET /alf4.php HTTP/1.1" 400 22 "-" "-"
4.204.200.32 - - [08/Mar/2026:08:17:48 +0800] "GET /as.php HTTP/1.1" 400 22 "-" "-"
4.204.200.32 - - [08/Mar/2026:08:17:49 +0800] "GET /app.php HTTP/1.1" 400 22 "-" "-"
4.204.200.32 - - [08/Mar/2026:08:17:49 +0800] "GET /an8.php HTTP/1.1" 400 22 "-" "-"
4.204.200.32 - - [08/Mar/2026:08:17:49 +0800] "GET /1a.php HTTP/1.1" 400 22 "-" "-"
4.204.200.32 - - [08/Mar/2026:08:17:49 +0800] "GET /aaaa.php HTTP/1.1" 400 22 "-" "-"
4.204.200.32 - - [08/Mar/2026:08:17:50 +0800] "GET /byp.php HTTP/1.1" 400 22 "-" "-"
4.204.200.32 - - [08/Mar/2026:08:17:50 +0800] "GET /motu.php HTTP/1.1" 400 22 "-" "-"
4.204.200.32 - - [08/Mar/2026:08:17:50 +0800] "GET /xda.php HTTP/1.1" 400 22 "-" "-"
4.204.200.32 - - [08/Mar/2026:08:17:50 +0800] "GET /un.php HTTP/1.1" 400 22 "-" "-"
4.204.200.32 - - [08/Mar/2026:08:17:51 +0800] "GET /wp-admin/css/bolt.php HTTP/1.1" 400 22 "-" "-"
4.204.200.32 - - [08/Mar/2026:08:17:51 +0800] "GET /loli.php HTTP/1.1" 400 22 "-" "-"
4.204.200.32 - - [08/Mar/2026:08:17:51 +0800] "GET /aa17.php HTTP/1.1" 400 22 "-" "-"
4.204.200.32 - - [08/Mar/2026:08:17:52 +0800] "GET /as4AaPasd.php HTTP/1.1" 400 22 "-" "-"
4.204.200.32 - - [08/Mar/2026:08:17:52 +0800] "GET /miansha.php HTTP/1.1" 400 22 "-" "-"
4.204.200.32 - - [08/Mar/2026:08:17:52 +0800] "GET /vgtyu.php HTTP/1.1" 400 22 "-" "-"
4.204.200.32 - - [08/Mar/2026:08:17:52 +0800] "GET /trd.php HTTP/1.1" 400 22 "-" "-"
4.204.200.32 - - [08/Mar/2026:08:17:53 +0800] "GET /mcs.php HTTP/1.1" 400 22 "-" "-"
4.204.200.32 - - [08/Mar/2026:08:17:53 +0800] "GET /ze.php HTTP/1.1" 400 22 "-" "-"
4.204.200.32 - - [08/Mar/2026:08:17:53 +0800] "GET /ws28.php HTTP/1.1" 400 22 "-" "-"
4.204.200.32 - - [08/Mar/2026:08:17:53 +0800] "GET /god.php HTTP/1.1" 400 22 "-" "-"
4.204.200.32 - - [08/Mar/2026:08:17:53 +0800] "GET /public/vx.php HTTP/1.1" 400 22 "-" "-"
4.204.200.32 - - [08/Mar/2026:08:17:54 +0800] "GET /wp-the.php HTTP/1.1" 400 22 "-" "-"
4.204.200.32 - - [08/Mar/2026:08:17:54 +0800] "GET /667.php HTTP/1.1" 400 22 "-" "-"
4.204.200.32 - - [08/Mar/2026:08:17:54 +0800] "GET /wp-gr.php HTTP/1.1" 400 22 "-" "-"
4.204.200.32 - - [08/Mar/2026:08:17:54 +0800] "GET /note.php HTTP/1.1" 400 22 "-" "-"
4.204.200.32 - - [08/Mar/2026:08:17:55 +0800] "GET /ma.php HTTP/1.1" 400 22 "-" "-"
4.204.200.32 - - [08/Mar/2026:08:17:55 +0800] "GET /byp8.php HTTP/1.1" 400 22 "-" "-"
4.204.200.32 - - [08/Mar/2026:08:17:55 +0800] "GET /maa.php HTTP/1.1" 400 22 "-" "-"
4.204.200.32 - - [08/Mar/2026:08:17:55 +0800] "GET /r4f_1.php HTTP/1.1" 400 22 "-" "-"
4.204.200.32 - - [08/Mar/2026:08:17:56 +0800] "GET /xa.php HTTP/1.1" 400 22 "-" "-"
4.204.200.32 - - [08/Mar/2026:08:17:56 +0800] "GET /resp.php HTTP/1.1" 400 22 "-" "-"
4.204.200.32 - - [08/Mar/2026:08:17:56 +0800] "GET /X7x.php HTTP/1.1" 400 22 "-" "-"
4.204.200.32 - - [08/Mar/2026:08:17:56 +0800] "GET /sxb.php HTTP/1.1" 400 22 "-" "-"
4.204.200.32 - - [08/Mar/2026:08:17:56 +0800] "GET /class-t.api.php HTTP/1.1" 400 22 "-" "-"
4.204.200.32 - - [08/Mar/2026:08:17:57 +0800] "GET /wp5.php HTTP/1.1" 400 22 "-" "-"
4.204.200.32 - - [08/Mar/2026:08:17:57 +0800] "GET /dox.php HTTP/1.1" 400 22 "-" "-"
4.204.200.32 - - [08/Mar/2026:08:17:57 +0800] "GET /ms.php HTTP/1.1" 400 22 "-" "-"
4.204.200.32 - - [08/Mar/2026:08:17:57 +0800] "GET /xqq.php HTTP/1.1" 400 22 "-" "-"
4.204.200.32 - - [08/Mar/2026:08:17:58 +0800] "GET /algox.php HTTP/1.1" 400 22 "-" "-"
4.204.200.32 - - [08/Mar/2026:08:17:58 +0800] "GET /10266.php HTTP/1.1" 400 22 "-" "-"
4.204.200.32 - - [08/Mar/2026:08:17:58 +0800] "GET /file5.php HTTP/1.1" 400 22 "-" "-"
4.204.200.32 - - [08/Mar/2026:08:17:58 +0800] "GET /wp-act.php HTTP/1.1" 400 22 "-" "-"
4.204.200.32 - - [08/Mar/2026:08:17:59 +0800] "GET /w3llstore.php HTTP/1.1" 400 22 "-" "-"
4.204.200.32 - - [08/Mar/2026:08:17:59 +0800] "GET /fr/ms.php HTTP/1.1" 400 22 "-" "-"
4.204.200.32 - - [08/Mar/2026:08:17:59 +0800] "GET /pouhg.php HTTP/1.1" 400 22 "-" "-"
4.204.200.32 - - [08/Mar/2026:08:17:59 +0800] "GET /opts.php HTTP/1.1" 400 22 "-" "-"
4.204.200.32 - - [08/Mar/2026:08:17:59 +0800] "GET /wp-good.php HTTP/1.1" 400 22 "-" "-"
4.204.200.32 - - [08/Mar/2026:08:18:00 +0800] "GET /zwso.php HTTP/1.1" 400 22 "-" "-"
4.204.200.32 - - [08/Mar/2026:08:18:00 +0800] "GET /pola.php HTTP/1.1" 400 22 "-" "-"
4.204.200.32 - - [08/Mar/2026:08:18:00 +0800] "GET /public/wp-blog.php HTTP/1.1" 400 22 "-" "-"
4.204.200.32 - - [08/Mar/2026:08:18:00 +0800] "GET /xxxx.php HTTP/1.1" 400 22 "-" "-"
4.204.200.32 - - [08/Mar/2026:08:18:01 +0800] "GET /file30.php HTTP/1.1" 400 22 "-" "-"
4.204.200.32 - - [08/Mar/2026:08:18:01 +0800] "GET /elf.php HTTP/1.1" 400 22 "-" "-"
4.204.200.32 - - [08/Mar/2026:08:18:01 +0800] "GET /xml.php HTTP/1.1" 400 22 "-" "-"
4.204.200.32 - - [08/Mar/2026:08:18:01 +0800] "GET /plugins.php HTTP/1.1" 400 22 "-" "-"
4.204.200.32 - - [08/Mar/2026:08:18:01 +0800] "GET /wen.php HTTP/1.1" 400 22 "-" "-"
4.204.200.32 - - [08/Mar/2026:08:18:02 +0800] "GET /ws60.php HTTP/1.1" 400 22 "-" "-"
4.204.200.32 - - [08/Mar/2026:08:18:02 +0800] "GET /222.php HTTP/1.1" 400 22 "-" "-"
4.204.200.32 - - [08/Mar/2026:08:18:02 +0800] "GET /gec.php HTTP/1.1" 400 22 "-" "-"
4.204.200.32 - - [08/Mar/2026:08:18:02 +0800] "GET /nox.php HTTP/1.1" 400 22 "-" "-"
4.204.200.32 - - [08/Mar/2026:08:18:03 +0800] "GET /tcp.php HTTP/1.1" 400 22 "-" "-"
4.204.200.32 - - [08/Mar/2026:08:18:03 +0800] "GET /Sanskrit.php HTTP/1.1" 400 22 "-" "-"
4.204.200.32 - - [08/Mar/2026:08:18:03 +0800] "GET /mtrje.php HTTP/1.1" 400 22 "-" "-"
4.204.200.32 - - [08/Mar/2026:08:18:03 +0800] "GET /bolt.php HTTP/1.1" 400 22 "-" "-"
4.204.200.32 - - [08/Mar/2026:08:18:04 +0800] "GET /66.php HTTP/1.1" 400 22 "-" "-"
4.204.200.32 - - [08/Mar/2026:08:18:04 +0800] "GET /moon3.php HTTP/1.1" 400 22 "-" "-"
4.204.200.32 - - [08/Mar/2026:08:18:04 +0800] "GET /yanki.php HTTP/1.1" 400 22 "-" "-"
4.204.200.32 - - [08/Mar/2026:08:18:04 +0800] "GET /mo.php HTTP/1.1" 400 22 "-" "-"
4.204.200.32 - - [08/Mar/2026:08:18:04 +0800] "GET /vx.php HTTP/1.1" 400 22 "-" "-"
4.204.200.32 - - [08/Mar/2026:08:18:05 +0800] "GET /mnkalo.php HTTP/1.1" 400 22 "-" "-"
43.173.177.42 - - [08/Mar/2026:08:22:17 +0800] "GET /awstats-icon/mime/?C=M;O=D HTTP/1.1" 200 802 "-" "Mozilla/5.0 (Windows NT 10.0; Win64; x64) AppleWebKit/537.36 (KHTML, like Gecko) Chrome/109.0.0.0 Safari/537.36"
91.201.113.132 - - [08/Mar/2026:08:22:18 +0800] "GET /stats/usage_202602.html HTTP/1.0" 200 110401 "https://dactor-otr-havalpro.ru/" "Mozilla/5.0 (Windows NT 10.0; Win64; x64) AppleWebKit/537.36 (KHTML, like Gecko) Chrome/130.0.0.0 Safari/537.36"
31.133.32.102 - - [08/Mar/2026:08:22:19 +0800] "GET /stats/usage_202412.html HTTP/1.0" 200 111016 "https://seo-creative.ru/" "Mozilla/5.0 (Windows NT 10.0; Win64; x64) AppleWebKit/537.36 (KHTML, like Gecko) Chrome/131.0.0.0 Safari/537.36"
91.201.113.132 - - [08/Mar/2026:08:22:20 +0800] "GET /stats/usage_202602.html HTTP/1.0" 200 110401 "https://dactor-otr-havalpro.ru/" "Mozilla/5.0 (Windows NT 10.0; Win64; x64) AppleWebKit/537.36 (KHTML, like Gecko) Chrome/130.0.0.0 Safari/537.36 CCleaner/130.0.0.0"
31.133.32.102 - - [08/Mar/2026:08:22:22 +0800] "GET /stats/usage_202412.html HTTP/1.0" 200 111016 "https://seo-creative.ru/" "Mozilla/5.0 (Windows NT 10.0; Win64; x64) AppleWebKit/537.36 (KHTML, like Gecko) Chrome/130.0.0.0 Safari/537.36 CCleaner/130.0.0.0"
91.201.113.132 - - [08/Mar/2026:08:22:22 +0800] "GET /stats/usage_202602.html HTTP/1.0" 200 110401 "https://dactor-otr-havalpro.ru/" "Mozilla/5.0 (Windows NT 10.0; Win64; x64) AppleWebKit/537.36 (KHTML, like Gecko) Chrome/130.0.0.0 Safari/537.36"
109.107.186.56 - - [08/Mar/2026:08:22:39 +0800] "GET http://megafortris.com.hk/stats/usage_202412.html HTTP/1.0" 400 22 "https://seo-creative.ru/" "Mozilla/5.0 (Windows NT 10.0; Win64; x64) AppleWebKit/537.36 (KHTML, like Gecko) Chrome/131.0.0.0 Safari/537.36"
91.201.113.132 - - [08/Mar/2026:08:22:46 +0800] "GET /stats/usage_202602.html HTTP/1.0" 200 110401 "https://dactor-otr-havalpro.ru/" "Mozilla/5.0 (Windows NT 10.0; Win64; x64) AppleWebKit/537.36 (KHTML, like Gecko) Chrome/129.0.0.0 Safari/537.36"
91.201.113.132 - - [08/Mar/2026:08:22:48 +0800] "GET /stats/usage_202602.html HTTP/1.0" 200 110401 "https://dactor-otr-havalpro.ru/" "Mozilla/5.0 (Windows NT 10.0; Win64; x64) AppleWebKit/537.36 (KHTML, like Gecko) Chrome/131.0.0.0 Safari/537.36"
91.201.113.132 - - [08/Mar/2026:08:22:50 +0800] "GET /stats/usage_202602.html HTTP/1.0" 200 110401 "https://dactor-otr-havalpro.ru/" "Mozilla/5.0 (Windows NT 10.0; Win64; x64) AppleWebKit/537.36 (KHTML, like Gecko) Chrome/129.0.0.0 Safari/537.36"
192.73.244.36 - - [08/Mar/2026:08:24:06 +0800] "GET /stats/usage_202506.html HTTP/1.1" 200 110056 "https://seo-creative.ru/" "Mozilla/5.0 (Windows NT 10.0; Win64; x64) AppleWebKit/537.36 (KHTML, like Gecko) Chrome/131.0.0.0 Safari/537.36"
12.50.107.220 - - [08/Mar/2026:08:24:22 +0800] "GET /stats/usage_202506.html HTTP/1.0" 200 110056 "https://seo-creative.ru/" "Mozilla/5.0 (Windows NT 10.0; Win64; x64) AppleWebKit/537.36 (KHTML, like Gecko) Chrome/129.0.0.0 Safari/537.36"
