23.247.136.254 - - [09/Mar/2026:17:56:31 +0800] "GET /stats/usage_202412.html HTTP/1.0" 200 111016 "https://seo-creative.ru/" "Mozilla/5.0 (Windows NT 10.0; Win64; x64) AppleWebKit/537.36 (KHTML, like Gecko) Chrome/130.0.0.0 Safari/537.36 CCleaner/130.0.0.0"
35.209.198.222 - - [09/Mar/2026:17:56:57 +0800] "GET /stats/usage_202412.html HTTP/1.1" 200 111016 "https://seo-creative.ru/" "Mozilla/5.0 (Windows NT 10.0; Win64; x64) AppleWebKit/537.36 (KHTML, like Gecko) Chrome/129.0.0.0 Safari/537.36"
35.209.198.222 - - [09/Mar/2026:17:57:10 +0800] "GET /stats/usage_202412.html HTTP/1.1" 200 111016 "https://seo-creative.ru/" "Mozilla/5.0 (Windows NT 10.0; Win64; x64) AppleWebKit/537.36 (KHTML, like Gecko) Chrome/131.0.0.0 Safari/537.36 Avast/131.0.0.0"
91.201.113.132 - - [09/Mar/2026:17:57:10 +0800] "GET /stats/usage_202602.html HTTP/1.0" 200 110401 "https://dactor-otr-havalpro.ru/" "Mozilla/5.0 (Windows NT 10.0; Win64; x64) AppleWebKit/537.36 (KHTML, like Gecko) Chrome/131.0.0.0 Safari/537.36"
91.201.113.132 - - [09/Mar/2026:17:57:12 +0800] "GET /stats/usage_202602.html HTTP/1.0" 200 110401 "https://dactor-otr-havalpro.ru/" "Mozilla/5.0 (Windows NT 10.0; Win64; x64) AppleWebKit/537.36 (KHTML, like Gecko) Chrome/130.0.0.0 Safari/537.36 CCleaner/130.0.0.0"
91.201.113.132 - - [09/Mar/2026:17:57:14 +0800] "GET /stats/usage_202602.html HTTP/1.0" 200 110401 "https://dactor-otr-havalpro.ru/" "Mozilla/5.0 (Windows NT 10.0; Win64; x64) AppleWebKit/537.36 (KHTML, like Gecko) Chrome/130.0.0.0 Safari/537.36"
91.201.113.132 - - [09/Mar/2026:17:57:38 +0800] "GET /stats/usage_202602.html HTTP/1.0" 200 110401 "https://dactor-otr-havalpro.ru/" "Mozilla/5.0 (Windows NT 10.0; Win64; x64) AppleWebKit/537.36 (KHTML, like Gecko) Chrome/131.0.0.0 Safari/537.36 Avast/131.0.0.0"
91.201.113.132 - - [09/Mar/2026:17:57:40 +0800] "GET /stats/usage_202602.html HTTP/1.0" 200 110401 "https://dactor-otr-havalpro.ru/" "Mozilla/5.0 (Windows NT 10.0; Win64; x64) AppleWebKit/537.36 (KHTML, like Gecko) Chrome/130.0.0.0 Safari/537.36"
91.201.113.132 - - [09/Mar/2026:17:57:43 +0800] "GET /stats/usage_202602.html HTTP/1.0" 200 110401 "https://dactor-otr-havalpro.ru/" "Mozilla/5.0 (Windows NT 10.0; Win64; x64) AppleWebKit/537.36 (KHTML, like Gecko) Chrome/130.0.0.0 Safari/537.36"
109.107.186.56 - - [09/Mar/2026:17:58:34 +0800] "GET http://www.megafortris.com.hk/stats/usage_202506.html HTTP/1.0" 400 22 "https://seo-creative.ru/" "Mozilla/5.0 (Windows NT 10.0; Win64; x64) AppleWebKit/537.36 (KHTML, like Gecko) Chrome/129.0.0.0 Safari/537.36"
109.107.186.56 - - [09/Mar/2026:17:58:51 +0800] "GET http://www.megafortris.com.hk/stats/usage_202506.html HTTP/1.0" 400 22 "https://seo-creative.ru/" "Mozilla/5.0 (Windows NT 10.0; Win64; x64) AppleWebKit/537.36 (KHTML, like Gecko) Chrome/130.0.0.0 Safari/537.36 CCleaner/130.0.0.0"
101.132.222.120 - - [09/Mar/2026:17:58:59 +0800] "GET /stats/usage_202506.html HTTP/1.0" 200 110056 "https://seo-creative.ru/" "Mozilla/5.0 (Windows NT 10.0; Win64; x64) AppleWebKit/537.36 (KHTML, like Gecko) Chrome/129.0.0.0 Safari/537.36"
18.211.39.188 - - [09/Mar/2026:18:06:14 +0800] "GET /awstatsicons/clock/?C=S;O%3DD HTTP/1.1" 200 449 "-" "Mozilla/5.0 AppleWebKit/537.36 (KHTML, like Gecko; compatible; Amazonbot/0.1; +https://developer.amazon.com/support/amazonbot) Chrome/119.0.6045.214 Safari/537.36"
18.211.148.239 - - [09/Mar/2026:18:06:17 +0800] "GET /Maildir/new/?C=D;O%3DA HTTP/1.1" 200 292 "-" "Mozilla/5.0 AppleWebKit/537.36 (KHTML, like Gecko; compatible; Amazonbot/0.1; +https://developer.amazon.com/support/amazonbot) Chrome/119.0.6045.214 Safari/537.36"
91.201.113.132 - - [09/Mar/2026:18:07:58 +0800] "GET /stats/usage_202602.html HTTP/1.0" 200 110401 "https://dactor-otr-havalpro.ru/" "Mozilla/5.0 (Windows NT 10.0; Win64; x64) AppleWebKit/537.36 (KHTML, like Gecko) Chrome/129.0.0.0 Safari/537.36"
91.201.113.132 - - [09/Mar/2026:18:08:00 +0800] "GET /stats/usage_202602.html HTTP/1.0" 200 110401 "https://dactor-otr-havalpro.ru/" "Mozilla/5.0 (Windows NT 10.0; Win64; x64) AppleWebKit/537.36 (KHTML, like Gecko) Chrome/130.0.0.0 Safari/537.36"
91.201.113.132 - - [09/Mar/2026:18:08:03 +0800] "GET /stats/usage_202602.html HTTP/1.0" 200 110401 "https://dactor-otr-havalpro.ru/" "Mozilla/5.0 (Windows NT 10.0; Win64; x64) AppleWebKit/537.36 (KHTML, like Gecko) Chrome/130.0.0.0 Safari/537.36"
91.201.113.132 - - [09/Mar/2026:18:08:27 +0800] "GET /stats/usage_202602.html HTTP/1.0" 200 110401 "https://dactor-otr-havalpro.ru/" "Mozilla/5.0 (Windows NT 10.0; Win64; x64) AppleWebKit/537.36 (KHTML, like Gecko) Chrome/131.0.0.0 Safari/537.36 Avast/131.0.0.0"
91.201.113.132 - - [09/Mar/2026:18:08:29 +0800] "GET /stats/usage_202602.html HTTP/1.0" 200 110401 "https://dactor-otr-havalpro.ru/" "Mozilla/5.0 (Windows NT 10.0; Win64; x64) AppleWebKit/537.36 (KHTML, like Gecko) Chrome/130.0.0.0 Safari/537.36 CCleaner/130.0.0.0"
91.201.113.132 - - [09/Mar/2026:18:08:31 +0800] "GET /stats/usage_202602.html HTTP/1.0" 200 110401 "https://dactor-otr-havalpro.ru/" "Mozilla/5.0 (Windows NT 10.0; Win64; x64) AppleWebKit/537.36 (KHTML, like Gecko) Chrome/131.0.0.0 Safari/537.36"
192.73.244.36 - - [09/Mar/2026:18:14:18 +0800] "GET /stats/usage_202412.html HTTP/1.1" 200 111016 "https://seo-creative.ru/" "Mozilla/5.0 (Windows NT 10.0; Win64; x64) AppleWebKit/537.36 (KHTML, like Gecko) Chrome/131.0.0.0 Safari/537.36 Avast/131.0.0.0"
109.107.186.56 - - [09/Mar/2026:18:14:36 +0800] "GET http://megafortris.com.hk/stats/usage_202412.html HTTP/1.0" 400 22 "https://seo-creative.ru/" "Mozilla/5.0 (Windows NT 10.0; Win64; x64) AppleWebKit/537.36 (KHTML, like Gecko) Chrome/129.0.0.0 Safari/537.36"
109.107.186.56 - - [09/Mar/2026:18:16:34 +0800] "GET http://www.megafortris.com.hk/stats/usage_202506.html HTTP/1.0" 400 22 "https://seo-creative.ru/" "Mozilla/5.0 (Windows NT 10.0; Win64; x64) AppleWebKit/537.36 (KHTML, like Gecko) Chrome/130.0.0.0 Safari/537.36 CCleaner/130.0.0.0"
91.201.113.132 - - [09/Mar/2026:18:18:48 +0800] "GET /stats/usage_202602.html HTTP/1.0" 200 110401 "https://dactor-otr-havalpro.ru/" "Mozilla/5.0 (Windows NT 10.0; Win64; x64) AppleWebKit/537.36 (KHTML, like Gecko) Chrome/130.0.0.0 Safari/537.36"
91.201.113.132 - - [09/Mar/2026:18:18:50 +0800] "GET /stats/usage_202602.html HTTP/1.0" 200 110401 "https://dactor-otr-havalpro.ru/" "Mozilla/5.0 (Windows NT 10.0; Win64; x64) AppleWebKit/537.36 (KHTML, like Gecko) Chrome/131.0.0.0 Safari/537.36"
91.201.113.132 - - [09/Mar/2026:18:18:52 +0800] "GET /stats/usage_202602.html HTTP/1.0" 200 110401 "https://dactor-otr-havalpro.ru/" "Mozilla/5.0 (Windows NT 10.0; Win64; x64) AppleWebKit/537.36 (KHTML, like Gecko) Chrome/130.0.0.0 Safari/537.36"
91.201.113.132 - - [09/Mar/2026:18:19:17 +0800] "GET /stats/usage_202602.html HTTP/1.0" 200 110401 "https://dactor-otr-havalpro.ru/" "Mozilla/5.0 (Windows NT 10.0; Win64; x64) AppleWebKit/537.36 (KHTML, like Gecko) Chrome/129.0.0.0 Safari/537.36"
91.201.113.132 - - [09/Mar/2026:18:19:19 +0800] "GET /stats/usage_202602.html HTTP/1.0" 200 110401 "https://dactor-otr-havalpro.ru/" "Mozilla/5.0 (Windows NT 10.0; Win64; x64) AppleWebKit/537.36 (KHTML, like Gecko) Chrome/131.0.0.0 Safari/537.36"
91.201.113.132 - - [09/Mar/2026:18:19:21 +0800] "GET /stats/usage_202602.html HTTP/1.0" 200 110401 "https://dactor-otr-havalpro.ru/" "Mozilla/5.0 (Windows NT 10.0; Win64; x64) AppleWebKit/537.36 (KHTML, like Gecko) Chrome/130.0.0.0 Safari/537.36"
91.201.113.132 - - [09/Mar/2026:18:29:49 +0800] "GET /stats/usage_202602.html HTTP/1.0" 200 110401 "https://dactor-otr-havalpro.ru/" "Mozilla/5.0 (Windows NT 10.0; Win64; x64) AppleWebKit/537.36 (KHTML, like Gecko) Chrome/129.0.0.0 Safari/537.36"
91.201.113.132 - - [09/Mar/2026:18:29:51 +0800] "GET /stats/usage_202602.html HTTP/1.0" 200 110401 "https://dactor-otr-havalpro.ru/" "Mozilla/5.0 (Windows NT 10.0; Win64; x64) AppleWebKit/537.36 (KHTML, like Gecko) Chrome/130.0.0.0 Safari/537.36 CCleaner/130.0.0.0"
91.201.113.132 - - [09/Mar/2026:18:29:54 +0800] "GET /stats/usage_202602.html HTTP/1.0" 200 110401 "https://dactor-otr-havalpro.ru/" "Mozilla/5.0 (Windows NT 10.0; Win64; x64) AppleWebKit/537.36 (KHTML, like Gecko) Chrome/130.0.0.0 Safari/537.36"
91.201.113.132 - - [09/Mar/2026:18:30:19 +0800] "GET /stats/usage_202602.html HTTP/1.0" 200 110401 "https://dactor-otr-havalpro.ru/" "Mozilla/5.0 (Windows NT 10.0; Win64; x64) AppleWebKit/537.36 (KHTML, like Gecko) Chrome/129.0.0.0 Safari/537.36"
91.201.113.132 - - [09/Mar/2026:18:30:21 +0800] "GET /stats/usage_202602.html HTTP/1.0" 200 110401 "https://dactor-otr-havalpro.ru/" "Mozilla/5.0 (Windows NT 10.0; Win64; x64) AppleWebKit/537.36 (KHTML, like Gecko) Chrome/129.0.0.0 Safari/537.36"
91.201.113.132 - - [09/Mar/2026:18:30:23 +0800] "GET /stats/usage_202602.html HTTP/1.0" 200 110401 "https://dactor-otr-havalpro.ru/" "Mozilla/5.0 (Windows NT 10.0; Win64; x64) AppleWebKit/537.36 (KHTML, like Gecko) Chrome/129.0.0.0 Safari/537.36"
23.247.136.254 - - [09/Mar/2026:18:30:48 +0800] "GET /stats/usage_202412.html HTTP/1.0" 200 111016 "https://seo-creative.ru/" "Mozilla/5.0 (Windows NT 10.0; Win64; x64) AppleWebKit/537.36 (KHTML, like Gecko) Chrome/130.0.0.0 Safari/537.36 CCleaner/130.0.0.0"
202.55.67.194 - - [09/Mar/2026:18:30:53 +0800] "GET http://megafortris.com.hk/stats/usage_202412.html HTTP/1.0" 400 22 "https://seo-creative.ru/" "Mozilla/5.0 (Windows NT 10.0; Win64; x64) AppleWebKit/537.36 (KHTML, like Gecko) Chrome/130.0.0.0 Safari/537.36"
192.73.244.36 - - [09/Mar/2026:18:30:56 +0800] "GET /stats/usage_202412.html HTTP/1.1" 200 111016 "https://seo-creative.ru/" "Mozilla/5.0 (Windows NT 10.0; Win64; x64) AppleWebKit/537.36 (KHTML, like Gecko) Chrome/131.0.0.0 Safari/537.36 Avast/131.0.0.0"
101.132.222.120 - - [09/Mar/2026:18:32:56 +0800] "GET /stats/usage_202506.html HTTP/1.0" 200 110056 "https://seo-creative.ru/" "Mozilla/5.0 (Windows NT 10.0; Win64; x64) AppleWebKit/537.36 (KHTML, like Gecko) Chrome/131.0.0.0 Safari/537.36"
109.107.186.56 - - [09/Mar/2026:18:33:12 +0800] "GET http://www.megafortris.com.hk/stats/usage_202506.html HTTP/1.0" 400 22 "https://seo-creative.ru/" "Mozilla/5.0 (Windows NT 10.0; Win64; x64) AppleWebKit/537.36 (KHTML, like Gecko) Chrome/130.0.0.0 Safari/537.36 CCleaner/130.0.0.0"
109.107.186.56 - - [09/Mar/2026:18:33:30 +0800] "GET http://www.megafortris.com.hk/stats/usage_202506.html HTTP/1.0" 400 22 "https://seo-creative.ru/" "Mozilla/5.0 (Windows NT 10.0; Win64; x64) AppleWebKit/537.36 (KHTML, like Gecko) Chrome/131.0.0.0 Safari/537.36"
91.201.113.132 - - [09/Mar/2026:18:40:59 +0800] "GET /stats/usage_202602.html HTTP/1.0" 200 110401 "https://dactor-otr-havalpro.ru/" "Mozilla/5.0 (Windows NT 10.0; Win64; x64) AppleWebKit/537.36 (KHTML, like Gecko) Chrome/131.0.0.0 Safari/537.36"
91.201.113.132 - - [09/Mar/2026:18:41:01 +0800] "GET /stats/usage_202602.html HTTP/1.0" 200 110401 "https://dactor-otr-havalpro.ru/" "Mozilla/5.0 (Windows NT 10.0; Win64; x64) AppleWebKit/537.36 (KHTML, like Gecko) Chrome/130.0.0.0 Safari/537.36"
91.201.113.132 - - [09/Mar/2026:18:41:03 +0800] "GET /stats/usage_202602.html HTTP/1.0" 200 110401 "https://dactor-otr-havalpro.ru/" "Mozilla/5.0 (Windows NT 10.0; Win64; x64) AppleWebKit/537.36 (KHTML, like Gecko) Chrome/130.0.0.0 Safari/537.36 CCleaner/130.0.0.0"
91.201.113.132 - - [09/Mar/2026:18:41:33 +0800] "GET /stats/usage_202602.html HTTP/1.0" 200 110401 "https://dactor-otr-havalpro.ru/" "Mozilla/5.0 (Windows NT 10.0; Win64; x64) AppleWebKit/537.36 (KHTML, like Gecko) Chrome/131.0.0.0 Safari/537.36"
91.201.113.132 - - [09/Mar/2026:18:41:35 +0800] "GET /stats/usage_202602.html HTTP/1.0" 200 110401 "https://dactor-otr-havalpro.ru/" "Mozilla/5.0 (Windows NT 10.0; Win64; x64) AppleWebKit/537.36 (KHTML, like Gecko) Chrome/130.0.0.0 Safari/537.36"
91.201.113.132 - - [09/Mar/2026:18:41:37 +0800] "GET /stats/usage_202602.html HTTP/1.0" 200 110401 "https://dactor-otr-havalpro.ru/" "Mozilla/5.0 (Windows NT 10.0; Win64; x64) AppleWebKit/537.36 (KHTML, like Gecko) Chrome/131.0.0.0 Safari/537.36 Avast/131.0.0.0"
23.21.225.190 - - [09/Mar/2026:18:43:17 +0800] "GET /icon/clock/ HTTP/1.1" 200 446 "-" "Mozilla/5.0 AppleWebKit/537.36 (KHTML, like Gecko; compatible; Amazonbot/0.1; +https://developer.amazon.com/support/amazonbot) Chrome/119.0.6045.214 Safari/537.36"
109.107.186.56 - - [09/Mar/2026:18:48:56 +0800] "GET http://megafortris.com.hk/stats/usage_202412.html HTTP/1.0" 400 22 "https://seo-creative.ru/" "Mozilla/5.0 (Windows NT 10.0; Win64; x64) AppleWebKit/537.36 (KHTML, like Gecko) Chrome/130.0.0.0 Safari/537.36"
109.107.186.56 - - [09/Mar/2026:18:49:13 +0800] "GET http://megafortris.com.hk/stats/usage_202412.html HTTP/1.0" 400 22 "https://seo-creative.ru/" "Mozilla/5.0 (Windows NT 10.0; Win64; x64) AppleWebKit/537.36 (KHTML, like Gecko) Chrome/130.0.0.0 Safari/537.36 CCleaner/130.0.0.0"
109.107.186.56 - - [09/Mar/2026:18:49:31 +0800] "GET http://megafortris.com.hk/stats/usage_202412.html HTTP/1.0" 400 22 "https://seo-creative.ru/" "Mozilla/5.0 (Windows NT 10.0; Win64; x64) AppleWebKit/537.36 (KHTML, like Gecko) Chrome/131.0.0.0 Safari/537.36 Avast/131.0.0.0"
109.107.186.56 - - [09/Mar/2026:18:51:02 +0800] "GET http://www.megafortris.com.hk/stats/usage_202506.html HTTP/1.0" 400 22 "https://seo-creative.ru/" "Mozilla/5.0 (Windows NT 10.0; Win64; x64) AppleWebKit/537.36 (KHTML, like Gecko) Chrome/130.0.0.0 Safari/537.36 CCleaner/130.0.0.0"
109.107.186.56 - - [09/Mar/2026:18:51:19 +0800] "GET http://www.megafortris.com.hk/stats/usage_202506.html HTTP/1.0" 400 22 "https://seo-creative.ru/" "Mozilla/5.0 (Windows NT 10.0; Win64; x64) AppleWebKit/537.36 (KHTML, like Gecko) Chrome/131.0.0.0 Safari/537.36 Avast/131.0.0.0"
12.50.107.220 - - [09/Mar/2026:18:51:27 +0800] "GET /stats/usage_202506.html HTTP/1.0" 200 110056 "https://seo-creative.ru/" "Mozilla/5.0 (Windows NT 10.0; Win64; x64) AppleWebKit/537.36 (KHTML, like Gecko) Chrome/129.0.0.0 Safari/537.36"
91.201.113.132 - - [09/Mar/2026:18:52:06 +0800] "GET /stats/usage_202602.html HTTP/1.0" 200 110401 "https://dactor-otr-havalpro.ru/" "Mozilla/5.0 (Windows NT 10.0; Win64; x64) AppleWebKit/537.36 (KHTML, like Gecko) Chrome/131.0.0.0 Safari/537.36"
91.201.113.132 - - [09/Mar/2026:18:52:08 +0800] "GET /stats/usage_202602.html HTTP/1.0" 200 110401 "https://dactor-otr-havalpro.ru/" "Mozilla/5.0 (Windows NT 10.0; Win64; x64) AppleWebKit/537.36 (KHTML, like Gecko) Chrome/131.0.0.0 Safari/537.36 Avast/131.0.0.0"
91.201.113.132 - - [09/Mar/2026:18:52:11 +0800] "GET /stats/usage_202602.html HTTP/1.0" 200 110401 "https://dactor-otr-havalpro.ru/" "Mozilla/5.0 (Windows NT 10.0; Win64; x64) AppleWebKit/537.36 (KHTML, like Gecko) Chrome/130.0.0.0 Safari/537.36"
91.201.113.132 - - [09/Mar/2026:18:52:36 +0800] "GET /stats/usage_202602.html HTTP/1.0" 200 110401 "https://dactor-otr-havalpro.ru/" "Mozilla/5.0 (Windows NT 10.0; Win64; x64) AppleWebKit/537.36 (KHTML, like Gecko) Chrome/130.0.0.0 Safari/537.36"
91.201.113.132 - - [09/Mar/2026:18:52:38 +0800] "GET /stats/usage_202602.html HTTP/1.0" 200 110401 "https://dactor-otr-havalpro.ru/" "Mozilla/5.0 (Windows NT 10.0; Win64; x64) AppleWebKit/537.36 (KHTML, like Gecko) Chrome/130.0.0.0 Safari/537.36"
91.201.113.132 - - [09/Mar/2026:18:52:40 +0800] "GET /stats/usage_202602.html HTTP/1.0" 200 110401 "https://dactor-otr-havalpro.ru/" "Mozilla/5.0 (Windows NT 10.0; Win64; x64) AppleWebKit/537.36 (KHTML, like Gecko) Chrome/131.0.0.0 Safari/537.36"
91.201.113.132 - - [09/Mar/2026:19:03:06 +0800] "GET /stats/usage_202602.html HTTP/1.0" 200 110401 "https://dactor-otr-havalpro.ru/" "Mozilla/5.0 (Windows NT 10.0; Win64; x64) AppleWebKit/537.36 (KHTML, like Gecko) Chrome/131.0.0.0 Safari/537.36 Avast/131.0.0.0"
91.201.113.132 - - [09/Mar/2026:19:03:09 +0800] "GET /stats/usage_202602.html HTTP/1.0" 200 110401 "https://dactor-otr-havalpro.ru/" "Mozilla/5.0 (Windows NT 10.0; Win64; x64) AppleWebKit/537.36 (KHTML, like Gecko) Chrome/130.0.0.0 Safari/537.36 CCleaner/130.0.0.0"
91.201.113.132 - - [09/Mar/2026:19:03:11 +0800] "GET /stats/usage_202602.html HTTP/1.0" 200 110401 "https://dactor-otr-havalpro.ru/" "Mozilla/5.0 (Windows NT 10.0; Win64; x64) AppleWebKit/537.36 (KHTML, like Gecko) Chrome/130.0.0.0 Safari/537.36"
91.201.113.132 - - [09/Mar/2026:19:03:34 +0800] "GET /stats/usage_202602.html HTTP/1.0" 200 110401 "https://dactor-otr-havalpro.ru/" "Mozilla/5.0 (Windows NT 10.0; Win64; x64) AppleWebKit/537.36 (KHTML, like Gecko) Chrome/130.0.0.0 Safari/537.36"
91.201.113.132 - - [09/Mar/2026:19:03:36 +0800] "GET /stats/usage_202602.html HTTP/1.0" 200 110401 "https://dactor-otr-havalpro.ru/" "Mozilla/5.0 (Windows NT 10.0; Win64; x64) AppleWebKit/537.36 (KHTML, like Gecko) Chrome/130.0.0.0 Safari/537.36"
91.201.113.132 - - [09/Mar/2026:19:03:39 +0800] "GET /stats/usage_202602.html HTTP/1.0" 200 110401 "https://dactor-otr-havalpro.ru/" "Mozilla/5.0 (Windows NT 10.0; Win64; x64) AppleWebKit/537.36 (KHTML, like Gecko) Chrome/130.0.0.0 Safari/537.36 CCleaner/130.0.0.0"
31.133.32.102 - - [09/Mar/2026:19:07:21 +0800] "GET /stats/usage_202412.html HTTP/1.0" 200 111016 "https://seo-creative.ru/" "Mozilla/5.0 (Windows NT 10.0; Win64; x64) AppleWebKit/537.36 (KHTML, like Gecko) Chrome/131.0.0.0 Safari/537.36 Avast/131.0.0.0"
109.107.186.56 - - [09/Mar/2026:19:07:39 +0800] "GET http://megafortris.com.hk/stats/usage_202412.html HTTP/1.0" 400 22 "https://seo-creative.ru/" "Mozilla/5.0 (Windows NT 10.0; Win64; x64) AppleWebKit/537.36 (KHTML, like Gecko) Chrome/129.0.0.0 Safari/537.36"
202.55.67.194 - - [09/Mar/2026:19:07:56 +0800] "GET http://megafortris.com.hk/stats/usage_202412.html HTTP/1.0" 400 22 "https://seo-creative.ru/" "Mozilla/5.0 (Windows NT 10.0; Win64; x64) AppleWebKit/537.36 (KHTML, like Gecko) Chrome/131.0.0.0 Safari/537.36"
12.50.107.220 - - [09/Mar/2026:19:09:19 +0800] "GET /stats/usage_202506.html HTTP/1.0" 200 110056 "https://seo-creative.ru/" "Mozilla/5.0 (Windows NT 10.0; Win64; x64) AppleWebKit/537.36 (KHTML, like Gecko) Chrome/130.0.0.0 Safari/537.36"
12.50.107.220 - - [09/Mar/2026:19:09:32 +0800] "GET /stats/usage_202506.html HTTP/1.0" 200 110056 "https://seo-creative.ru/" "Mozilla/5.0 (Windows NT 10.0; Win64; x64) AppleWebKit/537.36 (KHTML, like Gecko) Chrome/131.0.0.0 Safari/537.36"
109.107.186.56 - - [09/Mar/2026:19:09:50 +0800] "GET http://www.megafortris.com.hk/stats/usage_202506.html HTTP/1.0" 400 22 "https://seo-creative.ru/" "Mozilla/5.0 (Windows NT 10.0; Win64; x64) AppleWebKit/537.36 (KHTML, like Gecko) Chrome/130.0.0.0 Safari/537.36 CCleaner/130.0.0.0"
91.201.113.132 - - [09/Mar/2026:19:14:08 +0800] "GET /stats/usage_202602.html HTTP/1.0" 200 110401 "https://dactor-otr-havalpro.ru/" "Mozilla/5.0 (Windows NT 10.0; Win64; x64) AppleWebKit/537.36 (KHTML, like Gecko) Chrome/130.0.0.0 Safari/537.36"
91.201.113.132 - - [09/Mar/2026:19:14:10 +0800] "GET /stats/usage_202602.html HTTP/1.0" 200 110401 "https://dactor-otr-havalpro.ru/" "Mozilla/5.0 (Windows NT 10.0; Win64; x64) AppleWebKit/537.36 (KHTML, like Gecko) Chrome/129.0.0.0 Safari/537.36"
91.201.113.132 - - [09/Mar/2026:19:14:12 +0800] "GET /stats/usage_202602.html HTTP/1.0" 200 110401 "https://dactor-otr-havalpro.ru/" "Mozilla/5.0 (Windows NT 10.0; Win64; x64) AppleWebKit/537.36 (KHTML, like Gecko) Chrome/131.0.0.0 Safari/537.36"
91.201.113.132 - - [09/Mar/2026:19:14:37 +0800] "GET /stats/usage_202602.html HTTP/1.0" 200 110401 "https://dactor-otr-havalpro.ru/" "Mozilla/5.0 (Windows NT 10.0; Win64; x64) AppleWebKit/537.36 (KHTML, like Gecko) Chrome/130.0.0.0 Safari/537.36 CCleaner/130.0.0.0"
91.201.113.132 - - [09/Mar/2026:19:14:39 +0800] "GET /stats/usage_202602.html HTTP/1.0" 200 110401 "https://dactor-otr-havalpro.ru/" "Mozilla/5.0 (Windows NT 10.0; Win64; x64) AppleWebKit/537.36 (KHTML, like Gecko) Chrome/130.0.0.0 Safari/537.36"
91.201.113.132 - - [09/Mar/2026:19:14:41 +0800] "GET /stats/usage_202602.html HTTP/1.0" 200 110401 "https://dactor-otr-havalpro.ru/" "Mozilla/5.0 (Windows NT 10.0; Win64; x64) AppleWebKit/537.36 (KHTML, like Gecko) Chrome/131.0.0.0 Safari/537.36 Avast/131.0.0.0"
52.71.218.25 - - [09/Mar/2026:19:17:31 +0800] "GET /awstatsicons/clock/?C=N;O%3DA HTTP/1.1" 200 453 "-" "Mozilla/5.0 AppleWebKit/537.36 (KHTML, like Gecko; compatible; Amazonbot/0.1; +https://developer.amazon.com/support/amazonbot) Chrome/119.0.6045.214 Safari/537.36"
91.201.113.132 - - [09/Mar/2026:19:25:08 +0800] "GET /stats/usage_202602.html HTTP/1.0" 200 110401 "https://dactor-otr-havalpro.ru/" "Mozilla/5.0 (Windows NT 10.0; Win64; x64) AppleWebKit/537.36 (KHTML, like Gecko) Chrome/130.0.0.0 Safari/537.36"
91.201.113.132 - - [09/Mar/2026:19:25:10 +0800] "GET /stats/usage_202602.html HTTP/1.0" 200 110401 "https://dactor-otr-havalpro.ru/" "Mozilla/5.0 (Windows NT 10.0; Win64; x64) AppleWebKit/537.36 (KHTML, like Gecko) Chrome/131.0.0.0 Safari/537.36 Avast/131.0.0.0"
91.201.113.132 - - [09/Mar/2026:19:25:12 +0800] "GET /stats/usage_202602.html HTTP/1.0" 200 110401 "https://dactor-otr-havalpro.ru/" "Mozilla/5.0 (Windows NT 10.0; Win64; x64) AppleWebKit/537.36 (KHTML, like Gecko) Chrome/131.0.0.0 Safari/537.36 Avast/131.0.0.0"
91.201.113.132 - - [09/Mar/2026:19:25:37 +0800] "GET /stats/usage_202602.html HTTP/1.0" 200 110401 "https://dactor-otr-havalpro.ru/" "Mozilla/5.0 (Windows NT 10.0; Win64; x64) AppleWebKit/537.36 (KHTML, like Gecko) Chrome/130.0.0.0 Safari/537.36 CCleaner/130.0.0.0"
91.201.113.132 - - [09/Mar/2026:19:25:40 +0800] "GET /stats/usage_202602.html HTTP/1.0" 200 110401 "https://dactor-otr-havalpro.ru/" "Mozilla/5.0 (Windows NT 10.0; Win64; x64) AppleWebKit/537.36 (KHTML, like Gecko) Chrome/129.0.0.0 Safari/537.36"
91.201.113.132 - - [09/Mar/2026:19:25:42 +0800] "GET /stats/usage_202602.html HTTP/1.0" 200 110401 "https://dactor-otr-havalpro.ru/" "Mozilla/5.0 (Windows NT 10.0; Win64; x64) AppleWebKit/537.36 (KHTML, like Gecko) Chrome/131.0.0.0 Safari/537.36"
34.31.5.140 - - [09/Mar/2026:19:25:43 +0800] "GET /stats/usage_202412.html HTTP/1.0" 200 111016 "https://seo-creative.ru/" "Mozilla/5.0 (Windows NT 10.0; Win64; x64) AppleWebKit/537.36 (KHTML, like Gecko) Chrome/131.0.0.0 Safari/537.36"
109.107.186.56 - - [09/Mar/2026:19:26:01 +0800] "GET http://megafortris.com.hk/stats/usage_202412.html HTTP/1.0" 400 22 "https://seo-creative.ru/" "Mozilla/5.0 (Windows NT 10.0; Win64; x64) AppleWebKit/537.36 (KHTML, like Gecko) Chrome/129.0.0.0 Safari/537.36"
109.107.186.56 - - [09/Mar/2026:19:26:18 +0800] "GET http://megafortris.com.hk/stats/usage_202412.html HTTP/1.0" 400 22 "https://seo-creative.ru/" "Mozilla/5.0 (Windows NT 10.0; Win64; x64) AppleWebKit/537.36 (KHTML, like Gecko) Chrome/130.0.0.0 Safari/537.36 CCleaner/130.0.0.0"
109.107.186.56 - - [09/Mar/2026:19:28:01 +0800] "GET http://www.megafortris.com.hk/stats/usage_202506.html HTTP/1.0" 400 22 "https://seo-creative.ru/" "Mozilla/5.0 (Windows NT 10.0; Win64; x64) AppleWebKit/537.36 (KHTML, like Gecko) Chrome/130.0.0.0 Safari/537.36"
23.247.136.254 - - [09/Mar/2026:19:28:05 +0800] "GET /stats/usage_202506.html HTTP/1.0" 200 110056 "https://seo-creative.ru/" "Mozilla/5.0 (Windows NT 10.0; Win64; x64) AppleWebKit/537.36 (KHTML, like Gecko) Chrome/130.0.0.0 Safari/537.36"
109.107.186.56 - - [09/Mar/2026:19:28:23 +0800] "GET http://www.megafortris.com.hk/stats/usage_202506.html HTTP/1.0" 400 22 "https://seo-creative.ru/" "Mozilla/5.0 (Windows NT 10.0; Win64; x64) AppleWebKit/537.36 (KHTML, like Gecko) Chrome/129.0.0.0 Safari/537.36"
91.201.113.132 - - [09/Mar/2026:19:36:13 +0800] "GET /stats/usage_202602.html HTTP/1.0" 200 110401 "https://dactor-otr-havalpro.ru/" "Mozilla/5.0 (Windows NT 10.0; Win64; x64) AppleWebKit/537.36 (KHTML, like Gecko) Chrome/131.0.0.0 Safari/537.36"
91.201.113.132 - - [09/Mar/2026:19:36:15 +0800] "GET /stats/usage_202602.html HTTP/1.0" 200 110401 "https://dactor-otr-havalpro.ru/" "Mozilla/5.0 (Windows NT 10.0; Win64; x64) AppleWebKit/537.36 (KHTML, like Gecko) Chrome/130.0.0.0 Safari/537.36"
91.201.113.132 - - [09/Mar/2026:19:36:18 +0800] "GET /stats/usage_202602.html HTTP/1.0" 200 110401 "https://dactor-otr-havalpro.ru/" "Mozilla/5.0 (Windows NT 10.0; Win64; x64) AppleWebKit/537.36 (KHTML, like Gecko) Chrome/131.0.0.0 Safari/537.36 Avast/131.0.0.0"
91.201.113.132 - - [09/Mar/2026:19:36:42 +0800] "GET /stats/usage_202602.html HTTP/1.0" 200 110401 "https://dactor-otr-havalpro.ru/" "Mozilla/5.0 (Windows NT 10.0; Win64; x64) AppleWebKit/537.36 (KHTML, like Gecko) Chrome/131.0.0.0 Safari/537.36"
91.201.113.132 - - [09/Mar/2026:19:36:44 +0800] "GET /stats/usage_202602.html HTTP/1.0" 200 110401 "https://dactor-otr-havalpro.ru/" "Mozilla/5.0 (Windows NT 10.0; Win64; x64) AppleWebKit/537.36 (KHTML, like Gecko) Chrome/131.0.0.0 Safari/537.36"
91.201.113.132 - - [09/Mar/2026:19:36:46 +0800] "GET /stats/usage_202602.html HTTP/1.0" 200 110401 "https://dactor-otr-havalpro.ru/" "Mozilla/5.0 (Windows NT 10.0; Win64; x64) AppleWebKit/537.36 (KHTML, like Gecko) Chrome/131.0.0.0 Safari/537.36 Avast/131.0.0.0"
43.128.5.155 - - [09/Mar/2026:19:38:24 +0800] "GET /Maildir/?C=S;O=D HTTP/1.1" 200 341 "http://megafortris.com.hk/Maildir/?C=S;O=D" "Mozilla/5.0 (Macintosh; Intel Mac OS X 10_15_7) AppleWebKit/537.36 (KHTML, like Gecko) Chrome/123.0.0.0 Safari/537.36"
12.50.107.220 - - [09/Mar/2026:19:44:23 +0800] "GET /stats/usage_202412.html HTTP/1.0" 200 111016 "https://seo-creative.ru/" "Mozilla/5.0 (Windows NT 10.0; Win64; x64) AppleWebKit/537.36 (KHTML, like Gecko) Chrome/130.0.0.0 Safari/537.36 CCleaner/130.0.0.0"
109.107.186.56 - - [09/Mar/2026:19:45:04 +0800] "GET http://megafortris.com.hk/stats/usage_202412.html HTTP/1.0" 400 22 "https://seo-creative.ru/" "Mozilla/5.0 (Windows NT 10.0; Win64; x64) AppleWebKit/537.36 (KHTML, like Gecko) Chrome/131.0.0.0 Safari/537.36"
52.54.249.218 - - [09/Mar/2026:19:46:14 +0800] "GET /awstatsicons/os/?C=D;O%3DD HTTP/1.1" 200 1193 "-" "Mozilla/5.0 AppleWebKit/537.36 (KHTML, like Gecko; compatible; Amazonbot/0.1; +https://developer.amazon.com/support/amazonbot) Chrome/119.0.6045.214 Safari/537.36"
188.132.141.249 - - [09/Mar/2026:19:46:47 +0800] "GET /stats/usage_202506.html HTTP/1.1" 200 110056 "https://seo-creative.ru/" "Mozilla/5.0 (Windows NT 10.0; Win64; x64) AppleWebKit/537.36 (KHTML, like Gecko) Chrome/131.0.0.0 Safari/537.36"
91.201.113.132 - - [09/Mar/2026:19:47:15 +0800] "GET /stats/usage_202602.html HTTP/1.0" 200 110401 "https://dactor-otr-havalpro.ru/" "Mozilla/5.0 (Windows NT 10.0; Win64; x64) AppleWebKit/537.36 (KHTML, like Gecko) Chrome/130.0.0.0 Safari/537.36 CCleaner/130.0.0.0"
91.201.113.132 - - [09/Mar/2026:19:47:17 +0800] "GET /stats/usage_202602.html HTTP/1.0" 200 110401 "https://dactor-otr-havalpro.ru/" "Mozilla/5.0 (Windows NT 10.0; Win64; x64) AppleWebKit/537.36 (KHTML, like Gecko) Chrome/131.0.0.0 Safari/537.36 Avast/131.0.0.0"
91.201.113.132 - - [09/Mar/2026:19:47:20 +0800] "GET /stats/usage_202602.html HTTP/1.0" 200 110401 "https://dactor-otr-havalpro.ru/" "Mozilla/5.0 (Windows NT 10.0; Win64; x64) AppleWebKit/537.36 (KHTML, like Gecko) Chrome/130.0.0.0 Safari/537.36 CCleaner/130.0.0.0"
109.107.186.56 - - [09/Mar/2026:19:47:38 +0800] "GET http://www.megafortris.com.hk/stats/usage_202506.html HTTP/1.0" 400 22 "https://seo-creative.ru/" "Mozilla/5.0 (Windows NT 10.0; Win64; x64) AppleWebKit/537.36 (KHTML, like Gecko) Chrome/129.0.0.0 Safari/537.36"
91.201.113.132 - - [09/Mar/2026:19:47:44 +0800] "GET /stats/usage_202602.html HTTP/1.0" 200 110401 "https://dactor-otr-havalpro.ru/" "Mozilla/5.0 (Windows NT 10.0; Win64; x64) AppleWebKit/537.36 (KHTML, like Gecko) Chrome/131.0.0.0 Safari/537.36"
91.201.113.132 - - [09/Mar/2026:19:47:46 +0800] "GET /stats/usage_202602.html HTTP/1.0" 200 110401 "https://dactor-otr-havalpro.ru/" "Mozilla/5.0 (Windows NT 10.0; Win64; x64) AppleWebKit/537.36 (KHTML, like Gecko) Chrome/129.0.0.0 Safari/537.36"
23.247.136.254 - - [09/Mar/2026:19:47:47 +0800] "GET /stats/usage_202506.html HTTP/1.0" 200 110056 "https://seo-creative.ru/" "Mozilla/5.0 (Windows NT 10.0; Win64; x64) AppleWebKit/537.36 (KHTML, like Gecko) Chrome/129.0.0.0 Safari/537.36"
91.201.113.132 - - [09/Mar/2026:19:47:48 +0800] "GET /stats/usage_202602.html HTTP/1.0" 200 110401 "https://dactor-otr-havalpro.ru/" "Mozilla/5.0 (Windows NT 10.0; Win64; x64) AppleWebKit/537.36 (KHTML, like Gecko) Chrome/131.0.0.0 Safari/537.36"
91.201.113.132 - - [09/Mar/2026:19:58:04 +0800] "GET /stats/usage_202602.html HTTP/1.0" 200 110401 "https://dactor-otr-havalpro.ru/" "Mozilla/5.0 (Windows NT 10.0; Win64; x64) AppleWebKit/537.36 (KHTML, like Gecko) Chrome/130.0.0.0 Safari/537.36"
91.201.113.132 - - [09/Mar/2026:19:58:06 +0800] "GET /stats/usage_202602.html HTTP/1.0" 200 110401 "https://dactor-otr-havalpro.ru/" "Mozilla/5.0 (Windows NT 10.0; Win64; x64) AppleWebKit/537.36 (KHTML, like Gecko) Chrome/131.0.0.0 Safari/537.36 Avast/131.0.0.0"
91.201.113.132 - - [09/Mar/2026:19:58:08 +0800] "GET /stats/usage_202602.html HTTP/1.0" 200 110401 "https://dactor-otr-havalpro.ru/" "Mozilla/5.0 (Windows NT 10.0; Win64; x64) AppleWebKit/537.36 (KHTML, like Gecko) Chrome/130.0.0.0 Safari/537.36"
91.201.113.132 - - [09/Mar/2026:19:58:32 +0800] "GET /stats/usage_202602.html HTTP/1.0" 200 110401 "https://dactor-otr-havalpro.ru/" "Mozilla/5.0 (Windows NT 10.0; Win64; x64) AppleWebKit/537.36 (KHTML, like Gecko) Chrome/129.0.0.0 Safari/537.36"
91.201.113.132 - - [09/Mar/2026:19:58:35 +0800] "GET /stats/usage_202602.html HTTP/1.0" 200 110401 "https://dactor-otr-havalpro.ru/" "Mozilla/5.0 (Windows NT 10.0; Win64; x64) AppleWebKit/537.36 (KHTML, like Gecko) Chrome/131.0.0.0 Safari/537.36"
91.201.113.132 - - [09/Mar/2026:19:58:37 +0800] "GET /stats/usage_202602.html HTTP/1.0" 200 110401 "https://dactor-otr-havalpro.ru/" "Mozilla/5.0 (Windows NT 10.0; Win64; x64) AppleWebKit/537.36 (KHTML, like Gecko) Chrome/130.0.0.0 Safari/537.36 CCleaner/130.0.0.0"
109.107.186.56 - - [09/Mar/2026:20:02:56 +0800] "GET http://megafortris.com.hk/stats/usage_202412.html HTTP/1.0" 400 22 "https://seo-creative.ru/" "Mozilla/5.0 (Windows NT 10.0; Win64; x64) AppleWebKit/537.36 (KHTML, like Gecko) Chrome/130.0.0.0 Safari/537.36"
23.247.136.254 - - [09/Mar/2026:20:03:09 +0800] "GET /stats/usage_202412.html HTTP/1.0" 200 111016 "https://seo-creative.ru/" "Mozilla/5.0 (Windows NT 10.0; Win64; x64) AppleWebKit/537.36 (KHTML, like Gecko) Chrome/130.0.0.0 Safari/537.36"
109.107.186.56 - - [09/Mar/2026:20:03:27 +0800] "GET http://megafortris.com.hk/stats/usage_202412.html HTTP/1.0" 400 22 "https://seo-creative.ru/" "Mozilla/5.0 (Windows NT 10.0; Win64; x64) AppleWebKit/537.36 (KHTML, like Gecko) Chrome/131.0.0.0 Safari/537.36 Avast/131.0.0.0"
109.107.186.56 - - [09/Mar/2026:20:04:57 +0800] "GET http://www.megafortris.com.hk/stats/usage_202506.html HTTP/1.0" 400 22 "https://seo-creative.ru/" "Mozilla/5.0 (Windows NT 10.0; Win64; x64) AppleWebKit/537.36 (KHTML, like Gecko) Chrome/131.0.0.0 Safari/537.36"
192.73.244.36 - - [09/Mar/2026:20:04:59 +0800] "GET /stats/usage_202506.html HTTP/1.1" 200 110056 "https://seo-creative.ru/" "Mozilla/5.0 (Windows NT 10.0; Win64; x64) AppleWebKit/537.36 (KHTML, like Gecko) Chrome/130.0.0.0 Safari/537.36"
91.201.113.132 - - [09/Mar/2026:20:08:56 +0800] "GET /stats/usage_202602.html HTTP/1.0" 200 110401 "https://dactor-otr-havalpro.ru/" "Mozilla/5.0 (Windows NT 10.0; Win64; x64) AppleWebKit/537.36 (KHTML, like Gecko) Chrome/131.0.0.0 Safari/537.36 Avast/131.0.0.0"
91.201.113.132 - - [09/Mar/2026:20:08:58 +0800] "GET /stats/usage_202602.html HTTP/1.0" 200 110401 "https://dactor-otr-havalpro.ru/" "Mozilla/5.0 (Windows NT 10.0; Win64; x64) AppleWebKit/537.36 (KHTML, like Gecko) Chrome/131.0.0.0 Safari/537.36"
91.201.113.132 - - [09/Mar/2026:20:09:00 +0800] "GET /stats/usage_202602.html HTTP/1.0" 200 110401 "https://dactor-otr-havalpro.ru/" "Mozilla/5.0 (Windows NT 10.0; Win64; x64) AppleWebKit/537.36 (KHTML, like Gecko) Chrome/129.0.0.0 Safari/537.36"
91.201.113.132 - - [09/Mar/2026:20:09:25 +0800] "GET /stats/usage_202602.html HTTP/1.0" 200 110401 "https://dactor-otr-havalpro.ru/" "Mozilla/5.0 (Windows NT 10.0; Win64; x64) AppleWebKit/537.36 (KHTML, like Gecko) Chrome/130.0.0.0 Safari/537.36"
91.201.113.132 - - [09/Mar/2026:20:09:27 +0800] "GET /stats/usage_202602.html HTTP/1.0" 200 110401 "https://dactor-otr-havalpro.ru/" "Mozilla/5.0 (Windows NT 10.0; Win64; x64) AppleWebKit/537.36 (KHTML, like Gecko) Chrome/130.0.0.0 Safari/537.36 CCleaner/130.0.0.0"
91.201.113.132 - - [09/Mar/2026:20:09:29 +0800] "GET /stats/usage_202602.html HTTP/1.0" 200 110401 "https://dactor-otr-havalpro.ru/" "Mozilla/5.0 (Windows NT 10.0; Win64; x64) AppleWebKit/537.36 (KHTML, like Gecko) Chrome/131.0.0.0 Safari/537.36"
91.201.113.132 - - [09/Mar/2026:20:20:06 +0800] "GET /stats/usage_202602.html HTTP/1.0" 200 110401 "https://dactor-otr-havalpro.ru/" "Mozilla/5.0 (Windows NT 10.0; Win64; x64) AppleWebKit/537.36 (KHTML, like Gecko) Chrome/131.0.0.0 Safari/537.36"
91.201.113.132 - - [09/Mar/2026:20:20:08 +0800] "GET /stats/usage_202602.html HTTP/1.0" 200 110401 "https://dactor-otr-havalpro.ru/" "Mozilla/5.0 (Windows NT 10.0; Win64; x64) AppleWebKit/537.36 (KHTML, like Gecko) Chrome/131.0.0.0 Safari/537.36"
91.201.113.132 - - [09/Mar/2026:20:20:11 +0800] "GET /stats/usage_202602.html HTTP/1.0" 200 110401 "https://dactor-otr-havalpro.ru/" "Mozilla/5.0 (Windows NT 10.0; Win64; x64) AppleWebKit/537.36 (KHTML, like Gecko) Chrome/130.0.0.0 Safari/537.36"
109.107.186.56 - - [09/Mar/2026:20:20:27 +0800] "GET http://megafortris.com.hk/stats/usage_202412.html HTTP/1.0" 400 22 "https://seo-creative.ru/" "Mozilla/5.0 (Windows NT 10.0; Win64; x64) AppleWebKit/537.36 (KHTML, like Gecko) Chrome/129.0.0.0 Safari/537.36"
91.201.113.132 - - [09/Mar/2026:20:20:34 +0800] "GET /stats/usage_202602.html HTTP/1.0" 200 110401 "https://dactor-otr-havalpro.ru/" "Mozilla/5.0 (Windows NT 10.0; Win64; x64) AppleWebKit/537.36 (KHTML, like Gecko) Chrome/130.0.0.0 Safari/537.36"
23.247.136.254 - - [09/Mar/2026:20:20:35 +0800] "GET /stats/usage_202412.html HTTP/1.0" 200 111016 "https://seo-creative.ru/" "Mozilla/5.0 (Windows NT 10.0; Win64; x64) AppleWebKit/537.36 (KHTML, like Gecko) Chrome/131.0.0.0 Safari/537.36"
91.201.113.132 - - [09/Mar/2026:20:20:36 +0800] "GET /stats/usage_202602.html HTTP/1.0" 200 110401 "https://dactor-otr-havalpro.ru/" "Mozilla/5.0 (Windows NT 10.0; Win64; x64) AppleWebKit/537.36 (KHTML, like Gecko) Chrome/129.0.0.0 Safari/537.36"
91.201.113.132 - - [09/Mar/2026:20:20:38 +0800] "GET /stats/usage_202602.html HTTP/1.0" 200 110401 "https://dactor-otr-havalpro.ru/" "Mozilla/5.0 (Windows NT 10.0; Win64; x64) AppleWebKit/537.36 (KHTML, like Gecko) Chrome/129.0.0.0 Safari/537.36"
109.107.186.56 - - [09/Mar/2026:20:20:49 +0800] "GET http://megafortris.com.hk/stats/usage_202412.html HTTP/1.0" 400 22 "https://seo-creative.ru/" "Mozilla/5.0 (Windows NT 10.0; Win64; x64) AppleWebKit/537.36 (KHTML, like Gecko) Chrome/131.0.0.0 Safari/537.36"
31.133.32.102 - - [09/Mar/2026:20:22:17 +0800] "GET /stats/usage_202506.html HTTP/1.0" 200 110056 "https://seo-creative.ru/" "Mozilla/5.0 (Windows NT 10.0; Win64; x64) AppleWebKit/537.36 (KHTML, like Gecko) Chrome/130.0.0.0 Safari/537.36 CCleaner/130.0.0.0"
202.55.67.194 - - [09/Mar/2026:20:22:39 +0800] "GET http://www.megafortris.com.hk/stats/usage_202506.html HTTP/1.0" 400 22 "https://seo-creative.ru/" "Mozilla/5.0 (Windows NT 10.0; Win64; x64) AppleWebKit/537.36 (KHTML, like Gecko) Chrome/130.0.0.0 Safari/537.36"
109.107.186.56 - - [09/Mar/2026:20:22:56 +0800] "GET http://www.megafortris.com.hk/stats/usage_202506.html HTTP/1.0" 400 22 "https://seo-creative.ru/" "Mozilla/5.0 (Windows NT 10.0; Win64; x64) AppleWebKit/537.36 (KHTML, like Gecko) Chrome/129.0.0.0 Safari/537.36"
91.201.113.132 - - [09/Mar/2026:20:31:06 +0800] "GET /stats/usage_202602.html HTTP/1.0" 200 110401 "https://dactor-otr-havalpro.ru/" "Mozilla/5.0 (Windows NT 10.0; Win64; x64) AppleWebKit/537.36 (KHTML, like Gecko) Chrome/131.0.0.0 Safari/537.36"
91.201.113.132 - - [09/Mar/2026:20:31:08 +0800] "GET /stats/usage_202602.html HTTP/1.0" 200 110401 "https://dactor-otr-havalpro.ru/" "Mozilla/5.0 (Windows NT 10.0; Win64; x64) AppleWebKit/537.36 (KHTML, like Gecko) Chrome/130.0.0.0 Safari/537.36"
91.201.113.132 - - [09/Mar/2026:20:31:10 +0800] "GET /stats/usage_202602.html HTTP/1.0" 200 110401 "https://dactor-otr-havalpro.ru/" "Mozilla/5.0 (Windows NT 10.0; Win64; x64) AppleWebKit/537.36 (KHTML, like Gecko) Chrome/130.0.0.0 Safari/537.36"
91.201.113.132 - - [09/Mar/2026:20:31:35 +0800] "GET /stats/usage_202602.html HTTP/1.0" 200 110401 "https://dactor-otr-havalpro.ru/" "Mozilla/5.0 (Windows NT 10.0; Win64; x64) AppleWebKit/537.36 (KHTML, like Gecko) Chrome/131.0.0.0 Safari/537.36"
91.201.113.132 - - [09/Mar/2026:20:31:37 +0800] "GET /stats/usage_202602.html HTTP/1.0" 200 110401 "https://dactor-otr-havalpro.ru/" "Mozilla/5.0 (Windows NT 10.0; Win64; x64) AppleWebKit/537.36 (KHTML, like Gecko) Chrome/130.0.0.0 Safari/537.36 CCleaner/130.0.0.0"
91.201.113.132 - - [09/Mar/2026:20:31:39 +0800] "GET /stats/usage_202602.html HTTP/1.0" 200 110401 "https://dactor-otr-havalpro.ru/" "Mozilla/5.0 (Windows NT 10.0; Win64; x64) AppleWebKit/537.36 (KHTML, like Gecko) Chrome/129.0.0.0 Safari/537.36"
174.138.21.194 - - [09/Mar/2026:20:37:04 +0800] "GET / HTTP/1.1" 200 1396 "-" "Mozilla/5.0 (Windows NT 10.0; Win64; x64) AppleWebKit/537.36 (KHTML, like Gecko) Chrome/78.0.3904.108 Safari/537.36"
174.138.21.194 - - [09/Mar/2026:20:37:05 +0800] "GET / HTTP/1.1" 200 1396 "-" "Mozilla/5.0 (Windows NT 10.0; Win64; x64) AppleWebKit/537.36 (KHTML, like Gecko) Chrome/78.0.3904.108 Safari/537.36"
174.138.21.194 - - [09/Mar/2026:20:37:06 +0800] "GET /wp-includes/wlwmanifest.xml HTTP/1.1" 404 27 "-" "Mozilla/5.0 (Windows NT 10.0; Win64; x64) AppleWebKit/537.36 (KHTML, like Gecko) Chrome/78.0.3904.108 Safari/537.36"
174.138.21.194 - - [09/Mar/2026:20:37:10 +0800] "GET /xmlrpc.php?rsd HTTP/1.1" 404 27 "-" "Mozilla/5.0 (Windows NT 10.0; Win64; x64) AppleWebKit/537.36 (KHTML, like Gecko) Chrome/78.0.3904.108 Safari/537.36"
174.138.21.194 - - [09/Mar/2026:20:37:10 +0800] "GET / HTTP/1.1" 200 1396 "-" "Mozilla/5.0 (Windows NT 10.0; Win64; x64) AppleWebKit/537.36 (KHTML, like Gecko) Chrome/78.0.3904.108 Safari/537.36"
174.138.21.194 - - [09/Mar/2026:20:37:12 +0800] "GET /blog/wp-includes/wlwmanifest.xml HTTP/1.1" 404 27 "-" "Mozilla/5.0 (Windows NT 10.0; Win64; x64) AppleWebKit/537.36 (KHTML, like Gecko) Chrome/78.0.3904.108 Safari/537.36"
109.107.186.56 - - [09/Mar/2026:20:37:50 +0800] "GET http://megafortris.com.hk/stats/usage_202412.html HTTP/1.0" 400 22 "https://seo-creative.ru/" "Mozilla/5.0 (Windows NT 10.0; Win64; x64) AppleWebKit/537.36 (KHTML, like Gecko) Chrome/129.0.0.0 Safari/537.36"
109.107.186.56 - - [09/Mar/2026:20:38:34 +0800] "GET http://megafortris.com.hk/stats/usage_202412.html HTTP/1.0" 400 22 "https://seo-creative.ru/" "Mozilla/5.0 (Windows NT 10.0; Win64; x64) AppleWebKit/537.36 (KHTML, like Gecko) Chrome/130.0.0.0 Safari/537.36 CCleaner/130.0.0.0"
174.138.21.194 - - [09/Mar/2026:20:38:42 +0800] "GET /web/wp-includes/wlwmanifest.xml HTTP/1.1" 404 27 "-" "Mozilla/5.0 (Windows NT 10.0; Win64; x64) AppleWebKit/537.36 (KHTML, like Gecko) Chrome/78.0.3904.108 Safari/537.36"
174.138.21.194 - - [09/Mar/2026:20:38:43 +0800] "GET /wordpress/wp-includes/wlwmanifest.xml HTTP/1.1" 404 27 "-" "Mozilla/5.0 (Windows NT 10.0; Win64; x64) AppleWebKit/537.36 (KHTML, like Gecko) Chrome/78.0.3904.108 Safari/537.36"
174.138.21.194 - - [09/Mar/2026:20:38:44 +0800] "GET /website/wp-includes/wlwmanifest.xml HTTP/1.1" 404 27 "-" "Mozilla/5.0 (Windows NT 10.0; Win64; x64) AppleWebKit/537.36 (KHTML, like Gecko) Chrome/78.0.3904.108 Safari/537.36"
174.138.21.194 - - [09/Mar/2026:20:39:07 +0800] "GET /news/wp-includes/wlwmanifest.xml HTTP/1.1" 404 27 "-" "Mozilla/5.0 (Windows NT 10.0; Win64; x64) AppleWebKit/537.36 (KHTML, like Gecko) Chrome/78.0.3904.108 Safari/537.36"
174.138.21.194 - - [09/Mar/2026:20:39:08 +0800] "GET /2018/wp-includes/wlwmanifest.xml HTTP/1.1" 404 27 "-" "Mozilla/5.0 (Windows NT 10.0; Win64; x64) AppleWebKit/537.36 (KHTML, like Gecko) Chrome/78.0.3904.108 Safari/537.36"
174.138.21.194 - - [09/Mar/2026:20:39:10 +0800] "GET /2019/wp-includes/wlwmanifest.xml HTTP/1.1" 404 27 "-" "Mozilla/5.0 (Windows NT 10.0; Win64; x64) AppleWebKit/537.36 (KHTML, like Gecko) Chrome/78.0.3904.108 Safari/537.36"
174.138.21.194 - - [09/Mar/2026:20:39:11 +0800] "GET /shop/wp-includes/wlwmanifest.xml HTTP/1.1" 404 27 "-" "Mozilla/5.0 (Windows NT 10.0; Win64; x64) AppleWebKit/537.36 (KHTML, like Gecko) Chrome/78.0.3904.108 Safari/537.36"
138.91.159.185 - - [09/Mar/2026:20:39:48 +0800] "GET /stats/usage_202506.html HTTP/1.1" 200 110056 "https://seo-creative.ru/" "Mozilla/5.0 (Windows NT 10.0; Win64; x64) AppleWebKit/537.36 (KHTML, like Gecko) Chrome/130.0.0.0 Safari/537.36"
109.107.186.56 - - [09/Mar/2026:20:40:06 +0800] "GET http://www.megafortris.com.hk/stats/usage_202506.html HTTP/1.0" 400 22 "https://seo-creative.ru/" "Mozilla/5.0 (Windows NT 10.0; Win64; x64) AppleWebKit/537.36 (KHTML, like Gecko) Chrome/131.0.0.0 Safari/537.36 Avast/131.0.0.0"
109.107.186.56 - - [09/Mar/2026:20:40:23 +0800] "GET http://www.megafortris.com.hk/stats/usage_202506.html HTTP/1.0" 400 22 "https://seo-creative.ru/" "Mozilla/5.0 (Windows NT 10.0; Win64; x64) AppleWebKit/537.36 (KHTML, like Gecko) Chrome/131.0.0.0 Safari/537.36 Avast/131.0.0.0"
174.138.21.194 - - [09/Mar/2026:20:40:42 +0800] "GET /wp1/wp-includes/wlwmanifest.xml HTTP/1.1" 404 27 "-" "Mozilla/5.0 (Windows NT 10.0; Win64; x64) AppleWebKit/537.36 (KHTML, like Gecko) Chrome/78.0.3904.108 Safari/537.36"
174.138.21.194 - - [09/Mar/2026:20:40:44 +0800] "GET /test/wp-includes/wlwmanifest.xml HTTP/1.1" 404 27 "-" "Mozilla/5.0 (Windows NT 10.0; Win64; x64) AppleWebKit/537.36 (KHTML, like Gecko) Chrome/78.0.3904.108 Safari/537.36"
174.138.21.194 - - [09/Mar/2026:20:40:46 +0800] "GET /media/wp-includes/wlwmanifest.xml HTTP/1.1" 404 27 "-" "Mozilla/5.0 (Windows NT 10.0; Win64; x64) AppleWebKit/537.36 (KHTML, like Gecko) Chrome/78.0.3904.108 Safari/537.36"
174.138.21.194 - - [09/Mar/2026:20:40:47 +0800] "GET /wp2/wp-includes/wlwmanifest.xml HTTP/1.1" 404 27 "-" "Mozilla/5.0 (Windows NT 10.0; Win64; x64) AppleWebKit/537.36 (KHTML, like Gecko) Chrome/78.0.3904.108 Safari/537.36"
174.138.21.194 - - [09/Mar/2026:20:40:50 +0800] "GET /site/wp-includes/wlwmanifest.xml HTTP/1.1" 404 27 "-" "Mozilla/5.0 (Windows NT 10.0; Win64; x64) AppleWebKit/537.36 (KHTML, like Gecko) Chrome/78.0.3904.108 Safari/537.36"
174.138.21.194 - - [09/Mar/2026:20:40:51 +0800] "GET /cms/wp-includes/wlwmanifest.xml HTTP/1.1" 404 27 "-" "Mozilla/5.0 (Windows NT 10.0; Win64; x64) AppleWebKit/537.36 (KHTML, like Gecko) Chrome/78.0.3904.108 Safari/537.36"
174.138.21.194 - - [09/Mar/2026:20:40:54 +0800] "GET /sito/wp-includes/wlwmanifest.xml HTTP/1.1" 404 27 "-" "Mozilla/5.0 (Windows NT 10.0; Win64; x64) AppleWebKit/537.36 (KHTML, like Gecko) Chrome/78.0.3904.108 Safari/537.36"
87.121.84.97 - - [09/Mar/2026:20:41:31 +0800] "GET /js/_system/jQuery-File-Upload/server/php/index.php?file=tf2rghf.jpg HTTP/1.1" 404 27 "-" "ALittle Client"
91.201.113.132 - - [09/Mar/2026:20:42:05 +0800] "GET /stats/usage_202602.html HTTP/1.0" 200 110401 "https://dactor-otr-havalpro.ru/" "Mozilla/5.0 (Windows NT 10.0; Win64; x64) AppleWebKit/537.36 (KHTML, like Gecko) Chrome/129.0.0.0 Safari/537.36"
91.201.113.132 - - [09/Mar/2026:20:42:07 +0800] "GET /stats/usage_202602.html HTTP/1.0" 200 110401 "https://dactor-otr-havalpro.ru/" "Mozilla/5.0 (Windows NT 10.0; Win64; x64) AppleWebKit/537.36 (KHTML, like Gecko) Chrome/130.0.0.0 Safari/537.36 CCleaner/130.0.0.0"
91.201.113.132 - - [09/Mar/2026:20:42:09 +0800] "GET /stats/usage_202602.html HTTP/1.0" 200 110401 "https://dactor-otr-havalpro.ru/" "Mozilla/5.0 (Windows NT 10.0; Win64; x64) AppleWebKit/537.36 (KHTML, like Gecko) Chrome/131.0.0.0 Safari/537.36"
91.201.113.132 - - [09/Mar/2026:20:42:34 +0800] "GET /stats/usage_202602.html HTTP/1.0" 200 110401 "https://dactor-otr-havalpro.ru/" "Mozilla/5.0 (Windows NT 10.0; Win64; x64) AppleWebKit/537.36 (KHTML, like Gecko) Chrome/130.0.0.0 Safari/537.36 CCleaner/130.0.0.0"
91.201.113.132 - - [09/Mar/2026:20:42:36 +0800] "GET /stats/usage_202602.html HTTP/1.0" 200 110401 "https://dactor-otr-havalpro.ru/" "Mozilla/5.0 (Windows NT 10.0; Win64; x64) AppleWebKit/537.36 (KHTML, like Gecko) Chrome/130.0.0.0 Safari/537.36 CCleaner/130.0.0.0"
91.201.113.132 - - [09/Mar/2026:20:42:38 +0800] "GET /stats/usage_202602.html HTTP/1.0" 200 110401 "https://dactor-otr-havalpro.ru/" "Mozilla/5.0 (Windows NT 10.0; Win64; x64) AppleWebKit/537.36 (KHTML, like Gecko) Chrome/130.0.0.0 Safari/537.36 CCleaner/130.0.0.0"
20.163.110.166 - - [09/Mar/2026:20:47:31 +0800] "GET /wp-content/plugins/hellopress/wp_filemanager.php HTTP/1.1" 400 22 "-" "-"
20.163.110.166 - - [09/Mar/2026:20:47:33 +0800] "GET /gfile.php HTTP/1.1" 400 22 "-" "-"
20.163.110.166 - - [09/Mar/2026:20:47:34 +0800] "GET /a2.php HTTP/1.1" 400 22 "-" "-"
20.163.110.166 - - [09/Mar/2026:20:47:35 +0800] "GET /sty.php HTTP/1.1" 400 22 "-" "-"
20.163.110.166 - - [09/Mar/2026:20:47:37 +0800] "GET //h.php HTTP/1.1" 400 22 "-" "-"
20.163.110.166 - - [09/Mar/2026:20:47:39 +0800] "GET /g.php HTTP/1.1" 400 22 "-" "-"
20.163.110.166 - - [09/Mar/2026:20:47:40 +0800] "GET /pp.php HTTP/1.1" 400 22 "-" "-"
20.163.110.166 - - [09/Mar/2026:20:47:41 +0800] "GET //sys.php HTTP/1.1" 400 22 "-" "-"
20.163.110.166 - - [09/Mar/2026:20:47:43 +0800] "GET /txets.php HTTP/1.1" 400 22 "-" "-"
20.163.110.166 - - [09/Mar/2026:20:47:45 +0800] "GET /tt.php HTTP/1.1" 400 22 "-" "-"
20.163.110.166 - - [09/Mar/2026:20:47:46 +0800] "GET /wp9.php HTTP/1.1" 400 22 "-" "-"
20.163.110.166 - - [09/Mar/2026:20:48:08 +0800] "GET /wdf.php HTTP/1.1" 400 22 "-" "-"
20.163.110.166 - - [09/Mar/2026:20:48:09 +0800] "GET /fleen.php HTTP/1.1" 400 22 "-" "-"
20.163.110.166 - - [09/Mar/2026:20:48:11 +0800] "GET /wp-tem.php HTTP/1.1" 400 22 "-" "-"
20.163.110.166 - - [09/Mar/2026:20:48:12 +0800] "GET /av6m.php HTTP/1.1" 400 22 "-" "-"
20.163.110.166 - - [09/Mar/2026:20:48:13 +0800] "GET /autogooey.php HTTP/1.1" 400 22 "-" "-"
20.163.110.166 - - [09/Mar/2026:20:48:15 +0800] "GET /btx25.php HTTP/1.1" 400 22 "-" "-"
20.163.110.166 - - [09/Mar/2026:20:48:16 +0800] "GET /mga.php HTTP/1.1" 400 22 "-" "-"
20.163.110.166 - - [09/Mar/2026:20:48:17 +0800] "GET /maxro.php HTTP/1.1" 400 22 "-" "-"
20.163.110.166 - - [09/Mar/2026:20:48:19 +0800] "GET /pass4.php HTTP/1.1" 400 22 "-" "-"
20.163.110.166 - - [09/Mar/2026:20:48:21 +0800] "GET /wsvvs.php HTTP/1.1" 400 22 "-" "-"
20.163.110.166 - - [09/Mar/2026:20:48:22 +0800] "GET /G-In.php HTTP/1.1" 400 22 "-" "-"
20.163.110.166 - - [09/Mar/2026:20:48:23 +0800] "GET //edit.php HTTP/1.1" 400 22 "-" "-"
20.163.110.166 - - [09/Mar/2026:20:48:25 +0800] "GET /ioxi-o.php HTTP/1.1" 400 22 "-" "-"
20.163.110.166 - - [09/Mar/2026:20:48:26 +0800] "GET /wp-content/admin.php HTTP/1.1" 400 22 "-" "-"
20.163.110.166 - - [09/Mar/2026:20:48:28 +0800] "GET /66.php HTTP/1.1" 400 22 "-" "-"
20.163.110.166 - - [09/Mar/2026:20:48:29 +0800] "GET //wp-includes/js/tinymce/themes/inlite/ HTTP/1.1" 400 22 "-" "-"
20.163.110.166 - - [09/Mar/2026:20:48:51 +0800] "GET //wp-admin/images/wp-conflg.php?p= HTTP/1.1" 400 22 "-" "-"
20.163.110.166 - - [09/Mar/2026:20:48:54 +0800] "GET //assets/css/index.php HTTP/1.1" 400 22 "-" "-"
20.163.110.166 - - [09/Mar/2026:20:48:55 +0800] "GET /sc.php HTTP/1.1" 400 22 "-" "-"
20.163.110.166 - - [09/Mar/2026:20:48:57 +0800] "GET /xmlrpc.php HTTP/1.1" 400 22 "-" "-"
20.163.110.166 - - [09/Mar/2026:20:48:58 +0800] "GET /ol.php HTTP/1.1" 400 22 "-" "-"
20.163.110.166 - - [09/Mar/2026:20:49:00 +0800] "GET //f6.php HTTP/1.1" 400 22 "-" "-"
20.163.110.166 - - [09/Mar/2026:20:49:02 +0800] "GET //inputs.php HTTP/1.1" 400 22 "-" "-"
20.163.110.166 - - [09/Mar/2026:20:49:04 +0800] "GET /style.php HTTP/1.1" 400 22 "-" "-"
20.163.110.166 - - [09/Mar/2026:20:49:06 +0800] "GET /bgymj.php HTTP/1.1" 400 22 "-" "-"
20.163.110.166 - - [09/Mar/2026:20:49:08 +0800] "GET //aa.php HTTP/1.1" 400 22 "-" "-"
20.163.110.166 - - [09/Mar/2026:20:49:10 +0800] "GET //1.php HTTP/1.1" 400 22 "-" "-"
20.163.110.166 - - [09/Mar/2026:20:49:12 +0800] "GET //sc.php HTTP/1.1" 400 22 "-" "-"
20.163.110.166 - - [09/Mar/2026:20:49:13 +0800] "GET //av.php HTTP/1.1" 400 22 "-" "-"
20.163.110.166 - - [09/Mar/2026:20:49:14 +0800] "GET /file.php? HTTP/1.1" 400 22 "-" "-"
20.163.110.166 - - [09/Mar/2026:20:49:16 +0800] "GET /666.php HTTP/1.1" 400 22 "-" "-"
20.163.110.166 - - [09/Mar/2026:20:49:18 +0800] "GET /bless.php HTTP/1.1" 400 22 "-" "-"
20.163.110.166 - - [09/Mar/2026:20:49:19 +0800] "GET /wp9.php HTTP/1.1" 400 22 "-" "-"
20.163.110.166 - - [09/Mar/2026:20:49:20 +0800] "GET /wp-act.php HTTP/1.1" 400 22 "-" "-"
20.163.110.166 - - [09/Mar/2026:20:49:23 +0800] "GET /wp-admin/css/bolt.php HTTP/1.1" 400 22 "-" "-"
20.163.110.166 - - [09/Mar/2026:20:49:26 +0800] "GET /06.php HTTP/1.1" 400 22 "-" "-"
20.163.110.166 - - [09/Mar/2026:20:49:29 +0800] "GET /wp-content/themes/index.php HTTP/1.1" 400 22 "-" "-"
20.163.110.166 - - [09/Mar/2026:20:49:30 +0800] "GET /tinyfilemanager.php?p= HTTP/1.1" 400 22 "-" "-"
20.163.110.166 - - [09/Mar/2026:20:49:52 +0800] "GET //wp-content/plugins/erinyani/ HTTP/1.1" 400 22 "-" "-"
20.163.110.166 - - [09/Mar/2026:20:49:53 +0800] "GET /wdf.php HTTP/1.1" 400 22 "-" "-"
20.163.110.166 - - [09/Mar/2026:20:49:55 +0800] "GET /wp-update.php HTTP/1.1" 400 22 "-" "-"
20.163.110.166 - - [09/Mar/2026:20:49:57 +0800] "GET /x/ HTTP/1.1" 400 22 "-" "-"
20.163.110.166 - - [09/Mar/2026:20:49:58 +0800] "GET /wp-blog.php HTTP/1.1" 400 22 "-" "-"
20.163.110.166 - - [09/Mar/2026:20:49:59 +0800] "GET /test1.php HTTP/1.1" 400 22 "-" "-"
20.163.110.166 - - [09/Mar/2026:20:50:00 +0800] "GET //wp-includes/js/jquery/ HTTP/1.1" 400 22 "-" "-"
20.163.110.166 - - [09/Mar/2026:20:50:04 +0800] "GET /ms-edit.php HTTP/1.1" 400 22 "-" "-"
20.163.110.166 - - [09/Mar/2026:20:50:05 +0800] "GET //adminfuns.php HTTP/1.1" 400 22 "-" "-"
20.163.110.166 - - [09/Mar/2026:20:50:06 +0800] "GET /goods.php HTTP/1.1" 400 22 "-" "-"
20.163.110.166 - - [09/Mar/2026:20:50:07 +0800] "GET /ms-edit.php HTTP/1.1" 400 22 "-" "-"
