159.65.245.255 - - [08/Mar/2026:08:24:30 +0800] "GET /stats/usage_202506.html HTTP/1.1" 200 110056 "https://seo-creative.ru/" "Mozilla/5.0 (Windows NT 10.0; Win64; x64) AppleWebKit/537.36 (KHTML, like Gecko) Chrome/131.0.0.0 Safari/537.36"
17.22.245.148 - - [08/Mar/2026:08:31:41 +0800] "GET /awstatsicons/flags/mu.png HTTP/1.1" 200 214 "-" "Mozilla/5.0 (Macintosh; Intel Mac OS X 10_15_7) AppleWebKit/605.1.15 (KHTML, like Gecko) Version/17.4 Safari/605.1.15 (Applebot/0.1; +http://www.apple.com/go/applebot)"
91.201.113.132 - - [08/Mar/2026:08:33:39 +0800] "GET /stats/usage_202602.html HTTP/1.0" 200 110401 "https://dactor-otr-havalpro.ru/" "Mozilla/5.0 (Windows NT 10.0; Win64; x64) AppleWebKit/537.36 (KHTML, like Gecko) Chrome/129.0.0.0 Safari/537.36"
91.201.113.132 - - [08/Mar/2026:08:33:41 +0800] "GET /stats/usage_202602.html HTTP/1.0" 200 110401 "https://dactor-otr-havalpro.ru/" "Mozilla/5.0 (Windows NT 10.0; Win64; x64) AppleWebKit/537.36 (KHTML, like Gecko) Chrome/130.0.0.0 Safari/537.36"
91.201.113.132 - - [08/Mar/2026:08:33:43 +0800] "GET /stats/usage_202602.html HTTP/1.0" 200 110401 "https://dactor-otr-havalpro.ru/" "Mozilla/5.0 (Windows NT 10.0; Win64; x64) AppleWebKit/537.36 (KHTML, like Gecko) Chrome/131.0.0.0 Safari/537.36"
91.201.113.132 - - [08/Mar/2026:08:34:07 +0800] "GET /stats/usage_202602.html HTTP/1.0" 200 110401 "https://dactor-otr-havalpro.ru/" "Mozilla/5.0 (Windows NT 10.0; Win64; x64) AppleWebKit/537.36 (KHTML, like Gecko) Chrome/131.0.0.0 Safari/537.36 Avast/131.0.0.0"
91.201.113.132 - - [08/Mar/2026:08:34:09 +0800] "GET /stats/usage_202602.html HTTP/1.0" 200 110401 "https://dactor-otr-havalpro.ru/" "Mozilla/5.0 (Windows NT 10.0; Win64; x64) AppleWebKit/537.36 (KHTML, like Gecko) Chrome/130.0.0.0 Safari/537.36"
91.201.113.132 - - [08/Mar/2026:08:34:11 +0800] "GET /stats/usage_202602.html HTTP/1.0" 200 110401 "https://dactor-otr-havalpro.ru/" "Mozilla/5.0 (Windows NT 10.0; Win64; x64) AppleWebKit/537.36 (KHTML, like Gecko) Chrome/131.0.0.0 Safari/537.36 Avast/131.0.0.0"
188.132.141.249 - - [08/Mar/2026:08:39:13 +0800] "GET /stats/usage_202412.html HTTP/1.1" 200 111016 "https://seo-creative.ru/" "Mozilla/5.0 (Windows NT 10.0; Win64; x64) AppleWebKit/537.36 (KHTML, like Gecko) Chrome/130.0.0.0 Safari/537.36 CCleaner/130.0.0.0"
109.107.186.56 - - [08/Mar/2026:08:39:27 +0800] "GET http://megafortris.com.hk/stats/usage_202412.html HTTP/1.0" 400 22 "https://seo-creative.ru/" "Mozilla/5.0 (Windows NT 10.0; Win64; x64) AppleWebKit/537.36 (KHTML, like Gecko) Chrome/131.0.0.0 Safari/537.36"
167.99.124.118 - - [08/Mar/2026:08:39:45 +0800] "GET /stats/usage_202412.html HTTP/1.1" 200 111016 "https://seo-creative.ru/" "Mozilla/5.0 (Windows NT 10.0; Win64; x64) AppleWebKit/537.36 (KHTML, like Gecko) Chrome/131.0.0.0 Safari/537.36"
109.107.186.56 - - [08/Mar/2026:08:41:27 +0800] "GET http://www.megafortris.com.hk/stats/usage_202506.html HTTP/1.0" 400 22 "https://seo-creative.ru/" "Mozilla/5.0 (Windows NT 10.0; Win64; x64) AppleWebKit/537.36 (KHTML, like Gecko) Chrome/131.0.0.0 Safari/537.36"
109.107.186.56 - - [08/Mar/2026:08:41:44 +0800] "GET http://www.megafortris.com.hk/stats/usage_202506.html HTTP/1.0" 400 22 "https://seo-creative.ru/" "Mozilla/5.0 (Windows NT 10.0; Win64; x64) AppleWebKit/537.36 (KHTML, like Gecko) Chrome/129.0.0.0 Safari/537.36"
109.107.186.56 - - [08/Mar/2026:08:41:58 +0800] "GET http://www.megafortris.com.hk/stats/usage_202506.html HTTP/1.0" 400 22 "https://seo-creative.ru/" "Mozilla/5.0 (Windows NT 10.0; Win64; x64) AppleWebKit/537.36 (KHTML, like Gecko) Chrome/131.0.0.0 Safari/537.36"
91.201.113.132 - - [08/Mar/2026:08:44:51 +0800] "GET /stats/usage_202602.html HTTP/1.0" 200 110401 "https://dactor-otr-havalpro.ru/" "Mozilla/5.0 (Windows NT 10.0; Win64; x64) AppleWebKit/537.36 (KHTML, like Gecko) Chrome/129.0.0.0 Safari/537.36"
91.201.113.132 - - [08/Mar/2026:08:44:53 +0800] "GET /stats/usage_202602.html HTTP/1.0" 200 110401 "https://dactor-otr-havalpro.ru/" "Mozilla/5.0 (Windows NT 10.0; Win64; x64) AppleWebKit/537.36 (KHTML, like Gecko) Chrome/129.0.0.0 Safari/537.36"
91.201.113.132 - - [08/Mar/2026:08:44:55 +0800] "GET /stats/usage_202602.html HTTP/1.0" 200 110401 "https://dactor-otr-havalpro.ru/" "Mozilla/5.0 (Windows NT 10.0; Win64; x64) AppleWebKit/537.36 (KHTML, like Gecko) Chrome/131.0.0.0 Safari/537.36"
91.201.113.132 - - [08/Mar/2026:08:45:19 +0800] "GET /stats/usage_202602.html HTTP/1.0" 200 110401 "https://dactor-otr-havalpro.ru/" "Mozilla/5.0 (Windows NT 10.0; Win64; x64) AppleWebKit/537.36 (KHTML, like Gecko) Chrome/130.0.0.0 Safari/537.36"
91.201.113.132 - - [08/Mar/2026:08:45:21 +0800] "GET /stats/usage_202602.html HTTP/1.0" 200 110401 "https://dactor-otr-havalpro.ru/" "Mozilla/5.0 (Windows NT 10.0; Win64; x64) AppleWebKit/537.36 (KHTML, like Gecko) Chrome/129.0.0.0 Safari/537.36"
91.201.113.132 - - [08/Mar/2026:08:45:23 +0800] "GET /stats/usage_202602.html HTTP/1.0" 200 110401 "https://dactor-otr-havalpro.ru/" "Mozilla/5.0 (Windows NT 10.0; Win64; x64) AppleWebKit/537.36 (KHTML, like Gecko) Chrome/130.0.0.0 Safari/537.36"
91.201.113.132 - - [08/Mar/2026:08:56:00 +0800] "GET /stats/usage_202602.html HTTP/1.0" 200 110401 "https://dactor-otr-havalpro.ru/" "Mozilla/5.0 (Windows NT 10.0; Win64; x64) AppleWebKit/537.36 (KHTML, like Gecko) Chrome/129.0.0.0 Safari/537.36"
91.201.113.132 - - [08/Mar/2026:08:56:02 +0800] "GET /stats/usage_202602.html HTTP/1.0" 200 110401 "https://dactor-otr-havalpro.ru/" "Mozilla/5.0 (Windows NT 10.0; Win64; x64) AppleWebKit/537.36 (KHTML, like Gecko) Chrome/129.0.0.0 Safari/537.36"
91.201.113.132 - - [08/Mar/2026:08:56:04 +0800] "GET /stats/usage_202602.html HTTP/1.0" 200 110401 "https://dactor-otr-havalpro.ru/" "Mozilla/5.0 (Windows NT 10.0; Win64; x64) AppleWebKit/537.36 (KHTML, like Gecko) Chrome/130.0.0.0 Safari/537.36"
91.201.113.132 - - [08/Mar/2026:08:56:28 +0800] "GET /stats/usage_202602.html HTTP/1.0" 200 110401 "https://dactor-otr-havalpro.ru/" "Mozilla/5.0 (Windows NT 10.0; Win64; x64) AppleWebKit/537.36 (KHTML, like Gecko) Chrome/131.0.0.0 Safari/537.36 Avast/131.0.0.0"
91.201.113.132 - - [08/Mar/2026:08:56:30 +0800] "GET /stats/usage_202602.html HTTP/1.0" 200 110401 "https://dactor-otr-havalpro.ru/" "Mozilla/5.0 (Windows NT 10.0; Win64; x64) AppleWebKit/537.36 (KHTML, like Gecko) Chrome/131.0.0.0 Safari/537.36 Avast/131.0.0.0"
91.201.113.132 - - [08/Mar/2026:08:56:32 +0800] "GET /stats/usage_202602.html HTTP/1.0" 200 110401 "https://dactor-otr-havalpro.ru/" "Mozilla/5.0 (Windows NT 10.0; Win64; x64) AppleWebKit/537.36 (KHTML, like Gecko) Chrome/129.0.0.0 Safari/537.36"
109.107.186.56 - - [08/Mar/2026:08:56:41 +0800] "GET http://megafortris.com.hk/stats/usage_202412.html HTTP/1.0" 400 22 "https://seo-creative.ru/" "Mozilla/5.0 (Windows NT 10.0; Win64; x64) AppleWebKit/537.36 (KHTML, like Gecko) Chrome/131.0.0.0 Safari/537.36 Avast/131.0.0.0"
109.107.186.56 - - [08/Mar/2026:08:56:54 +0800] "GET http://megafortris.com.hk/stats/usage_202412.html HTTP/1.0" 400 22 "https://seo-creative.ru/" "Mozilla/5.0 (Windows NT 10.0; Win64; x64) AppleWebKit/537.36 (KHTML, like Gecko) Chrome/131.0.0.0 Safari/537.36"
101.132.222.120 - - [08/Mar/2026:08:57:13 +0800] "GET /stats/usage_202412.html HTTP/1.0" 200 111016 "https://seo-creative.ru/" "Mozilla/5.0 (Windows NT 10.0; Win64; x64) AppleWebKit/537.36 (KHTML, like Gecko) Chrome/131.0.0.0 Safari/537.36"
159.65.245.255 - - [08/Mar/2026:08:58:35 +0800] "GET /stats/usage_202506.html HTTP/1.1" 200 110056 "https://seo-creative.ru/" "Mozilla/5.0 (Windows NT 10.0; Win64; x64) AppleWebKit/537.36 (KHTML, like Gecko) Chrome/130.0.0.0 Safari/537.36"
188.132.141.249 - - [08/Mar/2026:08:58:44 +0800] "GET /stats/usage_202506.html HTTP/1.1" 200 110056 "https://seo-creative.ru/" "Mozilla/5.0 (Windows NT 10.0; Win64; x64) AppleWebKit/537.36 (KHTML, like Gecko) Chrome/129.0.0.0 Safari/537.36"
91.201.113.132 - - [08/Mar/2026:09:07:11 +0800] "GET /stats/usage_202602.html HTTP/1.0" 200 110401 "https://dactor-otr-havalpro.ru/" "Mozilla/5.0 (Windows NT 10.0; Win64; x64) AppleWebKit/537.36 (KHTML, like Gecko) Chrome/131.0.0.0 Safari/537.36"
91.201.113.132 - - [08/Mar/2026:09:07:13 +0800] "GET /stats/usage_202602.html HTTP/1.0" 200 110401 "https://dactor-otr-havalpro.ru/" "Mozilla/5.0 (Windows NT 10.0; Win64; x64) AppleWebKit/537.36 (KHTML, like Gecko) Chrome/130.0.0.0 Safari/537.36 CCleaner/130.0.0.0"
91.201.113.132 - - [08/Mar/2026:09:07:15 +0800] "GET /stats/usage_202602.html HTTP/1.0" 200 110401 "https://dactor-otr-havalpro.ru/" "Mozilla/5.0 (Windows NT 10.0; Win64; x64) AppleWebKit/537.36 (KHTML, like Gecko) Chrome/131.0.0.0 Safari/537.36"
91.201.113.132 - - [08/Mar/2026:09:07:39 +0800] "GET /stats/usage_202602.html HTTP/1.0" 200 110401 "https://dactor-otr-havalpro.ru/" "Mozilla/5.0 (Windows NT 10.0; Win64; x64) AppleWebKit/537.36 (KHTML, like Gecko) Chrome/130.0.0.0 Safari/537.36"
91.201.113.132 - - [08/Mar/2026:09:07:41 +0800] "GET /stats/usage_202602.html HTTP/1.0" 200 110401 "https://dactor-otr-havalpro.ru/" "Mozilla/5.0 (Windows NT 10.0; Win64; x64) AppleWebKit/537.36 (KHTML, like Gecko) Chrome/130.0.0.0 Safari/537.36 CCleaner/130.0.0.0"
91.201.113.132 - - [08/Mar/2026:09:07:43 +0800] "GET /stats/usage_202602.html HTTP/1.0" 200 110401 "https://dactor-otr-havalpro.ru/" "Mozilla/5.0 (Windows NT 10.0; Win64; x64) AppleWebKit/537.36 (KHTML, like Gecko) Chrome/131.0.0.0 Safari/537.36 Avast/131.0.0.0"
182.253.93.3 - - [08/Mar/2026:09:14:23 +0800] "GET /stats/usage_202412.html HTTP/1.1" 200 111016 "https://seo-creative.ru/" "Mozilla/5.0 (Windows NT 10.0; Win64; x64) AppleWebKit/537.36 (KHTML, like Gecko) Chrome/130.0.0.0 Safari/537.36 CCleaner/130.0.0.0"
101.132.222.120 - - [08/Mar/2026:09:14:27 +0800] "GET /stats/usage_202412.html HTTP/1.0" 200 111016 "https://seo-creative.ru/" "Mozilla/5.0 (Windows NT 10.0; Win64; x64) AppleWebKit/537.36 (KHTML, like Gecko) Chrome/130.0.0.0 Safari/537.36 CCleaner/130.0.0.0"
43.173.180.216 - - [08/Mar/2026:09:15:33 +0800] "GET /awstatsicons/other/?C=S;O=D HTTP/1.1" 200 659 "-" "Mozilla/5.0 (Windows NT 10.0; Win64; x64) AppleWebKit/537.36 (KHTML, like Gecko) Chrome/124.0.0.0 Safari/537.36"
188.132.141.249 - - [08/Mar/2026:09:15:57 +0800] "GET /stats/usage_202506.html HTTP/1.1" 200 110056 "https://seo-creative.ru/" "Mozilla/5.0 (Windows NT 10.0; Win64; x64) AppleWebKit/537.36 (KHTML, like Gecko) Chrome/131.0.0.0 Safari/537.36 Avast/131.0.0.0"
188.132.141.249 - - [08/Mar/2026:09:16:03 +0800] "GET /stats/usage_202506.html HTTP/1.1" 200 110056 "https://seo-creative.ru/" "Mozilla/5.0 (Windows NT 10.0; Win64; x64) AppleWebKit/537.36 (KHTML, like Gecko) Chrome/129.0.0.0 Safari/537.36"
35.209.198.222 - - [08/Mar/2026:09:16:12 +0800] "GET /stats/usage_202506.html HTTP/1.1" 200 110056 "https://seo-creative.ru/" "Mozilla/5.0 (Windows NT 10.0; Win64; x64) AppleWebKit/537.36 (KHTML, like Gecko) Chrome/131.0.0.0 Safari/537.36"
91.201.113.132 - - [08/Mar/2026:09:18:59 +0800] "GET /stats/usage_202602.html HTTP/1.0" 200 110401 "https://dactor-otr-havalpro.ru/" "Mozilla/5.0 (Windows NT 10.0; Win64; x64) AppleWebKit/537.36 (KHTML, like Gecko) Chrome/129.0.0.0 Safari/537.36"
91.201.113.132 - - [08/Mar/2026:09:19:02 +0800] "GET /stats/usage_202602.html HTTP/1.0" 200 110401 "https://dactor-otr-havalpro.ru/" "Mozilla/5.0 (Windows NT 10.0; Win64; x64) AppleWebKit/537.36 (KHTML, like Gecko) Chrome/131.0.0.0 Safari/537.36 Avast/131.0.0.0"
91.201.113.132 - - [08/Mar/2026:09:19:04 +0800] "GET /stats/usage_202602.html HTTP/1.0" 200 110401 "https://dactor-otr-havalpro.ru/" "Mozilla/5.0 (Windows NT 10.0; Win64; x64) AppleWebKit/537.36 (KHTML, like Gecko) Chrome/131.0.0.0 Safari/537.36"
91.201.113.132 - - [08/Mar/2026:09:19:28 +0800] "GET /stats/usage_202602.html HTTP/1.0" 200 110401 "https://dactor-otr-havalpro.ru/" "Mozilla/5.0 (Windows NT 10.0; Win64; x64) AppleWebKit/537.36 (KHTML, like Gecko) Chrome/129.0.0.0 Safari/537.36"
91.201.113.132 - - [08/Mar/2026:09:19:30 +0800] "GET /stats/usage_202602.html HTTP/1.0" 200 110401 "https://dactor-otr-havalpro.ru/" "Mozilla/5.0 (Windows NT 10.0; Win64; x64) AppleWebKit/537.36 (KHTML, like Gecko) Chrome/129.0.0.0 Safari/537.36"
91.201.113.132 - - [08/Mar/2026:09:19:32 +0800] "GET /stats/usage_202602.html HTTP/1.0" 200 110401 "https://dactor-otr-havalpro.ru/" "Mozilla/5.0 (Windows NT 10.0; Win64; x64) AppleWebKit/537.36 (KHTML, like Gecko) Chrome/129.0.0.0 Safari/537.36"
17.241.75.238 - - [08/Mar/2026:09:27:14 +0800] "GET /robots.txt HTTP/1.1" 404 47 "-" "Mozilla/5.0 (Macintosh; Intel Mac OS X 10_15_7) AppleWebKit/605.1.15 (KHTML, like Gecko) Version/17.4 Safari/605.1.15 (Applebot/0.1; +http://www.apple.com/go/applebot)"
17.241.227.185 - - [08/Mar/2026:09:27:18 +0800] "GET /awstatsicons/flags/fr.png HTTP/1.1" 200 191 "-" "Mozilla/5.0 (Macintosh; Intel Mac OS X 10_15_7) AppleWebKit/605.1.15 (KHTML, like Gecko) Version/17.4 Safari/605.1.15 (Applebot/0.1; +http://www.apple.com/go/applebot)"
91.201.113.132 - - [08/Mar/2026:09:30:12 +0800] "GET /stats/usage_202602.html HTTP/1.0" 200 110401 "https://dactor-otr-havalpro.ru/" "Mozilla/5.0 (Windows NT 10.0; Win64; x64) AppleWebKit/537.36 (KHTML, like Gecko) Chrome/131.0.0.0 Safari/537.36 Avast/131.0.0.0"
91.201.113.132 - - [08/Mar/2026:09:30:14 +0800] "GET /stats/usage_202602.html HTTP/1.0" 200 110401 "https://dactor-otr-havalpro.ru/" "Mozilla/5.0 (Windows NT 10.0; Win64; x64) AppleWebKit/537.36 (KHTML, like Gecko) Chrome/130.0.0.0 Safari/537.36 CCleaner/130.0.0.0"
91.201.113.132 - - [08/Mar/2026:09:30:16 +0800] "GET /stats/usage_202602.html HTTP/1.0" 200 110401 "https://dactor-otr-havalpro.ru/" "Mozilla/5.0 (Windows NT 10.0; Win64; x64) AppleWebKit/537.36 (KHTML, like Gecko) Chrome/129.0.0.0 Safari/537.36"
91.201.113.132 - - [08/Mar/2026:09:30:41 +0800] "GET /stats/usage_202602.html HTTP/1.0" 200 110401 "https://dactor-otr-havalpro.ru/" "Mozilla/5.0 (Windows NT 10.0; Win64; x64) AppleWebKit/537.36 (KHTML, like Gecko) Chrome/131.0.0.0 Safari/537.36 Avast/131.0.0.0"
91.201.113.132 - - [08/Mar/2026:09:30:43 +0800] "GET /stats/usage_202602.html HTTP/1.0" 200 110401 "https://dactor-otr-havalpro.ru/" "Mozilla/5.0 (Windows NT 10.0; Win64; x64) AppleWebKit/537.36 (KHTML, like Gecko) Chrome/129.0.0.0 Safari/537.36"
91.201.113.132 - - [08/Mar/2026:09:30:45 +0800] "GET /stats/usage_202602.html HTTP/1.0" 200 110401 "https://dactor-otr-havalpro.ru/" "Mozilla/5.0 (Windows NT 10.0; Win64; x64) AppleWebKit/537.36 (KHTML, like Gecko) Chrome/131.0.0.0 Safari/537.36 Avast/131.0.0.0"
109.107.186.56 - - [08/Mar/2026:09:31:38 +0800] "GET http://megafortris.com.hk/stats/usage_202412.html HTTP/1.0" 400 22 "https://seo-creative.ru/" "Mozilla/5.0 (Windows NT 10.0; Win64; x64) AppleWebKit/537.36 (KHTML, like Gecko) Chrome/129.0.0.0 Safari/537.36"
109.107.186.56 - - [08/Mar/2026:09:31:55 +0800] "GET http://megafortris.com.hk/stats/usage_202412.html HTTP/1.0" 400 22 "https://seo-creative.ru/" "Mozilla/5.0 (Windows NT 10.0; Win64; x64) AppleWebKit/537.36 (KHTML, like Gecko) Chrome/130.0.0.0 Safari/537.36 CCleaner/130.0.0.0"
109.107.186.56 - - [08/Mar/2026:09:32:13 +0800] "GET http://megafortris.com.hk/stats/usage_202412.html HTTP/1.0" 400 22 "https://seo-creative.ru/" "Mozilla/5.0 (Windows NT 10.0; Win64; x64) AppleWebKit/537.36 (KHTML, like Gecko) Chrome/129.0.0.0 Safari/537.36"
77.242.177.57 - - [08/Mar/2026:09:33:36 +0800] "GET /stats/usage_202506.html HTTP/1.1" 200 110056 "https://seo-creative.ru/" "Mozilla/5.0 (Windows NT 10.0; Win64; x64) AppleWebKit/537.36 (KHTML, like Gecko) Chrome/129.0.0.0 Safari/537.36"
138.91.159.185 - - [08/Mar/2026:09:34:00 +0800] "GET /stats/usage_202506.html HTTP/1.1" 200 110056 "https://seo-creative.ru/" "Mozilla/5.0 (Windows NT 10.0; Win64; x64) AppleWebKit/537.36 (KHTML, like Gecko) Chrome/130.0.0.0 Safari/537.36 CCleaner/130.0.0.0"
138.91.159.185 - - [08/Mar/2026:09:34:05 +0800] "GET /stats/usage_202506.html HTTP/1.1" 200 110056 "https://seo-creative.ru/" "Mozilla/5.0 (Windows NT 10.0; Win64; x64) AppleWebKit/537.36 (KHTML, like Gecko) Chrome/130.0.0.0 Safari/537.36 CCleaner/130.0.0.0"
91.201.113.132 - - [08/Mar/2026:09:41:21 +0800] "GET /stats/usage_202602.html HTTP/1.0" 200 110401 "https://dactor-otr-havalpro.ru/" "Mozilla/5.0 (Windows NT 10.0; Win64; x64) AppleWebKit/537.36 (KHTML, like Gecko) Chrome/129.0.0.0 Safari/537.36"
91.201.113.132 - - [08/Mar/2026:09:41:23 +0800] "GET /stats/usage_202602.html HTTP/1.0" 200 110401 "https://dactor-otr-havalpro.ru/" "Mozilla/5.0 (Windows NT 10.0; Win64; x64) AppleWebKit/537.36 (KHTML, like Gecko) Chrome/130.0.0.0 Safari/537.36 CCleaner/130.0.0.0"
91.201.113.132 - - [08/Mar/2026:09:41:25 +0800] "GET /stats/usage_202602.html HTTP/1.0" 200 110401 "https://dactor-otr-havalpro.ru/" "Mozilla/5.0 (Windows NT 10.0; Win64; x64) AppleWebKit/537.36 (KHTML, like Gecko) Chrome/129.0.0.0 Safari/537.36"
91.201.113.132 - - [08/Mar/2026:09:41:50 +0800] "GET /stats/usage_202602.html HTTP/1.0" 200 110401 "https://dactor-otr-havalpro.ru/" "Mozilla/5.0 (Windows NT 10.0; Win64; x64) AppleWebKit/537.36 (KHTML, like Gecko) Chrome/129.0.0.0 Safari/537.36"
91.201.113.132 - - [08/Mar/2026:09:41:52 +0800] "GET /stats/usage_202602.html HTTP/1.0" 200 110401 "https://dactor-otr-havalpro.ru/" "Mozilla/5.0 (Windows NT 10.0; Win64; x64) AppleWebKit/537.36 (KHTML, like Gecko) Chrome/130.0.0.0 Safari/537.36"
91.201.113.132 - - [08/Mar/2026:09:41:54 +0800] "GET /stats/usage_202602.html HTTP/1.0" 200 110401 "https://dactor-otr-havalpro.ru/" "Mozilla/5.0 (Windows NT 10.0; Win64; x64) AppleWebKit/537.36 (KHTML, like Gecko) Chrome/129.0.0.0 Safari/537.36"
46.249.103.192 - - [08/Mar/2026:09:48:29 +0800] "GET /stats/usage_202412.html HTTP/1.1" 200 111016 "https://seo-creative.ru/" "Mozilla/5.0 (Windows NT 10.0; Win64; x64) AppleWebKit/537.36 (KHTML, like Gecko) Chrome/131.0.0.0 Safari/537.36"
101.132.222.120 - - [08/Mar/2026:09:48:31 +0800] "GET /stats/usage_202412.html HTTP/1.0" 200 111016 "https://seo-creative.ru/" "Mozilla/5.0 (Windows NT 10.0; Win64; x64) AppleWebKit/537.36 (KHTML, like Gecko) Chrome/131.0.0.0 Safari/537.36 Avast/131.0.0.0"
109.107.186.56 - - [08/Mar/2026:09:48:49 +0800] "GET http://megafortris.com.hk/stats/usage_202412.html HTTP/1.0" 400 22 "https://seo-creative.ru/" "Mozilla/5.0 (Windows NT 10.0; Win64; x64) AppleWebKit/537.36 (KHTML, like Gecko) Chrome/130.0.0.0 Safari/537.36"
24.106.221.230 - - [08/Mar/2026:09:50:34 +0800] "GET /stats/usage_202506.html HTTP/1.1" 200 110056 "https://seo-creative.ru/" "Mozilla/5.0 (Windows NT 10.0; Win64; x64) AppleWebKit/537.36 (KHTML, like Gecko) Chrome/130.0.0.0 Safari/537.36"
109.107.186.56 - - [08/Mar/2026:09:50:55 +0800] "GET http://www.megafortris.com.hk/stats/usage_202506.html HTTP/1.0" 400 22 "https://seo-creative.ru/" "Mozilla/5.0 (Windows NT 10.0; Win64; x64) AppleWebKit/537.36 (KHTML, like Gecko) Chrome/130.0.0.0 Safari/537.36 CCleaner/130.0.0.0"
109.107.186.56 - - [08/Mar/2026:09:51:12 +0800] "GET http://www.megafortris.com.hk/stats/usage_202506.html HTTP/1.0" 400 22 "https://seo-creative.ru/" "Mozilla/5.0 (Windows NT 10.0; Win64; x64) AppleWebKit/537.36 (KHTML, like Gecko) Chrome/131.0.0.0 Safari/537.36"
91.201.113.132 - - [08/Mar/2026:09:52:33 +0800] "GET /stats/usage_202602.html HTTP/1.0" 200 110401 "https://dactor-otr-havalpro.ru/" "Mozilla/5.0 (Windows NT 10.0; Win64; x64) AppleWebKit/537.36 (KHTML, like Gecko) Chrome/131.0.0.0 Safari/537.36 Avast/131.0.0.0"
91.201.113.132 - - [08/Mar/2026:09:52:35 +0800] "GET /stats/usage_202602.html HTTP/1.0" 200 110401 "https://dactor-otr-havalpro.ru/" "Mozilla/5.0 (Windows NT 10.0; Win64; x64) AppleWebKit/537.36 (KHTML, like Gecko) Chrome/131.0.0.0 Safari/537.36 Avast/131.0.0.0"
91.201.113.132 - - [08/Mar/2026:09:52:37 +0800] "GET /stats/usage_202602.html HTTP/1.0" 200 110401 "https://dactor-otr-havalpro.ru/" "Mozilla/5.0 (Windows NT 10.0; Win64; x64) AppleWebKit/537.36 (KHTML, like Gecko) Chrome/129.0.0.0 Safari/537.36"
91.201.113.132 - - [08/Mar/2026:09:53:01 +0800] "GET /stats/usage_202602.html HTTP/1.0" 200 110401 "https://dactor-otr-havalpro.ru/" "Mozilla/5.0 (Windows NT 10.0; Win64; x64) AppleWebKit/537.36 (KHTML, like Gecko) Chrome/131.0.0.0 Safari/537.36 Avast/131.0.0.0"
91.201.113.132 - - [08/Mar/2026:09:53:03 +0800] "GET /stats/usage_202602.html HTTP/1.0" 200 110401 "https://dactor-otr-havalpro.ru/" "Mozilla/5.0 (Windows NT 10.0; Win64; x64) AppleWebKit/537.36 (KHTML, like Gecko) Chrome/129.0.0.0 Safari/537.36"
91.201.113.132 - - [08/Mar/2026:09:53:06 +0800] "GET /stats/usage_202602.html HTTP/1.0" 200 110401 "https://dactor-otr-havalpro.ru/" "Mozilla/5.0 (Windows NT 10.0; Win64; x64) AppleWebKit/537.36 (KHTML, like Gecko) Chrome/130.0.0.0 Safari/537.36 CCleaner/130.0.0.0"
91.201.113.132 - - [08/Mar/2026:10:03:53 +0800] "GET /stats/usage_202602.html HTTP/1.0" 200 110401 "https://dactor-otr-havalpro.ru/" "Mozilla/5.0 (Windows NT 10.0; Win64; x64) AppleWebKit/537.36 (KHTML, like Gecko) Chrome/130.0.0.0 Safari/537.36 CCleaner/130.0.0.0"
91.201.113.132 - - [08/Mar/2026:10:03:55 +0800] "GET /stats/usage_202602.html HTTP/1.0" 200 110401 "https://dactor-otr-havalpro.ru/" "Mozilla/5.0 (Windows NT 10.0; Win64; x64) AppleWebKit/537.36 (KHTML, like Gecko) Chrome/129.0.0.0 Safari/537.36"
91.201.113.132 - - [08/Mar/2026:10:03:57 +0800] "GET /stats/usage_202602.html HTTP/1.0" 200 110401 "https://dactor-otr-havalpro.ru/" "Mozilla/5.0 (Windows NT 10.0; Win64; x64) AppleWebKit/537.36 (KHTML, like Gecko) Chrome/129.0.0.0 Safari/537.36"
91.201.113.132 - - [08/Mar/2026:10:04:21 +0800] "GET /stats/usage_202602.html HTTP/1.0" 200 110401 "https://dactor-otr-havalpro.ru/" "Mozilla/5.0 (Windows NT 10.0; Win64; x64) AppleWebKit/537.36 (KHTML, like Gecko) Chrome/131.0.0.0 Safari/537.36 Avast/131.0.0.0"
91.201.113.132 - - [08/Mar/2026:10:04:23 +0800] "GET /stats/usage_202602.html HTTP/1.0" 200 110401 "https://dactor-otr-havalpro.ru/" "Mozilla/5.0 (Windows NT 10.0; Win64; x64) AppleWebKit/537.36 (KHTML, like Gecko) Chrome/130.0.0.0 Safari/537.36"
91.201.113.132 - - [08/Mar/2026:10:04:25 +0800] "GET /stats/usage_202602.html HTTP/1.0" 200 110401 "https://dactor-otr-havalpro.ru/" "Mozilla/5.0 (Windows NT 10.0; Win64; x64) AppleWebKit/537.36 (KHTML, like Gecko) Chrome/131.0.0.0 Safari/537.36"
192.73.244.36 - - [08/Mar/2026:10:05:36 +0800] "GET /stats/usage_202412.html HTTP/1.1" 200 111016 "https://seo-creative.ru/" "Mozilla/5.0 (Windows NT 10.0; Win64; x64) AppleWebKit/537.36 (KHTML, like Gecko) Chrome/130.0.0.0 Safari/537.36 CCleaner/130.0.0.0"
34.42.42.88 - - [08/Mar/2026:10:05:44 +0800] "GET /stats/usage_202412.html HTTP/1.0" 200 111016 "https://seo-creative.ru/" "Mozilla/5.0 (Windows NT 10.0; Win64; x64) AppleWebKit/537.36 (KHTML, like Gecko) Chrome/130.0.0.0 Safari/537.36 CCleaner/130.0.0.0"
101.132.222.120 - - [08/Mar/2026:10:05:48 +0800] "GET /stats/usage_202412.html HTTP/1.0" 200 111016 "https://seo-creative.ru/" "Mozilla/5.0 (Windows NT 10.0; Win64; x64) AppleWebKit/537.36 (KHTML, like Gecko) Chrome/129.0.0.0 Safari/537.36"
109.107.186.56 - - [08/Mar/2026:10:07:43 +0800] "GET http://www.megafortris.com.hk/stats/usage_202506.html HTTP/1.0" 400 22 "https://seo-creative.ru/" "Mozilla/5.0 (Windows NT 10.0; Win64; x64) AppleWebKit/537.36 (KHTML, like Gecko) Chrome/130.0.0.0 Safari/537.36 CCleaner/130.0.0.0"
159.65.245.255 - - [08/Mar/2026:10:08:07 +0800] "GET /stats/usage_202506.html HTTP/1.1" 200 110056 "https://seo-creative.ru/" "Mozilla/5.0 (Windows NT 10.0; Win64; x64) AppleWebKit/537.36 (KHTML, like Gecko) Chrome/130.0.0.0 Safari/537.36 CCleaner/130.0.0.0"
17.241.75.188 - - [08/Mar/2026:10:10:52 +0800] "GET /awstatsicons/flags/tt.png HTTP/1.1" 200 223 "-" "Mozilla/5.0 (Macintosh; Intel Mac OS X 10_15_7) AppleWebKit/605.1.15 (KHTML, like Gecko) Version/17.4 Safari/605.1.15 (Applebot/0.1; +http://www.apple.com/go/applebot)"
91.201.113.132 - - [08/Mar/2026:10:15:05 +0800] "GET /stats/usage_202602.html HTTP/1.0" 200 110401 "https://dactor-otr-havalpro.ru/" "Mozilla/5.0 (Windows NT 10.0; Win64; x64) AppleWebKit/537.36 (KHTML, like Gecko) Chrome/130.0.0.0 Safari/537.36 CCleaner/130.0.0.0"
91.201.113.132 - - [08/Mar/2026:10:15:07 +0800] "GET /stats/usage_202602.html HTTP/1.0" 200 110401 "https://dactor-otr-havalpro.ru/" "Mozilla/5.0 (Windows NT 10.0; Win64; x64) AppleWebKit/537.36 (KHTML, like Gecko) Chrome/131.0.0.0 Safari/537.36 Avast/131.0.0.0"
91.201.113.132 - - [08/Mar/2026:10:15:09 +0800] "GET /stats/usage_202602.html HTTP/1.0" 200 110401 "https://dactor-otr-havalpro.ru/" "Mozilla/5.0 (Windows NT 10.0; Win64; x64) AppleWebKit/537.36 (KHTML, like Gecko) Chrome/130.0.0.0 Safari/537.36 CCleaner/130.0.0.0"
91.201.113.132 - - [08/Mar/2026:10:15:33 +0800] "GET /stats/usage_202602.html HTTP/1.0" 200 110401 "https://dactor-otr-havalpro.ru/" "Mozilla/5.0 (Windows NT 10.0; Win64; x64) AppleWebKit/537.36 (KHTML, like Gecko) Chrome/130.0.0.0 Safari/537.36"
91.201.113.132 - - [08/Mar/2026:10:15:35 +0800] "GET /stats/usage_202602.html HTTP/1.0" 200 110401 "https://dactor-otr-havalpro.ru/" "Mozilla/5.0 (Windows NT 10.0; Win64; x64) AppleWebKit/537.36 (KHTML, like Gecko) Chrome/130.0.0.0 Safari/537.36 CCleaner/130.0.0.0"
91.201.113.132 - - [08/Mar/2026:10:15:37 +0800] "GET /stats/usage_202602.html HTTP/1.0" 200 110401 "https://dactor-otr-havalpro.ru/" "Mozilla/5.0 (Windows NT 10.0; Win64; x64) AppleWebKit/537.36 (KHTML, like Gecko) Chrome/129.0.0.0 Safari/537.36"
188.239.33.61 - - [08/Mar/2026:10:17:17 +0800] "GET /stats/usage_202506.html HTTP/1.1" 200 7292 "http://megafortris.com.hk/stats/usage_202506.html" "Mozilla/5.0 (Macintosh; Intel Mac OS X 10_15_7) AppleWebKit/537.36 (KHTML, like Gecko) Chrome/119.0.0.0 Safari/537.36"
101.132.222.120 - - [08/Mar/2026:10:23:14 +0800] "GET /stats/usage_202412.html HTTP/1.0" 200 111016 "https://seo-creative.ru/" "Mozilla/5.0 (Windows NT 10.0; Win64; x64) AppleWebKit/537.36 (KHTML, like Gecko) Chrome/129.0.0.0 Safari/537.36"
109.107.186.56 - - [08/Mar/2026:10:23:26 +0800] "GET http://megafortris.com.hk/stats/usage_202412.html HTTP/1.0" 400 22 "https://seo-creative.ru/" "Mozilla/5.0 (Windows NT 10.0; Win64; x64) AppleWebKit/537.36 (KHTML, like Gecko) Chrome/131.0.0.0 Safari/537.36"
101.132.222.120 - - [08/Mar/2026:10:23:34 +0800] "GET /stats/usage_202412.html HTTP/1.0" 200 111016 "https://seo-creative.ru/" "Mozilla/5.0 (Windows NT 10.0; Win64; x64) AppleWebKit/537.36 (KHTML, like Gecko) Chrome/131.0.0.0 Safari/537.36 Avast/131.0.0.0"
43.173.178.116 - - [08/Mar/2026:10:24:03 +0800] "GET /icon/other/?C=S;O=D HTTP/1.1" 200 657 "-" "Mozilla/5.0 (Windows NT 10.0; Win64; x64) AppleWebKit/537.36 (KHTML, like Gecko) Chrome/107.0.0.0 Safari/537.36"
34.42.42.88 - - [08/Mar/2026:10:25:22 +0800] "GET /stats/usage_202506.html HTTP/1.0" 200 110056 "https://seo-creative.ru/" "Mozilla/5.0 (Windows NT 10.0; Win64; x64) AppleWebKit/537.36 (KHTML, like Gecko) Chrome/131.0.0.0 Safari/537.36 Avast/131.0.0.0"
192.73.244.36 - - [08/Mar/2026:10:25:25 +0800] "GET /stats/usage_202506.html HTTP/1.1" 200 110056 "https://seo-creative.ru/" "Mozilla/5.0 (Windows NT 10.0; Win64; x64) AppleWebKit/537.36 (KHTML, like Gecko) Chrome/130.0.0.0 Safari/537.36 CCleaner/130.0.0.0"
188.132.141.249 - - [08/Mar/2026:10:25:28 +0800] "GET /stats/usage_202506.html HTTP/1.1" 200 110056 "https://seo-creative.ru/" "Mozilla/5.0 (Windows NT 10.0; Win64; x64) AppleWebKit/537.36 (KHTML, like Gecko) Chrome/131.0.0.0 Safari/537.36 Avast/131.0.0.0"
91.201.113.132 - - [08/Mar/2026:10:26:22 +0800] "GET /stats/usage_202602.html HTTP/1.0" 200 110401 "https://dactor-otr-havalpro.ru/" "Mozilla/5.0 (Windows NT 10.0; Win64; x64) AppleWebKit/537.36 (KHTML, like Gecko) Chrome/131.0.0.0 Safari/537.36"
91.201.113.132 - - [08/Mar/2026:10:26:25 +0800] "GET /stats/usage_202602.html HTTP/1.0" 200 110401 "https://dactor-otr-havalpro.ru/" "Mozilla/5.0 (Windows NT 10.0; Win64; x64) AppleWebKit/537.36 (KHTML, like Gecko) Chrome/130.0.0.0 Safari/537.36"
91.201.113.132 - - [08/Mar/2026:10:26:27 +0800] "GET /stats/usage_202602.html HTTP/1.0" 200 110401 "https://dactor-otr-havalpro.ru/" "Mozilla/5.0 (Windows NT 10.0; Win64; x64) AppleWebKit/537.36 (KHTML, like Gecko) Chrome/129.0.0.0 Safari/537.36"
91.201.113.132 - - [08/Mar/2026:10:26:51 +0800] "GET /stats/usage_202602.html HTTP/1.0" 200 110401 "https://dactor-otr-havalpro.ru/" "Mozilla/5.0 (Windows NT 10.0; Win64; x64) AppleWebKit/537.36 (KHTML, like Gecko) Chrome/131.0.0.0 Safari/537.36"
91.201.113.132 - - [08/Mar/2026:10:26:53 +0800] "GET /stats/usage_202602.html HTTP/1.0" 200 110401 "https://dactor-otr-havalpro.ru/" "Mozilla/5.0 (Windows NT 10.0; Win64; x64) AppleWebKit/537.36 (KHTML, like Gecko) Chrome/130.0.0.0 Safari/537.36 CCleaner/130.0.0.0"
91.201.113.132 - - [08/Mar/2026:10:26:55 +0800] "GET /stats/usage_202602.html HTTP/1.0" 200 110401 "https://dactor-otr-havalpro.ru/" "Mozilla/5.0 (Windows NT 10.0; Win64; x64) AppleWebKit/537.36 (KHTML, like Gecko) Chrome/131.0.0.0 Safari/537.36"
91.201.113.132 - - [08/Mar/2026:10:37:44 +0800] "GET /stats/usage_202602.html HTTP/1.0" 200 110401 "https://dactor-otr-havalpro.ru/" "Mozilla/5.0 (Windows NT 10.0; Win64; x64) AppleWebKit/537.36 (KHTML, like Gecko) Chrome/131.0.0.0 Safari/537.36"
91.201.113.132 - - [08/Mar/2026:10:37:46 +0800] "GET /stats/usage_202602.html HTTP/1.0" 200 110401 "https://dactor-otr-havalpro.ru/" "Mozilla/5.0 (Windows NT 10.0; Win64; x64) AppleWebKit/537.36 (KHTML, like Gecko) Chrome/130.0.0.0 Safari/537.36 CCleaner/130.0.0.0"
91.201.113.132 - - [08/Mar/2026:10:37:48 +0800] "GET /stats/usage_202602.html HTTP/1.0" 200 110401 "https://dactor-otr-havalpro.ru/" "Mozilla/5.0 (Windows NT 10.0; Win64; x64) AppleWebKit/537.36 (KHTML, like Gecko) Chrome/131.0.0.0 Safari/537.36 Avast/131.0.0.0"
91.201.113.132 - - [08/Mar/2026:10:38:12 +0800] "GET /stats/usage_202602.html HTTP/1.0" 200 110401 "https://dactor-otr-havalpro.ru/" "Mozilla/5.0 (Windows NT 10.0; Win64; x64) AppleWebKit/537.36 (KHTML, like Gecko) Chrome/130.0.0.0 Safari/537.36 CCleaner/130.0.0.0"
91.201.113.132 - - [08/Mar/2026:10:38:14 +0800] "GET /stats/usage_202602.html HTTP/1.0" 200 110401 "https://dactor-otr-havalpro.ru/" "Mozilla/5.0 (Windows NT 10.0; Win64; x64) AppleWebKit/537.36 (KHTML, like Gecko) Chrome/130.0.0.0 Safari/537.36 CCleaner/130.0.0.0"
91.201.113.132 - - [08/Mar/2026:10:38:16 +0800] "GET /stats/usage_202602.html HTTP/1.0" 200 110401 "https://dactor-otr-havalpro.ru/" "Mozilla/5.0 (Windows NT 10.0; Win64; x64) AppleWebKit/537.36 (KHTML, like Gecko) Chrome/129.0.0.0 Safari/537.36"
46.249.103.192 - - [08/Mar/2026:10:40:17 +0800] "GET /stats/usage_202412.html HTTP/1.1" 200 111016 "https://seo-creative.ru/" "Mozilla/5.0 (Windows NT 10.0; Win64; x64) AppleWebKit/537.36 (KHTML, like Gecko) Chrome/131.0.0.0 Safari/537.36 Avast/131.0.0.0"
101.132.222.120 - - [08/Mar/2026:10:40:31 +0800] "GET /stats/usage_202412.html HTTP/1.0" 200 111016 "https://seo-creative.ru/" "Mozilla/5.0 (Windows NT 10.0; Win64; x64) AppleWebKit/537.36 (KHTML, like Gecko) Chrome/130.0.0.0 Safari/537.36 CCleaner/130.0.0.0"
159.65.245.255 - - [08/Mar/2026:10:40:46 +0800] "GET /stats/usage_202412.html HTTP/1.1" 200 111016 "https://seo-creative.ru/" "Mozilla/5.0 (Windows NT 10.0; Win64; x64) AppleWebKit/537.36 (KHTML, like Gecko) Chrome/130.0.0.0 Safari/537.36"
31.133.32.102 - - [08/Mar/2026:10:42:23 +0800] "GET /stats/usage_202506.html HTTP/1.0" 200 110056 "https://seo-creative.ru/" "Mozilla/5.0 (Windows NT 10.0; Win64; x64) AppleWebKit/537.36 (KHTML, like Gecko) Chrome/131.0.0.0 Safari/537.36 Avast/131.0.0.0"
46.249.103.192 - - [08/Mar/2026:10:42:37 +0800] "GET /stats/usage_202506.html HTTP/1.1" 200 110056 "https://seo-creative.ru/" "Mozilla/5.0 (Windows NT 10.0; Win64; x64) AppleWebKit/537.36 (KHTML, like Gecko) Chrome/131.0.0.0 Safari/537.36 Avast/131.0.0.0"
109.107.186.56 - - [08/Mar/2026:10:42:59 +0800] "GET http://www.megafortris.com.hk/stats/usage_202506.html HTTP/1.0" 400 22 "https://seo-creative.ru/" "Mozilla/5.0 (Windows NT 10.0; Win64; x64) AppleWebKit/537.36 (KHTML, like Gecko) Chrome/131.0.0.0 Safari/537.36 Avast/131.0.0.0"
91.201.113.132 - - [08/Mar/2026:10:48:58 +0800] "GET /stats/usage_202602.html HTTP/1.0" 200 110401 "https://dactor-otr-havalpro.ru/" "Mozilla/5.0 (Windows NT 10.0; Win64; x64) AppleWebKit/537.36 (KHTML, like Gecko) Chrome/130.0.0.0 Safari/537.36 CCleaner/130.0.0.0"
91.201.113.132 - - [08/Mar/2026:10:49:00 +0800] "GET /stats/usage_202602.html HTTP/1.0" 200 110401 "https://dactor-otr-havalpro.ru/" "Mozilla/5.0 (Windows NT 10.0; Win64; x64) AppleWebKit/537.36 (KHTML, like Gecko) Chrome/129.0.0.0 Safari/537.36"
91.201.113.132 - - [08/Mar/2026:10:49:02 +0800] "GET /stats/usage_202602.html HTTP/1.0" 200 110401 "https://dactor-otr-havalpro.ru/" "Mozilla/5.0 (Windows NT 10.0; Win64; x64) AppleWebKit/537.36 (KHTML, like Gecko) Chrome/130.0.0.0 Safari/537.36"
91.201.113.132 - - [08/Mar/2026:10:49:27 +0800] "GET /stats/usage_202602.html HTTP/1.0" 200 110401 "https://dactor-otr-havalpro.ru/" "Mozilla/5.0 (Windows NT 10.0; Win64; x64) AppleWebKit/537.36 (KHTML, like Gecko) Chrome/131.0.0.0 Safari/537.36 Avast/131.0.0.0"
91.201.113.132 - - [08/Mar/2026:10:49:29 +0800] "GET /stats/usage_202602.html HTTP/1.0" 200 110401 "https://dactor-otr-havalpro.ru/" "Mozilla/5.0 (Windows NT 10.0; Win64; x64) AppleWebKit/537.36 (KHTML, like Gecko) Chrome/130.0.0.0 Safari/537.36"
91.201.113.132 - - [08/Mar/2026:10:49:31 +0800] "GET /stats/usage_202602.html HTTP/1.0" 200 110401 "https://dactor-otr-havalpro.ru/" "Mozilla/5.0 (Windows NT 10.0; Win64; x64) AppleWebKit/537.36 (KHTML, like Gecko) Chrome/130.0.0.0 Safari/537.36"
159.65.245.255 - - [08/Mar/2026:10:57:19 +0800] "GET /stats/usage_202412.html HTTP/1.1" 200 111016 "https://seo-creative.ru/" "Mozilla/5.0 (Windows NT 10.0; Win64; x64) AppleWebKit/537.36 (KHTML, like Gecko) Chrome/129.0.0.0 Safari/537.36"
109.107.186.56 - - [08/Mar/2026:10:57:37 +0800] "GET http://megafortris.com.hk/stats/usage_202412.html HTTP/1.0" 400 22 "https://seo-creative.ru/" "Mozilla/5.0 (Windows NT 10.0; Win64; x64) AppleWebKit/537.36 (KHTML, like Gecko) Chrome/129.0.0.0 Safari/537.36"
23.247.136.254 - - [08/Mar/2026:10:57:47 +0800] "GET /stats/usage_202412.html HTTP/1.0" 200 111016 "https://seo-creative.ru/" "Mozilla/5.0 (Windows NT 10.0; Win64; x64) AppleWebKit/537.36 (KHTML, like Gecko) Chrome/129.0.0.0 Safari/537.36"
49.245.63.150 - - [08/Mar/2026:10:59:18 +0800] "GET http://www.megafortris.com.hk/stats/usage_202506.html HTTP/1.0" 400 22 "https://seo-creative.ru/" "Mozilla/5.0 (Windows NT 10.0; Win64; x64) AppleWebKit/537.36 (KHTML, like Gecko) Chrome/131.0.0.0 Safari/537.36 Avast/131.0.0.0"
31.133.32.102 - - [08/Mar/2026:10:59:27 +0800] "GET /stats/usage_202506.html HTTP/1.0" 200 110056 "https://seo-creative.ru/" "Mozilla/5.0 (Windows NT 10.0; Win64; x64) AppleWebKit/537.36 (KHTML, like Gecko) Chrome/131.0.0.0 Safari/537.36 Avast/131.0.0.0"
31.133.32.102 - - [08/Mar/2026:10:59:39 +0800] "GET /stats/usage_202506.html HTTP/1.0" 200 110056 "https://seo-creative.ru/" "Mozilla/5.0 (Windows NT 10.0; Win64; x64) AppleWebKit/537.36 (KHTML, like Gecko) Chrome/130.0.0.0 Safari/537.36"
91.201.113.132 - - [08/Mar/2026:11:00:11 +0800] "GET /stats/usage_202602.html HTTP/1.0" 200 110401 "https://dactor-otr-havalpro.ru/" "Mozilla/5.0 (Windows NT 10.0; Win64; x64) AppleWebKit/537.36 (KHTML, like Gecko) Chrome/130.0.0.0 Safari/537.36"
91.201.113.132 - - [08/Mar/2026:11:00:13 +0800] "GET /stats/usage_202602.html HTTP/1.0" 200 110401 "https://dactor-otr-havalpro.ru/" "Mozilla/5.0 (Windows NT 10.0; Win64; x64) AppleWebKit/537.36 (KHTML, like Gecko) Chrome/130.0.0.0 Safari/537.36"
91.201.113.132 - - [08/Mar/2026:11:00:15 +0800] "GET /stats/usage_202602.html HTTP/1.0" 200 110401 "https://dactor-otr-havalpro.ru/" "Mozilla/5.0 (Windows NT 10.0; Win64; x64) AppleWebKit/537.36 (KHTML, like Gecko) Chrome/131.0.0.0 Safari/537.36 Avast/131.0.0.0"
91.201.113.132 - - [08/Mar/2026:11:00:40 +0800] "GET /stats/usage_202602.html HTTP/1.0" 200 110401 "https://dactor-otr-havalpro.ru/" "Mozilla/5.0 (Windows NT 10.0; Win64; x64) AppleWebKit/537.36 (KHTML, like Gecko) Chrome/130.0.0.0 Safari/537.36"
91.201.113.132 - - [08/Mar/2026:11:00:42 +0800] "GET /stats/usage_202602.html HTTP/1.0" 200 110401 "https://dactor-otr-havalpro.ru/" "Mozilla/5.0 (Windows NT 10.0; Win64; x64) AppleWebKit/537.36 (KHTML, like Gecko) Chrome/130.0.0.0 Safari/537.36 CCleaner/130.0.0.0"
91.201.113.132 - - [08/Mar/2026:11:00:44 +0800] "GET /stats/usage_202602.html HTTP/1.0" 200 110401 "https://dactor-otr-havalpro.ru/" "Mozilla/5.0 (Windows NT 10.0; Win64; x64) AppleWebKit/537.36 (KHTML, like Gecko) Chrome/130.0.0.0 Safari/537.36 CCleaner/130.0.0.0"
43.173.181.108 - - [08/Mar/2026:11:10:12 +0800] "GET /awstats-icon/os/?C=S;O=D HTTP/1.1" 200 1203 "-" "Mozilla/5.0 (Windows NT 10.0; Win64; x64) AppleWebKit/537.36 (KHTML, like Gecko) Chrome/133.0.0.0 Safari/537.36"
43.173.179.23 - - [08/Mar/2026:11:10:12 +0800] "GET /icon/os/?C=S;O=A HTTP/1.1" 200 1191 "-" "Mozilla/5.0 (Windows NT 10.0; Win64; x64) AppleWebKit/537.36 (KHTML, like Gecko) Chrome/116.0.0.0 Safari/537.36"
91.201.113.132 - - [08/Mar/2026:11:11:26 +0800] "GET /stats/usage_202602.html HTTP/1.0" 200 110401 "https://dactor-otr-havalpro.ru/" "Mozilla/5.0 (Windows NT 10.0; Win64; x64) AppleWebKit/537.36 (KHTML, like Gecko) Chrome/130.0.0.0 Safari/537.36"
91.201.113.132 - - [08/Mar/2026:11:11:28 +0800] "GET /stats/usage_202602.html HTTP/1.0" 200 110401 "https://dactor-otr-havalpro.ru/" "Mozilla/5.0 (Windows NT 10.0; Win64; x64) AppleWebKit/537.36 (KHTML, like Gecko) Chrome/131.0.0.0 Safari/537.36"
91.201.113.132 - - [08/Mar/2026:11:11:30 +0800] "GET /stats/usage_202602.html HTTP/1.0" 200 110401 "https://dactor-otr-havalpro.ru/" "Mozilla/5.0 (Windows NT 10.0; Win64; x64) AppleWebKit/537.36 (KHTML, like Gecko) Chrome/130.0.0.0 Safari/537.36"
91.201.113.132 - - [08/Mar/2026:11:11:55 +0800] "GET /stats/usage_202602.html HTTP/1.0" 200 110401 "https://dactor-otr-havalpro.ru/" "Mozilla/5.0 (Windows NT 10.0; Win64; x64) AppleWebKit/537.36 (KHTML, like Gecko) Chrome/131.0.0.0 Safari/537.36 Avast/131.0.0.0"
91.201.113.132 - - [08/Mar/2026:11:11:57 +0800] "GET /stats/usage_202602.html HTTP/1.0" 200 110401 "https://dactor-otr-havalpro.ru/" "Mozilla/5.0 (Windows NT 10.0; Win64; x64) AppleWebKit/537.36 (KHTML, like Gecko) Chrome/129.0.0.0 Safari/537.36"
91.201.113.132 - - [08/Mar/2026:11:11:59 +0800] "GET /stats/usage_202602.html HTTP/1.0" 200 110401 "https://dactor-otr-havalpro.ru/" "Mozilla/5.0 (Windows NT 10.0; Win64; x64) AppleWebKit/537.36 (KHTML, like Gecko) Chrome/131.0.0.0 Safari/537.36 Avast/131.0.0.0"
109.107.186.56 - - [08/Mar/2026:11:14:51 +0800] "GET http://megafortris.com.hk/stats/usage_202412.html HTTP/1.0" 400 22 "https://seo-creative.ru/" "Mozilla/5.0 (Windows NT 10.0; Win64; x64) AppleWebKit/537.36 (KHTML, like Gecko) Chrome/129.0.0.0 Safari/537.36"
34.69.97.134 - - [08/Mar/2026:11:15:21 +0800] "GET /stats/usage_202412.html HTTP/1.0" 200 111016 "https://seo-creative.ru/" "Mozilla/5.0 (Windows NT 10.0; Win64; x64) AppleWebKit/537.36 (KHTML, like Gecko) Chrome/130.0.0.0 Safari/537.36"
49.245.63.150 - - [08/Mar/2026:11:16:46 +0800] "GET http://www.megafortris.com.hk/stats/usage_202506.html HTTP/1.0" 400 22 "https://seo-creative.ru/" "Mozilla/5.0 (Windows NT 10.0; Win64; x64) AppleWebKit/537.36 (KHTML, like Gecko) Chrome/130.0.0.0 Safari/537.36 CCleaner/130.0.0.0"
133.18.234.13 - - [08/Mar/2026:11:17:06 +0800] "GET http://www.megafortris.com.hk/stats/usage_202506.html HTTP/1.0" 400 22 "https://seo-creative.ru/" "Mozilla/5.0 (Windows NT 10.0; Win64; x64) AppleWebKit/537.36 (KHTML, like Gecko) Chrome/130.0.0.0 Safari/537.36"
31.133.32.102 - - [08/Mar/2026:11:17:20 +0800] "GET /stats/usage_202506.html HTTP/1.0" 200 110056 "https://seo-creative.ru/" "Mozilla/5.0 (Windows NT 10.0; Win64; x64) AppleWebKit/537.36 (KHTML, like Gecko) Chrome/131.0.0.0 Safari/537.36 Avast/131.0.0.0"
91.201.113.132 - - [08/Mar/2026:11:22:45 +0800] "GET /stats/usage_202602.html HTTP/1.0" 200 110401 "https://dactor-otr-havalpro.ru/" "Mozilla/5.0 (Windows NT 10.0; Win64; x64) AppleWebKit/537.36 (KHTML, like Gecko) Chrome/130.0.0.0 Safari/537.36"
91.201.113.132 - - [08/Mar/2026:11:22:48 +0800] "GET /stats/usage_202602.html HTTP/1.0" 200 110401 "https://dactor-otr-havalpro.ru/" "Mozilla/5.0 (Windows NT 10.0; Win64; x64) AppleWebKit/537.36 (KHTML, like Gecko) Chrome/131.0.0.0 Safari/537.36 Avast/131.0.0.0"
91.201.113.132 - - [08/Mar/2026:11:22:50 +0800] "GET /stats/usage_202602.html HTTP/1.0" 200 110401 "https://dactor-otr-havalpro.ru/" "Mozilla/5.0 (Windows NT 10.0; Win64; x64) AppleWebKit/537.36 (KHTML, like Gecko) Chrome/130.0.0.0 Safari/537.36"
91.201.113.132 - - [08/Mar/2026:11:23:14 +0800] "GET /stats/usage_202602.html HTTP/1.0" 200 110401 "https://dactor-otr-havalpro.ru/" "Mozilla/5.0 (Windows NT 10.0; Win64; x64) AppleWebKit/537.36 (KHTML, like Gecko) Chrome/129.0.0.0 Safari/537.36"
91.201.113.132 - - [08/Mar/2026:11:23:16 +0800] "GET /stats/usage_202602.html HTTP/1.0" 200 110401 "https://dactor-otr-havalpro.ru/" "Mozilla/5.0 (Windows NT 10.0; Win64; x64) AppleWebKit/537.36 (KHTML, like Gecko) Chrome/130.0.0.0 Safari/537.36 CCleaner/130.0.0.0"
91.201.113.132 - - [08/Mar/2026:11:23:18 +0800] "GET /stats/usage_202602.html HTTP/1.0" 200 110401 "https://dactor-otr-havalpro.ru/" "Mozilla/5.0 (Windows NT 10.0; Win64; x64) AppleWebKit/537.36 (KHTML, like Gecko) Chrome/131.0.0.0 Safari/537.36"
12.50.107.220 - - [08/Mar/2026:11:31:52 +0800] "GET /stats/usage_202412.html HTTP/1.0" 200 111016 "https://seo-creative.ru/" "Mozilla/5.0 (Windows NT 10.0; Win64; x64) AppleWebKit/537.36 (KHTML, like Gecko) Chrome/130.0.0.0 Safari/537.36"
109.107.186.56 - - [08/Mar/2026:11:32:46 +0800] "GET http://megafortris.com.hk/stats/usage_202412.html HTTP/1.0" 400 22 "https://seo-creative.ru/" "Mozilla/5.0 (Windows NT 10.0; Win64; x64) AppleWebKit/537.36 (KHTML, like Gecko) Chrome/131.0.0.0 Safari/537.36"
23.247.136.254 - - [08/Mar/2026:11:33:41 +0800] "GET /stats/usage_202506.html HTTP/1.0" 200 110056 "https://seo-creative.ru/" "Mozilla/5.0 (Windows NT 10.0; Win64; x64) AppleWebKit/537.36 (KHTML, like Gecko) Chrome/131.0.0.0 Safari/537.36"
24.172.82.94 - - [08/Mar/2026:11:33:52 +0800] "GET /stats/usage_202506.html HTTP/1.1" 200 110056 "https://seo-creative.ru/" "Mozilla/5.0 (Windows NT 10.0; Win64; x64) AppleWebKit/537.36 (KHTML, like Gecko) Chrome/130.0.0.0 Safari/537.36 CCleaner/130.0.0.0"
91.201.113.132 - - [08/Mar/2026:11:34:04 +0800] "GET /stats/usage_202602.html HTTP/1.0" 200 110401 "https://dactor-otr-havalpro.ru/" "Mozilla/5.0 (Windows NT 10.0; Win64; x64) AppleWebKit/537.36 (KHTML, like Gecko) Chrome/129.0.0.0 Safari/537.36"
91.201.113.132 - - [08/Mar/2026:11:34:06 +0800] "GET /stats/usage_202602.html HTTP/1.0" 200 110401 "https://dactor-otr-havalpro.ru/" "Mozilla/5.0 (Windows NT 10.0; Win64; x64) AppleWebKit/537.36 (KHTML, like Gecko) Chrome/129.0.0.0 Safari/537.36"
91.201.113.132 - - [08/Mar/2026:11:34:08 +0800] "GET /stats/usage_202602.html HTTP/1.0" 200 110401 "https://dactor-otr-havalpro.ru/" "Mozilla/5.0 (Windows NT 10.0; Win64; x64) AppleWebKit/537.36 (KHTML, like Gecko) Chrome/130.0.0.0 Safari/537.36 CCleaner/130.0.0.0"
109.107.186.56 - - [08/Mar/2026:11:34:10 +0800] "GET http://www.megafortris.com.hk/stats/usage_202506.html HTTP/1.0" 400 22 "https://seo-creative.ru/" "Mozilla/5.0 (Windows NT 10.0; Win64; x64) AppleWebKit/537.36 (KHTML, like Gecko) Chrome/130.0.0.0 Safari/537.36 CCleaner/130.0.0.0"
91.201.113.132 - - [08/Mar/2026:11:34:33 +0800] "GET /stats/usage_202602.html HTTP/1.0" 200 110401 "https://dactor-otr-havalpro.ru/" "Mozilla/5.0 (Windows NT 10.0; Win64; x64) AppleWebKit/537.36 (KHTML, like Gecko) Chrome/131.0.0.0 Safari/537.36 Avast/131.0.0.0"
91.201.113.132 - - [08/Mar/2026:11:34:35 +0800] "GET /stats/usage_202602.html HTTP/1.0" 200 110401 "https://dactor-otr-havalpro.ru/" "Mozilla/5.0 (Windows NT 10.0; Win64; x64) AppleWebKit/537.36 (KHTML, like Gecko) Chrome/129.0.0.0 Safari/537.36"
91.201.113.132 - - [08/Mar/2026:11:34:37 +0800] "GET /stats/usage_202602.html HTTP/1.0" 200 110401 "https://dactor-otr-havalpro.ru/" "Mozilla/5.0 (Windows NT 10.0; Win64; x64) AppleWebKit/537.36 (KHTML, like Gecko) Chrome/130.0.0.0 Safari/537.36 CCleaner/130.0.0.0"
91.201.113.132 - - [08/Mar/2026:11:45:19 +0800] "GET /stats/usage_202602.html HTTP/1.0" 200 110401 "https://dactor-otr-havalpro.ru/" "Mozilla/5.0 (Windows NT 10.0; Win64; x64) AppleWebKit/537.36 (KHTML, like Gecko) Chrome/130.0.0.0 Safari/537.36 CCleaner/130.0.0.0"
91.201.113.132 - - [08/Mar/2026:11:45:21 +0800] "GET /stats/usage_202602.html HTTP/1.0" 200 110401 "https://dactor-otr-havalpro.ru/" "Mozilla/5.0 (Windows NT 10.0; Win64; x64) AppleWebKit/537.36 (KHTML, like Gecko) Chrome/131.0.0.0 Safari/537.36 Avast/131.0.0.0"
91.201.113.132 - - [08/Mar/2026:11:45:23 +0800] "GET /stats/usage_202602.html HTTP/1.0" 200 110401 "https://dactor-otr-havalpro.ru/" "Mozilla/5.0 (Windows NT 10.0; Win64; x64) AppleWebKit/537.36 (KHTML, like Gecko) Chrome/131.0.0.0 Safari/537.36"
91.201.113.132 - - [08/Mar/2026:11:45:48 +0800] "GET /stats/usage_202602.html HTTP/1.0" 200 110401 "https://dactor-otr-havalpro.ru/" "Mozilla/5.0 (Windows NT 10.0; Win64; x64) AppleWebKit/537.36 (KHTML, like Gecko) Chrome/130.0.0.0 Safari/537.36 CCleaner/130.0.0.0"
91.201.113.132 - - [08/Mar/2026:11:45:50 +0800] "GET /stats/usage_202602.html HTTP/1.0" 200 110401 "https://dactor-otr-havalpro.ru/" "Mozilla/5.0 (Windows NT 10.0; Win64; x64) AppleWebKit/537.36 (KHTML, like Gecko) Chrome/130.0.0.0 Safari/537.36 CCleaner/130.0.0.0"
91.201.113.132 - - [08/Mar/2026:11:45:52 +0800] "GET /stats/usage_202602.html HTTP/1.0" 200 110401 "https://dactor-otr-havalpro.ru/" "Mozilla/5.0 (Windows NT 10.0; Win64; x64) AppleWebKit/537.36 (KHTML, like Gecko) Chrome/130.0.0.0 Safari/537.36 CCleaner/130.0.0.0"
109.107.186.56 - - [08/Mar/2026:11:48:51 +0800] "GET http://megafortris.com.hk/stats/usage_202412.html HTTP/1.0" 400 22 "https://seo-creative.ru/" "Mozilla/5.0 (Windows NT 10.0; Win64; x64) AppleWebKit/537.36 (KHTML, like Gecko) Chrome/130.0.0.0 Safari/537.36"
12.50.107.220 - - [08/Mar/2026:11:48:59 +0800] "GET /stats/usage_202412.html HTTP/1.0" 200 111016 "https://seo-creative.ru/" "Mozilla/5.0 (Windows NT 10.0; Win64; x64) AppleWebKit/537.36 (KHTML, like Gecko) Chrome/129.0.0.0 Safari/537.36"
23.247.136.254 - - [08/Mar/2026:11:49:03 +0800] "GET /stats/usage_202412.html HTTP/1.0" 200 111016 "https://seo-creative.ru/" "Mozilla/5.0 (Windows NT 10.0; Win64; x64) AppleWebKit/537.36 (KHTML, like Gecko) Chrome/130.0.0.0 Safari/537.36"
12.50.107.220 - - [08/Mar/2026:11:50:34 +0800] "GET /stats/usage_202506.html HTTP/1.0" 200 110056 "https://seo-creative.ru/" "Mozilla/5.0 (Windows NT 10.0; Win64; x64) AppleWebKit/537.36 (KHTML, like Gecko) Chrome/130.0.0.0 Safari/537.36"
46.249.103.192 - - [08/Mar/2026:11:50:48 +0800] "GET /stats/usage_202506.html HTTP/1.1" 200 110056 "https://seo-creative.ru/" "Mozilla/5.0 (Windows NT 10.0; Win64; x64) AppleWebKit/537.36 (KHTML, like Gecko) Chrome/130.0.0.0 Safari/537.36 CCleaner/130.0.0.0"
91.201.113.132 - - [08/Mar/2026:11:56:37 +0800] "GET /stats/usage_202602.html HTTP/1.0" 200 110401 "https://dactor-otr-havalpro.ru/" "Mozilla/5.0 (Windows NT 10.0; Win64; x64) AppleWebKit/537.36 (KHTML, like Gecko) Chrome/130.0.0.0 Safari/537.36"
91.201.113.132 - - [08/Mar/2026:11:56:39 +0800] "GET /stats/usage_202602.html HTTP/1.0" 200 110401 "https://dactor-otr-havalpro.ru/" "Mozilla/5.0 (Windows NT 10.0; Win64; x64) AppleWebKit/537.36 (KHTML, like Gecko) Chrome/129.0.0.0 Safari/537.36"
91.201.113.132 - - [08/Mar/2026:11:56:41 +0800] "GET /stats/usage_202602.html HTTP/1.0" 200 110401 "https://dactor-otr-havalpro.ru/" "Mozilla/5.0 (Windows NT 10.0; Win64; x64) AppleWebKit/537.36 (KHTML, like Gecko) Chrome/131.0.0.0 Safari/537.36 Avast/131.0.0.0"
91.201.113.132 - - [08/Mar/2026:11:57:05 +0800] "GET /stats/usage_202602.html HTTP/1.0" 200 110401 "https://dactor-otr-havalpro.ru/" "Mozilla/5.0 (Windows NT 10.0; Win64; x64) AppleWebKit/537.36 (KHTML, like Gecko) Chrome/130.0.0.0 Safari/537.36"
91.201.113.132 - - [08/Mar/2026:11:57:07 +0800] "GET /stats/usage_202602.html HTTP/1.0" 200 110401 "https://dactor-otr-havalpro.ru/" "Mozilla/5.0 (Windows NT 10.0; Win64; x64) AppleWebKit/537.36 (KHTML, like Gecko) Chrome/131.0.0.0 Safari/537.36"
91.201.113.132 - - [08/Mar/2026:11:57:10 +0800] "GET /stats/usage_202602.html HTTP/1.0" 200 110401 "https://dactor-otr-havalpro.ru/" "Mozilla/5.0 (Windows NT 10.0; Win64; x64) AppleWebKit/537.36 (KHTML, like Gecko) Chrome/129.0.0.0 Safari/537.36"
124.243.178.44 - - [08/Mar/2026:12:04:57 +0800] "GET /stats/usage_202409.html HTTP/1.1" 200 6219 "http://megafortris.com.hk/stats/usage_202409.html" "Mozilla/5.0 (Macintosh; Intel Mac OS X 10_15_7) AppleWebKit/537.36 (KHTML, like Gecko) Chrome/119.0.0.0 Safari/537.36"
34.69.97.134 - - [08/Mar/2026:12:05:59 +0800] "GET /stats/usage_202412.html HTTP/1.0" 200 111016 "https://seo-creative.ru/" "Mozilla/5.0 (Windows NT 10.0; Win64; x64) AppleWebKit/537.36 (KHTML, like Gecko) Chrome/130.0.0.0 Safari/537.36 CCleaner/130.0.0.0"
109.107.186.56 - - [08/Mar/2026:12:06:16 +0800] "GET http://megafortris.com.hk/stats/usage_202412.html HTTP/1.0" 400 22 "https://seo-creative.ru/" "Mozilla/5.0 (Windows NT 10.0; Win64; x64) AppleWebKit/537.36 (KHTML, like Gecko) Chrome/131.0.0.0 Safari/537.36 Avast/131.0.0.0"
31.133.32.102 - - [08/Mar/2026:12:06:30 +0800] "GET /stats/usage_202412.html HTTP/1.0" 200 111016 "https://seo-creative.ru/" "Mozilla/5.0 (Windows NT 10.0; Win64; x64) AppleWebKit/537.36 (KHTML, like Gecko) Chrome/131.0.0.0 Safari/537.36"
159.65.245.255 - - [08/Mar/2026:12:07:52 +0800] "GET /stats/usage_202506.html HTTP/1.1" 200 110056 "https://seo-creative.ru/" "Mozilla/5.0 (Windows NT 10.0; Win64; x64) AppleWebKit/537.36 (KHTML, like Gecko) Chrome/131.0.0.0 Safari/537.36"
91.201.113.132 - - [08/Mar/2026:12:08:00 +0800] "GET /stats/usage_202602.html HTTP/1.0" 200 110401 "https://dactor-otr-havalpro.ru/" "Mozilla/5.0 (Windows NT 10.0; Win64; x64) AppleWebKit/537.36 (KHTML, like Gecko) Chrome/130.0.0.0 Safari/537.36 CCleaner/130.0.0.0"
