23.247.136.254 - - [10/Mar/2026:07:00:48 +0800] "GET /stats/usage_202506.html HTTP/1.0" 200 110056 "https://seo-creative.ru/" "Mozilla/5.0 (Windows NT 10.0; Win64; x64) AppleWebKit/537.36 (KHTML, like Gecko) Chrome/131.0.0.0 Safari/537.36 Avast/131.0.0.0"
109.107.186.56 - - [10/Mar/2026:07:01:03 +0800] "GET http://www.megafortris.com.hk/stats/usage_202506.html HTTP/1.0" 400 22 "https://seo-creative.ru/" "Mozilla/5.0 (Windows NT 10.0; Win64; x64) AppleWebKit/537.36 (KHTML, like Gecko) Chrome/131.0.0.0 Safari/537.36"
91.201.113.132 - - [10/Mar/2026:07:04:29 +0800] "GET /stats/usage_202602.html HTTP/1.0" 200 110401 "https://dactor-otr-havalpro.ru/" "Mozilla/5.0 (Windows NT 10.0; Win64; x64) AppleWebKit/537.36 (KHTML, like Gecko) Chrome/130.0.0.0 Safari/537.36 CCleaner/130.0.0.0"
91.201.113.132 - - [10/Mar/2026:07:04:31 +0800] "GET /stats/usage_202602.html HTTP/1.0" 200 110401 "https://dactor-otr-havalpro.ru/" "Mozilla/5.0 (Windows NT 10.0; Win64; x64) AppleWebKit/537.36 (KHTML, like Gecko) Chrome/131.0.0.0 Safari/537.36"
91.201.113.132 - - [10/Mar/2026:07:04:34 +0800] "GET /stats/usage_202602.html HTTP/1.0" 200 110401 "https://dactor-otr-havalpro.ru/" "Mozilla/5.0 (Windows NT 10.0; Win64; x64) AppleWebKit/537.36 (KHTML, like Gecko) Chrome/130.0.0.0 Safari/537.36 CCleaner/130.0.0.0"
91.201.113.132 - - [10/Mar/2026:07:04:57 +0800] "GET /stats/usage_202602.html HTTP/1.0" 200 110401 "https://dactor-otr-havalpro.ru/" "Mozilla/5.0 (Windows NT 10.0; Win64; x64) AppleWebKit/537.36 (KHTML, like Gecko) Chrome/130.0.0.0 Safari/537.36"
91.201.113.132 - - [10/Mar/2026:07:04:59 +0800] "GET /stats/usage_202602.html HTTP/1.0" 200 110401 "https://dactor-otr-havalpro.ru/" "Mozilla/5.0 (Windows NT 10.0; Win64; x64) AppleWebKit/537.36 (KHTML, like Gecko) Chrome/131.0.0.0 Safari/537.36 Avast/131.0.0.0"
91.201.113.132 - - [10/Mar/2026:07:05:02 +0800] "GET /stats/usage_202602.html HTTP/1.0" 200 110401 "https://dactor-otr-havalpro.ru/" "Mozilla/5.0 (Windows NT 10.0; Win64; x64) AppleWebKit/537.36 (KHTML, like Gecko) Chrome/130.0.0.0 Safari/537.36 CCleaner/130.0.0.0"
216.244.66.250 - - [10/Mar/2026:07:06:04 +0800] "GET /robots.txt HTTP/1.1" 404 27 "-" "Mozilla/5.0 (compatible; DotBot/1.2; +https://opensiteexplorer.org/dotbot; help@moz.com)"
91.201.113.132 - - [10/Mar/2026:07:15:38 +0800] "GET /stats/usage_202602.html HTTP/1.0" 200 110401 "https://dactor-otr-havalpro.ru/" "Mozilla/5.0 (Windows NT 10.0; Win64; x64) AppleWebKit/537.36 (KHTML, like Gecko) Chrome/131.0.0.0 Safari/537.36"
91.201.113.132 - - [10/Mar/2026:07:15:40 +0800] "GET /stats/usage_202602.html HTTP/1.0" 200 110401 "https://dactor-otr-havalpro.ru/" "Mozilla/5.0 (Windows NT 10.0; Win64; x64) AppleWebKit/537.36 (KHTML, like Gecko) Chrome/130.0.0.0 Safari/537.36"
91.201.113.132 - - [10/Mar/2026:07:15:42 +0800] "GET /stats/usage_202602.html HTTP/1.0" 200 110401 "https://dactor-otr-havalpro.ru/" "Mozilla/5.0 (Windows NT 10.0; Win64; x64) AppleWebKit/537.36 (KHTML, like Gecko) Chrome/131.0.0.0 Safari/537.36 Avast/131.0.0.0"
91.201.113.132 - - [10/Mar/2026:07:16:06 +0800] "GET /stats/usage_202602.html HTTP/1.0" 200 110401 "https://dactor-otr-havalpro.ru/" "Mozilla/5.0 (Windows NT 10.0; Win64; x64) AppleWebKit/537.36 (KHTML, like Gecko) Chrome/130.0.0.0 Safari/537.36"
91.201.113.132 - - [10/Mar/2026:07:16:09 +0800] "GET /stats/usage_202602.html HTTP/1.0" 200 110401 "https://dactor-otr-havalpro.ru/" "Mozilla/5.0 (Windows NT 10.0; Win64; x64) AppleWebKit/537.36 (KHTML, like Gecko) Chrome/130.0.0.0 Safari/537.36 CCleaner/130.0.0.0"
91.201.113.132 - - [10/Mar/2026:07:16:11 +0800] "GET /stats/usage_202602.html HTTP/1.0" 200 110401 "https://dactor-otr-havalpro.ru/" "Mozilla/5.0 (Windows NT 10.0; Win64; x64) AppleWebKit/537.36 (KHTML, like Gecko) Chrome/131.0.0.0 Safari/537.36"
23.247.136.254 - - [10/Mar/2026:07:16:20 +0800] "GET /stats/usage_202412.html HTTP/1.0" 200 111016 "https://seo-creative.ru/" "Mozilla/5.0 (Windows NT 10.0; Win64; x64) AppleWebKit/537.36 (KHTML, like Gecko) Chrome/131.0.0.0 Safari/537.36 Avast/131.0.0.0"
12.50.107.220 - - [10/Mar/2026:07:16:32 +0800] "GET /stats/usage_202412.html HTTP/1.0" 200 111016 "https://seo-creative.ru/" "Mozilla/5.0 (Windows NT 10.0; Win64; x64) AppleWebKit/537.36 (KHTML, like Gecko) Chrome/131.0.0.0 Safari/537.36 Avast/131.0.0.0"
12.50.107.220 - - [10/Mar/2026:07:16:40 +0800] "GET /stats/usage_202412.html HTTP/1.0" 200 111016 "https://seo-creative.ru/" "Mozilla/5.0 (Windows NT 10.0; Win64; x64) AppleWebKit/537.36 (KHTML, like Gecko) Chrome/129.0.0.0 Safari/537.36"
109.107.186.56 - - [10/Mar/2026:07:18:35 +0800] "GET http://www.megafortris.com.hk/stats/usage_202506.html HTTP/1.0" 400 22 "https://seo-creative.ru/" "Mozilla/5.0 (Windows NT 10.0; Win64; x64) AppleWebKit/537.36 (KHTML, like Gecko) Chrome/131.0.0.0 Safari/537.36"
101.132.222.120 - - [10/Mar/2026:07:18:49 +0800] "GET /stats/usage_202506.html HTTP/1.0" 200 110056 "https://seo-creative.ru/" "Mozilla/5.0 (Windows NT 10.0; Win64; x64) AppleWebKit/537.36 (KHTML, like Gecko) Chrome/130.0.0.0 Safari/537.36 CCleaner/130.0.0.0"
109.107.186.56 - - [10/Mar/2026:07:19:39 +0800] "GET http://www.megafortris.com.hk/stats/usage_202506.html HTTP/1.0" 400 22 "https://seo-creative.ru/" "Mozilla/5.0 (Windows NT 10.0; Win64; x64) AppleWebKit/537.36 (KHTML, like Gecko) Chrome/131.0.0.0 Safari/537.36 Avast/131.0.0.0"
216.244.66.250 - - [10/Mar/2026:07:22:28 +0800] "GET /awstats-icon/?C=N;O=A HTTP/1.1" 200 1281 "-" "Mozilla/5.0 (compatible; DotBot/1.2; +https://opensiteexplorer.org/dotbot; help@moz.com)"
43.173.177.165 - - [10/Mar/2026:07:22:33 +0800] "GET /awstatsicons/os/?C=D;O=D HTTP/1.1" 200 1198 "-" "Mozilla/5.0 (Windows NT 10.0; Win64; x64) AppleWebKit/537.36 (KHTML, like Gecko) Chrome/124.0.0.0 Safari/537.36"
17.241.227.55 - - [10/Mar/2026:07:23:13 +0800] "GET /awstatsicons/flags/sb.png HTTP/1.1" 200 299 "-" "Mozilla/5.0 (Macintosh; Intel Mac OS X 10_15_7) AppleWebKit/605.1.15 (KHTML, like Gecko) Version/17.4 Safari/605.1.15 (Applebot/0.1; +http://www.apple.com/go/applebot)"
91.201.113.132 - - [10/Mar/2026:07:26:42 +0800] "GET /stats/usage_202602.html HTTP/1.0" 200 110401 "https://dactor-otr-havalpro.ru/" "Mozilla/5.0 (Windows NT 10.0; Win64; x64) AppleWebKit/537.36 (KHTML, like Gecko) Chrome/130.0.0.0 Safari/537.36 CCleaner/130.0.0.0"
91.201.113.132 - - [10/Mar/2026:07:26:44 +0800] "GET /stats/usage_202602.html HTTP/1.0" 200 110401 "https://dactor-otr-havalpro.ru/" "Mozilla/5.0 (Windows NT 10.0; Win64; x64) AppleWebKit/537.36 (KHTML, like Gecko) Chrome/131.0.0.0 Safari/537.36 Avast/131.0.0.0"
91.201.113.132 - - [10/Mar/2026:07:26:46 +0800] "GET /stats/usage_202602.html HTTP/1.0" 200 110401 "https://dactor-otr-havalpro.ru/" "Mozilla/5.0 (Windows NT 10.0; Win64; x64) AppleWebKit/537.36 (KHTML, like Gecko) Chrome/130.0.0.0 Safari/537.36 CCleaner/130.0.0.0"
91.201.113.132 - - [10/Mar/2026:07:27:10 +0800] "GET /stats/usage_202602.html HTTP/1.0" 200 110401 "https://dactor-otr-havalpro.ru/" "Mozilla/5.0 (Windows NT 10.0; Win64; x64) AppleWebKit/537.36 (KHTML, like Gecko) Chrome/131.0.0.0 Safari/537.36 Avast/131.0.0.0"
91.201.113.132 - - [10/Mar/2026:07:27:13 +0800] "GET /stats/usage_202602.html HTTP/1.0" 200 110401 "https://dactor-otr-havalpro.ru/" "Mozilla/5.0 (Windows NT 10.0; Win64; x64) AppleWebKit/537.36 (KHTML, like Gecko) Chrome/130.0.0.0 Safari/537.36"
91.201.113.132 - - [10/Mar/2026:07:27:15 +0800] "GET /stats/usage_202602.html HTTP/1.0" 200 110401 "https://dactor-otr-havalpro.ru/" "Mozilla/5.0 (Windows NT 10.0; Win64; x64) AppleWebKit/537.36 (KHTML, like Gecko) Chrome/131.0.0.0 Safari/537.36 Avast/131.0.0.0"
192.73.244.36 - - [10/Mar/2026:07:34:28 +0800] "GET /stats/usage_202412.html HTTP/1.1" 200 111016 "https://seo-creative.ru/" "Mozilla/5.0 (Windows NT 10.0; Win64; x64) AppleWebKit/537.36 (KHTML, like Gecko) Chrome/129.0.0.0 Safari/537.36"
12.50.107.220 - - [10/Mar/2026:07:34:37 +0800] "GET /stats/usage_202412.html HTTP/1.0" 200 111016 "https://seo-creative.ru/" "Mozilla/5.0 (Windows NT 10.0; Win64; x64) AppleWebKit/537.36 (KHTML, like Gecko) Chrome/131.0.0.0 Safari/537.36 Avast/131.0.0.0"
23.247.136.254 - - [10/Mar/2026:07:34:40 +0800] "GET /stats/usage_202412.html HTTP/1.0" 200 111016 "https://seo-creative.ru/" "Mozilla/5.0 (Windows NT 10.0; Win64; x64) AppleWebKit/537.36 (KHTML, like Gecko) Chrome/131.0.0.0 Safari/537.36 Avast/131.0.0.0"
17.241.219.34 - - [10/Mar/2026:07:34:54 +0800] "GET /awstatsicons/flags/nato.png HTTP/1.1" 200 158 "-" "Mozilla/5.0 (Macintosh; Intel Mac OS X 10_15_7) AppleWebKit/605.1.15 (KHTML, like Gecko) Version/17.4 Safari/605.1.15 (Applebot/0.1; +http://www.apple.com/go/applebot)"
109.107.186.56 - - [10/Mar/2026:07:36:38 +0800] "GET http://www.megafortris.com.hk/stats/usage_202506.html HTTP/1.0" 400 22 "https://seo-creative.ru/" "Mozilla/5.0 (Windows NT 10.0; Win64; x64) AppleWebKit/537.36 (KHTML, like Gecko) Chrome/131.0.0.0 Safari/537.36"
109.107.186.56 - - [10/Mar/2026:07:36:55 +0800] "GET http://www.megafortris.com.hk/stats/usage_202506.html HTTP/1.0" 400 22 "https://seo-creative.ru/" "Mozilla/5.0 (Windows NT 10.0; Win64; x64) AppleWebKit/537.36 (KHTML, like Gecko) Chrome/130.0.0.0 Safari/537.36"
49.245.63.150 - - [10/Mar/2026:07:37:11 +0800] "GET http://www.megafortris.com.hk/stats/usage_202506.html HTTP/1.0" 400 22 "https://seo-creative.ru/" "Mozilla/5.0 (Windows NT 10.0; Win64; x64) AppleWebKit/537.36 (KHTML, like Gecko) Chrome/129.0.0.0 Safari/537.36"
91.201.113.132 - - [10/Mar/2026:07:37:41 +0800] "GET /stats/usage_202602.html HTTP/1.0" 200 110401 "https://dactor-otr-havalpro.ru/" "Mozilla/5.0 (Windows NT 10.0; Win64; x64) AppleWebKit/537.36 (KHTML, like Gecko) Chrome/131.0.0.0 Safari/537.36"
91.201.113.132 - - [10/Mar/2026:07:37:47 +0800] "GET /stats/usage_202602.html HTTP/1.0" 200 110401 "https://dactor-otr-havalpro.ru/" "Mozilla/5.0 (Windows NT 10.0; Win64; x64) AppleWebKit/537.36 (KHTML, like Gecko) Chrome/131.0.0.0 Safari/537.36"
91.201.113.132 - - [10/Mar/2026:07:37:49 +0800] "GET /stats/usage_202602.html HTTP/1.0" 200 110401 "https://dactor-otr-havalpro.ru/" "Mozilla/5.0 (Windows NT 10.0; Win64; x64) AppleWebKit/537.36 (KHTML, like Gecko) Chrome/130.0.0.0 Safari/537.36"
91.201.113.132 - - [10/Mar/2026:07:38:10 +0800] "GET /stats/usage_202602.html HTTP/1.0" 200 110401 "https://dactor-otr-havalpro.ru/" "Mozilla/5.0 (Windows NT 10.0; Win64; x64) AppleWebKit/537.36 (KHTML, like Gecko) Chrome/131.0.0.0 Safari/537.36"
91.201.113.132 - - [10/Mar/2026:07:38:12 +0800] "GET /stats/usage_202602.html HTTP/1.0" 200 110401 "https://dactor-otr-havalpro.ru/" "Mozilla/5.0 (Windows NT 10.0; Win64; x64) AppleWebKit/537.36 (KHTML, like Gecko) Chrome/130.0.0.0 Safari/537.36 CCleaner/130.0.0.0"
91.201.113.132 - - [10/Mar/2026:07:38:14 +0800] "GET /stats/usage_202602.html HTTP/1.0" 200 110401 "https://dactor-otr-havalpro.ru/" "Mozilla/5.0 (Windows NT 10.0; Win64; x64) AppleWebKit/537.36 (KHTML, like Gecko) Chrome/130.0.0.0 Safari/537.36"
216.244.66.250 - - [10/Mar/2026:07:39:15 +0800] "GET /awstats-icon/?C=N;O=A HTTP/1.1" 200 1281 "-" "Mozilla/5.0 (compatible; DotBot/1.2; +https://opensiteexplorer.org/dotbot; help@moz.com)"
91.201.113.132 - - [10/Mar/2026:07:48:39 +0800] "GET /stats/usage_202602.html HTTP/1.0" 200 110401 "https://dactor-otr-havalpro.ru/" "Mozilla/5.0 (Windows NT 10.0; Win64; x64) AppleWebKit/537.36 (KHTML, like Gecko) Chrome/131.0.0.0 Safari/537.36 Avast/131.0.0.0"
91.201.113.132 - - [10/Mar/2026:07:48:41 +0800] "GET /stats/usage_202602.html HTTP/1.0" 200 110401 "https://dactor-otr-havalpro.ru/" "Mozilla/5.0 (Windows NT 10.0; Win64; x64) AppleWebKit/537.36 (KHTML, like Gecko) Chrome/131.0.0.0 Safari/537.36"
91.201.113.132 - - [10/Mar/2026:07:48:43 +0800] "GET /stats/usage_202602.html HTTP/1.0" 200 110401 "https://dactor-otr-havalpro.ru/" "Mozilla/5.0 (Windows NT 10.0; Win64; x64) AppleWebKit/537.36 (KHTML, like Gecko) Chrome/130.0.0.0 Safari/537.36"
91.201.113.132 - - [10/Mar/2026:07:49:08 +0800] "GET /stats/usage_202602.html HTTP/1.0" 200 110401 "https://dactor-otr-havalpro.ru/" "Mozilla/5.0 (Windows NT 10.0; Win64; x64) AppleWebKit/537.36 (KHTML, like Gecko) Chrome/130.0.0.0 Safari/537.36 CCleaner/130.0.0.0"
91.201.113.132 - - [10/Mar/2026:07:49:10 +0800] "GET /stats/usage_202602.html HTTP/1.0" 200 110401 "https://dactor-otr-havalpro.ru/" "Mozilla/5.0 (Windows NT 10.0; Win64; x64) AppleWebKit/537.36 (KHTML, like Gecko) Chrome/130.0.0.0 Safari/537.36"
91.201.113.132 - - [10/Mar/2026:07:49:12 +0800] "GET /stats/usage_202602.html HTTP/1.0" 200 110401 "https://dactor-otr-havalpro.ru/" "Mozilla/5.0 (Windows NT 10.0; Win64; x64) AppleWebKit/537.36 (KHTML, like Gecko) Chrome/130.0.0.0 Safari/537.36"
109.107.186.56 - - [10/Mar/2026:07:52:26 +0800] "GET http://megafortris.com.hk/stats/usage_202412.html HTTP/1.0" 400 22 "https://seo-creative.ru/" "Mozilla/5.0 (Windows NT 10.0; Win64; x64) AppleWebKit/537.36 (KHTML, like Gecko) Chrome/131.0.0.0 Safari/537.36 Avast/131.0.0.0"
101.132.222.120 - - [10/Mar/2026:07:52:38 +0800] "GET /stats/usage_202412.html HTTP/1.0" 200 111016 "https://seo-creative.ru/" "Mozilla/5.0 (Windows NT 10.0; Win64; x64) AppleWebKit/537.36 (KHTML, like Gecko) Chrome/129.0.0.0 Safari/537.36"
12.50.107.220 - - [10/Mar/2026:07:52:59 +0800] "GET /stats/usage_202412.html HTTP/1.0" 200 111016 "https://seo-creative.ru/" "Mozilla/5.0 (Windows NT 10.0; Win64; x64) AppleWebKit/537.36 (KHTML, like Gecko) Chrome/129.0.0.0 Safari/537.36"
136.113.253.28 - - [10/Mar/2026:07:54:58 +0800] "GET /stats/usage_202506.html HTTP/1.0" 200 110056 "https://seo-creative.ru/" "Mozilla/5.0 (Windows NT 10.0; Win64; x64) AppleWebKit/537.36 (KHTML, like Gecko) Chrome/131.0.0.0 Safari/537.36"
23.247.136.254 - - [10/Mar/2026:07:55:02 +0800] "GET /stats/usage_202506.html HTTP/1.0" 200 110056 "https://seo-creative.ru/" "Mozilla/5.0 (Windows NT 10.0; Win64; x64) AppleWebKit/537.36 (KHTML, like Gecko) Chrome/131.0.0.0 Safari/537.36"
17.246.19.26 - - [10/Mar/2026:07:55:36 +0800] "GET /awstats-icon/other/hx.png HTTP/1.1" 200 269 "-" "Mozilla/5.0 (Macintosh; Intel Mac OS X 10_15_7) AppleWebKit/605.1.15 (KHTML, like Gecko) Version/17.4 Safari/605.1.15 (Applebot/0.1; +http://www.apple.com/go/applebot)"
91.201.113.132 - - [10/Mar/2026:07:59:40 +0800] "GET /stats/usage_202602.html HTTP/1.0" 200 110401 "https://dactor-otr-havalpro.ru/" "Mozilla/5.0 (Windows NT 10.0; Win64; x64) AppleWebKit/537.36 (KHTML, like Gecko) Chrome/131.0.0.0 Safari/537.36 Avast/131.0.0.0"
91.201.113.132 - - [10/Mar/2026:07:59:42 +0800] "GET /stats/usage_202602.html HTTP/1.0" 200 110401 "https://dactor-otr-havalpro.ru/" "Mozilla/5.0 (Windows NT 10.0; Win64; x64) AppleWebKit/537.36 (KHTML, like Gecko) Chrome/129.0.0.0 Safari/537.36"
91.201.113.132 - - [10/Mar/2026:07:59:44 +0800] "GET /stats/usage_202602.html HTTP/1.0" 200 110401 "https://dactor-otr-havalpro.ru/" "Mozilla/5.0 (Windows NT 10.0; Win64; x64) AppleWebKit/537.36 (KHTML, like Gecko) Chrome/130.0.0.0 Safari/537.36 CCleaner/130.0.0.0"
91.201.113.132 - - [10/Mar/2026:08:00:09 +0800] "GET /stats/usage_202602.html HTTP/1.0" 200 110401 "https://dactor-otr-havalpro.ru/" "Mozilla/5.0 (Windows NT 10.0; Win64; x64) AppleWebKit/537.36 (KHTML, like Gecko) Chrome/130.0.0.0 Safari/537.36"
91.201.113.132 - - [10/Mar/2026:08:00:11 +0800] "GET /stats/usage_202602.html HTTP/1.0" 200 110401 "https://dactor-otr-havalpro.ru/" "Mozilla/5.0 (Windows NT 10.0; Win64; x64) AppleWebKit/537.36 (KHTML, like Gecko) Chrome/131.0.0.0 Safari/537.36 Avast/131.0.0.0"
91.201.113.132 - - [10/Mar/2026:08:00:13 +0800] "GET /stats/usage_202602.html HTTP/1.0" 200 110401 "https://dactor-otr-havalpro.ru/" "Mozilla/5.0 (Windows NT 10.0; Win64; x64) AppleWebKit/537.36 (KHTML, like Gecko) Chrome/130.0.0.0 Safari/537.36"
109.107.186.56 - - [10/Mar/2026:08:10:30 +0800] "GET http://megafortris.com.hk/stats/usage_202412.html HTTP/1.0" 400 22 "https://seo-creative.ru/" "Mozilla/5.0 (Windows NT 10.0; Win64; x64) AppleWebKit/537.36 (KHTML, like Gecko) Chrome/131.0.0.0 Safari/537.36 Avast/131.0.0.0"
23.247.136.254 - - [10/Mar/2026:08:10:38 +0800] "GET /stats/usage_202412.html HTTP/1.0" 200 111016 "https://seo-creative.ru/" "Mozilla/5.0 (Windows NT 10.0; Win64; x64) AppleWebKit/537.36 (KHTML, like Gecko) Chrome/130.0.0.0 Safari/537.36"
91.201.113.132 - - [10/Mar/2026:08:10:45 +0800] "GET /stats/usage_202602.html HTTP/1.0" 200 110401 "https://dactor-otr-havalpro.ru/" "Mozilla/5.0 (Windows NT 10.0; Win64; x64) AppleWebKit/537.36 (KHTML, like Gecko) Chrome/130.0.0.0 Safari/537.36 CCleaner/130.0.0.0"
91.201.113.132 - - [10/Mar/2026:08:10:47 +0800] "GET /stats/usage_202602.html HTTP/1.0" 200 110401 "https://dactor-otr-havalpro.ru/" "Mozilla/5.0 (Windows NT 10.0; Win64; x64) AppleWebKit/537.36 (KHTML, like Gecko) Chrome/130.0.0.0 Safari/537.36"
91.201.113.132 - - [10/Mar/2026:08:10:49 +0800] "GET /stats/usage_202602.html HTTP/1.0" 200 110401 "https://dactor-otr-havalpro.ru/" "Mozilla/5.0 (Windows NT 10.0; Win64; x64) AppleWebKit/537.36 (KHTML, like Gecko) Chrome/130.0.0.0 Safari/537.36"
192.73.244.36 - - [10/Mar/2026:08:10:52 +0800] "GET /stats/usage_202412.html HTTP/1.1" 200 111016 "https://seo-creative.ru/" "Mozilla/5.0 (Windows NT 10.0; Win64; x64) AppleWebKit/537.36 (KHTML, like Gecko) Chrome/130.0.0.0 Safari/537.36 CCleaner/130.0.0.0"
91.201.113.132 - - [10/Mar/2026:08:11:14 +0800] "GET /stats/usage_202602.html HTTP/1.0" 200 110401 "https://dactor-otr-havalpro.ru/" "Mozilla/5.0 (Windows NT 10.0; Win64; x64) AppleWebKit/537.36 (KHTML, like Gecko) Chrome/130.0.0.0 Safari/537.36"
91.201.113.132 - - [10/Mar/2026:08:11:16 +0800] "GET /stats/usage_202602.html HTTP/1.0" 200 110401 "https://dactor-otr-havalpro.ru/" "Mozilla/5.0 (Windows NT 10.0; Win64; x64) AppleWebKit/537.36 (KHTML, like Gecko) Chrome/130.0.0.0 Safari/537.36"
91.201.113.132 - - [10/Mar/2026:08:11:18 +0800] "GET /stats/usage_202602.html HTTP/1.0" 200 110401 "https://dactor-otr-havalpro.ru/" "Mozilla/5.0 (Windows NT 10.0; Win64; x64) AppleWebKit/537.36 (KHTML, like Gecko) Chrome/129.0.0.0 Safari/537.36"
136.113.253.28 - - [10/Mar/2026:08:12:29 +0800] "GET /stats/usage_202506.html HTTP/1.0" 200 110056 "https://seo-creative.ru/" "Mozilla/5.0 (Windows NT 10.0; Win64; x64) AppleWebKit/537.36 (KHTML, like Gecko) Chrome/130.0.0.0 Safari/537.36"
12.50.107.220 - - [10/Mar/2026:08:12:45 +0800] "GET /stats/usage_202506.html HTTP/1.0" 200 110056 "https://seo-creative.ru/" "Mozilla/5.0 (Windows NT 10.0; Win64; x64) AppleWebKit/537.36 (KHTML, like Gecko) Chrome/130.0.0.0 Safari/537.36"
109.107.186.56 - - [10/Mar/2026:08:13:00 +0800] "GET http://www.megafortris.com.hk/stats/usage_202506.html HTTP/1.0" 400 22 "https://seo-creative.ru/" "Mozilla/5.0 (Windows NT 10.0; Win64; x64) AppleWebKit/537.36 (KHTML, like Gecko) Chrome/130.0.0.0 Safari/537.36"
91.201.113.132 - - [10/Mar/2026:08:21:52 +0800] "GET /stats/usage_202602.html HTTP/1.0" 200 110401 "https://dactor-otr-havalpro.ru/" "Mozilla/5.0 (Windows NT 10.0; Win64; x64) AppleWebKit/537.36 (KHTML, like Gecko) Chrome/129.0.0.0 Safari/537.36"
91.201.113.132 - - [10/Mar/2026:08:21:54 +0800] "GET /stats/usage_202602.html HTTP/1.0" 200 110401 "https://dactor-otr-havalpro.ru/" "Mozilla/5.0 (Windows NT 10.0; Win64; x64) AppleWebKit/537.36 (KHTML, like Gecko) Chrome/130.0.0.0 Safari/537.36"
91.201.113.132 - - [10/Mar/2026:08:21:56 +0800] "GET /stats/usage_202602.html HTTP/1.0" 200 110401 "https://dactor-otr-havalpro.ru/" "Mozilla/5.0 (Windows NT 10.0; Win64; x64) AppleWebKit/537.36 (KHTML, like Gecko) Chrome/131.0.0.0 Safari/537.36"
91.201.113.132 - - [10/Mar/2026:08:22:20 +0800] "GET /stats/usage_202602.html HTTP/1.0" 200 110401 "https://dactor-otr-havalpro.ru/" "Mozilla/5.0 (Windows NT 10.0; Win64; x64) AppleWebKit/537.36 (KHTML, like Gecko) Chrome/130.0.0.0 Safari/537.36"
91.201.113.132 - - [10/Mar/2026:08:22:22 +0800] "GET /stats/usage_202602.html HTTP/1.0" 200 110401 "https://dactor-otr-havalpro.ru/" "Mozilla/5.0 (Windows NT 10.0; Win64; x64) AppleWebKit/537.36 (KHTML, like Gecko) Chrome/130.0.0.0 Safari/537.36"
91.201.113.132 - - [10/Mar/2026:08:22:24 +0800] "GET /stats/usage_202602.html HTTP/1.0" 200 110401 "https://dactor-otr-havalpro.ru/" "Mozilla/5.0 (Windows NT 10.0; Win64; x64) AppleWebKit/537.36 (KHTML, like Gecko) Chrome/130.0.0.0 Safari/537.36"
202.55.67.194 - - [10/Mar/2026:08:28:16 +0800] "GET http://megafortris.com.hk/stats/usage_202412.html HTTP/1.0" 400 22 "https://seo-creative.ru/" "Mozilla/5.0 (Windows NT 10.0; Win64; x64) AppleWebKit/537.36 (KHTML, like Gecko) Chrome/131.0.0.0 Safari/537.36"
49.245.63.150 - - [10/Mar/2026:08:28:31 +0800] "GET http://megafortris.com.hk/stats/usage_202412.html HTTP/1.0" 400 22 "https://seo-creative.ru/" "Mozilla/5.0 (Windows NT 10.0; Win64; x64) AppleWebKit/537.36 (KHTML, like Gecko) Chrome/131.0.0.0 Safari/537.36"
31.133.32.102 - - [10/Mar/2026:08:28:45 +0800] "GET /stats/usage_202412.html HTTP/1.0" 200 111016 "https://seo-creative.ru/" "Mozilla/5.0 (Windows NT 10.0; Win64; x64) AppleWebKit/537.36 (KHTML, like Gecko) Chrome/131.0.0.0 Safari/537.36 Avast/131.0.0.0"
12.50.107.220 - - [10/Mar/2026:08:30:10 +0800] "GET /stats/usage_202506.html HTTP/1.0" 200 110056 "https://seo-creative.ru/" "Mozilla/5.0 (Windows NT 10.0; Win64; x64) AppleWebKit/537.36 (KHTML, like Gecko) Chrome/129.0.0.0 Safari/537.36"
202.55.67.194 - - [10/Mar/2026:08:30:21 +0800] "GET http://www.megafortris.com.hk/stats/usage_202506.html HTTP/1.0" 400 22 "https://seo-creative.ru/" "Mozilla/5.0 (Windows NT 10.0; Win64; x64) AppleWebKit/537.36 (KHTML, like Gecko) Chrome/129.0.0.0 Safari/537.36"
49.245.63.150 - - [10/Mar/2026:08:30:42 +0800] "GET http://www.megafortris.com.hk/stats/usage_202506.html HTTP/1.0" 400 22 "https://seo-creative.ru/" "Mozilla/5.0 (Windows NT 10.0; Win64; x64) AppleWebKit/537.36 (KHTML, like Gecko) Chrome/131.0.0.0 Safari/537.36"
91.201.113.132 - - [10/Mar/2026:08:32:50 +0800] "GET /stats/usage_202602.html HTTP/1.0" 200 110401 "https://dactor-otr-havalpro.ru/" "Mozilla/5.0 (Windows NT 10.0; Win64; x64) AppleWebKit/537.36 (KHTML, like Gecko) Chrome/131.0.0.0 Safari/537.36"
91.201.113.132 - - [10/Mar/2026:08:32:52 +0800] "GET /stats/usage_202602.html HTTP/1.0" 200 110401 "https://dactor-otr-havalpro.ru/" "Mozilla/5.0 (Windows NT 10.0; Win64; x64) AppleWebKit/537.36 (KHTML, like Gecko) Chrome/131.0.0.0 Safari/537.36"
91.201.113.132 - - [10/Mar/2026:08:32:54 +0800] "GET /stats/usage_202602.html HTTP/1.0" 200 110401 "https://dactor-otr-havalpro.ru/" "Mozilla/5.0 (Windows NT 10.0; Win64; x64) AppleWebKit/537.36 (KHTML, like Gecko) Chrome/130.0.0.0 Safari/537.36 CCleaner/130.0.0.0"
91.201.113.132 - - [10/Mar/2026:08:33:19 +0800] "GET /stats/usage_202602.html HTTP/1.0" 200 110401 "https://dactor-otr-havalpro.ru/" "Mozilla/5.0 (Windows NT 10.0; Win64; x64) AppleWebKit/537.36 (KHTML, like Gecko) Chrome/130.0.0.0 Safari/537.36 CCleaner/130.0.0.0"
91.201.113.132 - - [10/Mar/2026:08:33:21 +0800] "GET /stats/usage_202602.html HTTP/1.0" 200 110401 "https://dactor-otr-havalpro.ru/" "Mozilla/5.0 (Windows NT 10.0; Win64; x64) AppleWebKit/537.36 (KHTML, like Gecko) Chrome/129.0.0.0 Safari/537.36"
91.201.113.132 - - [10/Mar/2026:08:33:23 +0800] "GET /stats/usage_202602.html HTTP/1.0" 200 110401 "https://dactor-otr-havalpro.ru/" "Mozilla/5.0 (Windows NT 10.0; Win64; x64) AppleWebKit/537.36 (KHTML, like Gecko) Chrome/131.0.0.0 Safari/537.36"
91.201.113.132 - - [10/Mar/2026:08:43:55 +0800] "GET /stats/usage_202602.html HTTP/1.0" 200 110401 "https://dactor-otr-havalpro.ru/" "Mozilla/5.0 (Windows NT 10.0; Win64; x64) AppleWebKit/537.36 (KHTML, like Gecko) Chrome/131.0.0.0 Safari/537.36 Avast/131.0.0.0"
91.201.113.132 - - [10/Mar/2026:08:43:57 +0800] "GET /stats/usage_202602.html HTTP/1.0" 200 110401 "https://dactor-otr-havalpro.ru/" "Mozilla/5.0 (Windows NT 10.0; Win64; x64) AppleWebKit/537.36 (KHTML, like Gecko) Chrome/130.0.0.0 Safari/537.36"
91.201.113.132 - - [10/Mar/2026:08:43:59 +0800] "GET /stats/usage_202602.html HTTP/1.0" 200 110401 "https://dactor-otr-havalpro.ru/" "Mozilla/5.0 (Windows NT 10.0; Win64; x64) AppleWebKit/537.36 (KHTML, like Gecko) Chrome/130.0.0.0 Safari/537.36 CCleaner/130.0.0.0"
91.201.113.132 - - [10/Mar/2026:08:44:23 +0800] "GET /stats/usage_202602.html HTTP/1.0" 200 110401 "https://dactor-otr-havalpro.ru/" "Mozilla/5.0 (Windows NT 10.0; Win64; x64) AppleWebKit/537.36 (KHTML, like Gecko) Chrome/129.0.0.0 Safari/537.36"
91.201.113.132 - - [10/Mar/2026:08:44:25 +0800] "GET /stats/usage_202602.html HTTP/1.0" 200 110401 "https://dactor-otr-havalpro.ru/" "Mozilla/5.0 (Windows NT 10.0; Win64; x64) AppleWebKit/537.36 (KHTML, like Gecko) Chrome/131.0.0.0 Safari/537.36 Avast/131.0.0.0"
91.201.113.132 - - [10/Mar/2026:08:44:27 +0800] "GET /stats/usage_202602.html HTTP/1.0" 200 110401 "https://dactor-otr-havalpro.ru/" "Mozilla/5.0 (Windows NT 10.0; Win64; x64) AppleWebKit/537.36 (KHTML, like Gecko) Chrome/131.0.0.0 Safari/537.36 Avast/131.0.0.0"
12.50.107.220 - - [10/Mar/2026:08:45:53 +0800] "GET /stats/usage_202412.html HTTP/1.0" 200 111016 "https://seo-creative.ru/" "Mozilla/5.0 (Windows NT 10.0; Win64; x64) AppleWebKit/537.36 (KHTML, like Gecko) Chrome/131.0.0.0 Safari/537.36 Avast/131.0.0.0"
23.247.136.254 - - [10/Mar/2026:08:46:01 +0800] "GET /stats/usage_202412.html HTTP/1.0" 200 111016 "https://seo-creative.ru/" "Mozilla/5.0 (Windows NT 10.0; Win64; x64) AppleWebKit/537.36 (KHTML, like Gecko) Chrome/129.0.0.0 Safari/537.36"
109.107.186.56 - - [10/Mar/2026:08:46:22 +0800] "GET http://megafortris.com.hk/stats/usage_202412.html HTTP/1.0" 400 22 "https://seo-creative.ru/" "Mozilla/5.0 (Windows NT 10.0; Win64; x64) AppleWebKit/537.36 (KHTML, like Gecko) Chrome/131.0.0.0 Safari/537.36 Avast/131.0.0.0"
109.107.186.56 - - [10/Mar/2026:08:48:00 +0800] "GET http://www.megafortris.com.hk/stats/usage_202506.html HTTP/1.0" 400 22 "https://seo-creative.ru/" "Mozilla/5.0 (Windows NT 10.0; Win64; x64) AppleWebKit/537.36 (KHTML, like Gecko) Chrome/131.0.0.0 Safari/537.36 Avast/131.0.0.0"
23.247.136.254 - - [10/Mar/2026:08:48:13 +0800] "GET /stats/usage_202506.html HTTP/1.0" 200 110056 "https://seo-creative.ru/" "Mozilla/5.0 (Windows NT 10.0; Win64; x64) AppleWebKit/537.36 (KHTML, like Gecko) Chrome/131.0.0.0 Safari/537.36 Avast/131.0.0.0"
162.240.18.101 - - [10/Mar/2026:08:48:19 +0800] "GET /stats/usage_202506.html HTTP/1.1" 200 110056 "https://seo-creative.ru/" "Mozilla/5.0 (Windows NT 10.0; Win64; x64) AppleWebKit/537.36 (KHTML, like Gecko) Chrome/130.0.0.0 Safari/537.36"
91.201.113.132 - - [10/Mar/2026:08:54:55 +0800] "GET /stats/usage_202602.html HTTP/1.0" 200 110401 "https://dactor-otr-havalpro.ru/" "Mozilla/5.0 (Windows NT 10.0; Win64; x64) AppleWebKit/537.36 (KHTML, like Gecko) Chrome/130.0.0.0 Safari/537.36 CCleaner/130.0.0.0"
91.201.113.132 - - [10/Mar/2026:08:54:58 +0800] "GET /stats/usage_202602.html HTTP/1.0" 200 110401 "https://dactor-otr-havalpro.ru/" "Mozilla/5.0 (Windows NT 10.0; Win64; x64) AppleWebKit/537.36 (KHTML, like Gecko) Chrome/131.0.0.0 Safari/537.36"
91.201.113.132 - - [10/Mar/2026:08:55:00 +0800] "GET /stats/usage_202602.html HTTP/1.0" 200 110401 "https://dactor-otr-havalpro.ru/" "Mozilla/5.0 (Windows NT 10.0; Win64; x64) AppleWebKit/537.36 (KHTML, like Gecko) Chrome/129.0.0.0 Safari/537.36"
91.201.113.132 - - [10/Mar/2026:08:55:24 +0800] "GET /stats/usage_202602.html HTTP/1.0" 200 110401 "https://dactor-otr-havalpro.ru/" "Mozilla/5.0 (Windows NT 10.0; Win64; x64) AppleWebKit/537.36 (KHTML, like Gecko) Chrome/129.0.0.0 Safari/537.36"
91.201.113.132 - - [10/Mar/2026:08:55:26 +0800] "GET /stats/usage_202602.html HTTP/1.0" 200 110401 "https://dactor-otr-havalpro.ru/" "Mozilla/5.0 (Windows NT 10.0; Win64; x64) AppleWebKit/537.36 (KHTML, like Gecko) Chrome/130.0.0.0 Safari/537.36"
91.201.113.132 - - [10/Mar/2026:08:55:28 +0800] "GET /stats/usage_202602.html HTTP/1.0" 200 110401 "https://dactor-otr-havalpro.ru/" "Mozilla/5.0 (Windows NT 10.0; Win64; x64) AppleWebKit/537.36 (KHTML, like Gecko) Chrome/130.0.0.0 Safari/537.36 CCleaner/130.0.0.0"
49.245.63.150 - - [10/Mar/2026:09:04:16 +0800] "GET http://megafortris.com.hk/stats/usage_202412.html HTTP/1.0" 400 22 "https://seo-creative.ru/" "Mozilla/5.0 (Windows NT 10.0; Win64; x64) AppleWebKit/537.36 (KHTML, like Gecko) Chrome/129.0.0.0 Safari/537.36"
109.107.186.56 - - [10/Mar/2026:09:05:52 +0800] "GET http://www.megafortris.com.hk/stats/usage_202506.html HTTP/1.0" 400 22 "https://seo-creative.ru/" "Mozilla/5.0 (Windows NT 10.0; Win64; x64) AppleWebKit/537.36 (KHTML, like Gecko) Chrome/130.0.0.0 Safari/537.36 CCleaner/130.0.0.0"
91.201.113.132 - - [10/Mar/2026:09:05:56 +0800] "GET /stats/usage_202602.html HTTP/1.0" 200 110401 "https://dactor-otr-havalpro.ru/" "Mozilla/5.0 (Windows NT 10.0; Win64; x64) AppleWebKit/537.36 (KHTML, like Gecko) Chrome/131.0.0.0 Safari/537.36 Avast/131.0.0.0"
91.201.113.132 - - [10/Mar/2026:09:05:59 +0800] "GET /stats/usage_202602.html HTTP/1.0" 200 110401 "https://dactor-otr-havalpro.ru/" "Mozilla/5.0 (Windows NT 10.0; Win64; x64) AppleWebKit/537.36 (KHTML, like Gecko) Chrome/130.0.0.0 Safari/537.36"
91.201.113.132 - - [10/Mar/2026:09:06:01 +0800] "GET /stats/usage_202602.html HTTP/1.0" 200 110401 "https://dactor-otr-havalpro.ru/" "Mozilla/5.0 (Windows NT 10.0; Win64; x64) AppleWebKit/537.36 (KHTML, like Gecko) Chrome/130.0.0.0 Safari/537.36"
133.18.234.13 - - [10/Mar/2026:09:06:21 +0800] "GET http://www.megafortris.com.hk/stats/usage_202506.html HTTP/1.0" 400 22 "https://seo-creative.ru/" "Mozilla/5.0 (Windows NT 10.0; Win64; x64) AppleWebKit/537.36 (KHTML, like Gecko) Chrome/130.0.0.0 Safari/537.36"
91.201.113.132 - - [10/Mar/2026:09:06:25 +0800] "GET /stats/usage_202602.html HTTP/1.0" 200 110401 "https://dactor-otr-havalpro.ru/" "Mozilla/5.0 (Windows NT 10.0; Win64; x64) AppleWebKit/537.36 (KHTML, like Gecko) Chrome/130.0.0.0 Safari/537.36"
91.201.113.132 - - [10/Mar/2026:09:06:27 +0800] "GET /stats/usage_202602.html HTTP/1.0" 200 110401 "https://dactor-otr-havalpro.ru/" "Mozilla/5.0 (Windows NT 10.0; Win64; x64) AppleWebKit/537.36 (KHTML, like Gecko) Chrome/131.0.0.0 Safari/537.36"
34.31.5.140 - - [10/Mar/2026:09:06:29 +0800] "GET /stats/usage_202506.html HTTP/1.0" 200 110056 "https://seo-creative.ru/" "Mozilla/5.0 (Windows NT 10.0; Win64; x64) AppleWebKit/537.36 (KHTML, like Gecko) Chrome/130.0.0.0 Safari/537.36"
91.201.113.132 - - [10/Mar/2026:09:06:29 +0800] "GET /stats/usage_202602.html HTTP/1.0" 200 110401 "https://dactor-otr-havalpro.ru/" "Mozilla/5.0 (Windows NT 10.0; Win64; x64) AppleWebKit/537.36 (KHTML, like Gecko) Chrome/130.0.0.0 Safari/537.36"
91.201.113.132 - - [10/Mar/2026:09:17:24 +0800] "GET /stats/usage_202602.html HTTP/1.0" 200 110401 "https://dactor-otr-havalpro.ru/" "Mozilla/5.0 (Windows NT 10.0; Win64; x64) AppleWebKit/537.36 (KHTML, like Gecko) Chrome/130.0.0.0 Safari/537.36"
91.201.113.132 - - [10/Mar/2026:09:17:26 +0800] "GET /stats/usage_202602.html HTTP/1.0" 200 110401 "https://dactor-otr-havalpro.ru/" "Mozilla/5.0 (Windows NT 10.0; Win64; x64) AppleWebKit/537.36 (KHTML, like Gecko) Chrome/130.0.0.0 Safari/537.36"
91.201.113.132 - - [10/Mar/2026:09:17:28 +0800] "GET /stats/usage_202602.html HTTP/1.0" 200 110401 "https://dactor-otr-havalpro.ru/" "Mozilla/5.0 (Windows NT 10.0; Win64; x64) AppleWebKit/537.36 (KHTML, like Gecko) Chrome/130.0.0.0 Safari/537.36"
91.201.113.132 - - [10/Mar/2026:09:17:50 +0800] "GET /stats/usage_202602.html HTTP/1.0" 200 110401 "https://dactor-otr-havalpro.ru/" "Mozilla/5.0 (Windows NT 10.0; Win64; x64) AppleWebKit/537.36 (KHTML, like Gecko) Chrome/131.0.0.0 Safari/537.36 Avast/131.0.0.0"
91.201.113.132 - - [10/Mar/2026:09:17:52 +0800] "GET /stats/usage_202602.html HTTP/1.0" 200 110401 "https://dactor-otr-havalpro.ru/" "Mozilla/5.0 (Windows NT 10.0; Win64; x64) AppleWebKit/537.36 (KHTML, like Gecko) Chrome/130.0.0.0 Safari/537.36 CCleaner/130.0.0.0"
91.201.113.132 - - [10/Mar/2026:09:17:54 +0800] "GET /stats/usage_202602.html HTTP/1.0" 200 110401 "https://dactor-otr-havalpro.ru/" "Mozilla/5.0 (Windows NT 10.0; Win64; x64) AppleWebKit/537.36 (KHTML, like Gecko) Chrome/129.0.0.0 Safari/537.36"
192.73.244.36 - - [10/Mar/2026:09:21:28 +0800] "GET /stats/usage_202412.html HTTP/1.1" 200 111016 "https://seo-creative.ru/" "Mozilla/5.0 (Windows NT 10.0; Win64; x64) AppleWebKit/537.36 (KHTML, like Gecko) Chrome/131.0.0.0 Safari/537.36"
109.107.186.56 - - [10/Mar/2026:09:21:46 +0800] "GET http://megafortris.com.hk/stats/usage_202412.html HTTP/1.0" 400 22 "https://seo-creative.ru/" "Mozilla/5.0 (Windows NT 10.0; Win64; x64) AppleWebKit/537.36 (KHTML, like Gecko) Chrome/130.0.0.0 Safari/537.36"
103.135.134.163 - - [10/Mar/2026:09:22:08 +0800] "GET /stats/usage_202412.html HTTP/1.1" 200 111016 "https://seo-creative.ru/" "Mozilla/5.0 (Windows NT 10.0; Win64; x64) AppleWebKit/537.36 (KHTML, like Gecko) Chrome/131.0.0.0 Safari/537.36"
159.65.245.255 - - [10/Mar/2026:09:23:25 +0800] "GET /stats/usage_202506.html HTTP/1.1" 200 110056 "https://seo-creative.ru/" "Mozilla/5.0 (Windows NT 10.0; Win64; x64) AppleWebKit/537.36 (KHTML, like Gecko) Chrome/131.0.0.0 Safari/537.36 Avast/131.0.0.0"
23.247.136.254 - - [10/Mar/2026:09:23:33 +0800] "GET /stats/usage_202506.html HTTP/1.0" 200 110056 "https://seo-creative.ru/" "Mozilla/5.0 (Windows NT 10.0; Win64; x64) AppleWebKit/537.36 (KHTML, like Gecko) Chrome/131.0.0.0 Safari/537.36"
91.201.113.132 - - [10/Mar/2026:09:28:24 +0800] "GET /stats/usage_202602.html HTTP/1.0" 200 110401 "https://dactor-otr-havalpro.ru/" "Mozilla/5.0 (Windows NT 10.0; Win64; x64) AppleWebKit/537.36 (KHTML, like Gecko) Chrome/130.0.0.0 Safari/537.36 CCleaner/130.0.0.0"
91.201.113.132 - - [10/Mar/2026:09:28:26 +0800] "GET /stats/usage_202602.html HTTP/1.0" 200 110401 "https://dactor-otr-havalpro.ru/" "Mozilla/5.0 (Windows NT 10.0; Win64; x64) AppleWebKit/537.36 (KHTML, like Gecko) Chrome/129.0.0.0 Safari/537.36"
91.201.113.132 - - [10/Mar/2026:09:28:28 +0800] "GET /stats/usage_202602.html HTTP/1.0" 200 110401 "https://dactor-otr-havalpro.ru/" "Mozilla/5.0 (Windows NT 10.0; Win64; x64) AppleWebKit/537.36 (KHTML, like Gecko) Chrome/130.0.0.0 Safari/537.36 CCleaner/130.0.0.0"
91.201.113.132 - - [10/Mar/2026:09:28:52 +0800] "GET /stats/usage_202602.html HTTP/1.0" 200 110401 "https://dactor-otr-havalpro.ru/" "Mozilla/5.0 (Windows NT 10.0; Win64; x64) AppleWebKit/537.36 (KHTML, like Gecko) Chrome/129.0.0.0 Safari/537.36"
91.201.113.132 - - [10/Mar/2026:09:28:54 +0800] "GET /stats/usage_202602.html HTTP/1.0" 200 110401 "https://dactor-otr-havalpro.ru/" "Mozilla/5.0 (Windows NT 10.0; Win64; x64) AppleWebKit/537.36 (KHTML, like Gecko) Chrome/130.0.0.0 Safari/537.36 CCleaner/130.0.0.0"
91.201.113.132 - - [10/Mar/2026:09:28:56 +0800] "GET /stats/usage_202602.html HTTP/1.0" 200 110401 "https://dactor-otr-havalpro.ru/" "Mozilla/5.0 (Windows NT 10.0; Win64; x64) AppleWebKit/537.36 (KHTML, like Gecko) Chrome/129.0.0.0 Safari/537.36"
124.243.171.65 - - [10/Mar/2026:09:36:57 +0800] "GET /stats/usage_202410.html HTTP/1.1" 200 6678 "http://megafortris.com.hk/stats/usage_202410.html" "Mozilla/5.0 (Windows NT 10.0; Win64; x64) AppleWebKit/537.36 (KHTML, like Gecko) Chrome/101.0.4951.64 Safari/537.36 Edg/101.0.1210.47"
138.91.159.185 - - [10/Mar/2026:09:39:05 +0800] "GET /stats/usage_202412.html HTTP/1.1" 200 111016 "https://seo-creative.ru/" "Mozilla/5.0 (Windows NT 10.0; Win64; x64) AppleWebKit/537.36 (KHTML, like Gecko) Chrome/130.0.0.0 Safari/537.36 CCleaner/130.0.0.0"
23.247.136.254 - - [10/Mar/2026:09:39:09 +0800] "GET /stats/usage_202412.html HTTP/1.0" 200 111016 "https://seo-creative.ru/" "Mozilla/5.0 (Windows NT 10.0; Win64; x64) AppleWebKit/537.36 (KHTML, like Gecko) Chrome/129.0.0.0 Safari/537.36"
109.254.148.146 - - [10/Mar/2026:09:39:23 +0800] "GET /stats/usage_202412.html HTTP/1.0" 200 111016 "https://seo-creative.ru/" "Mozilla/5.0 (Windows NT 10.0; Win64; x64) AppleWebKit/537.36 (KHTML, like Gecko) Chrome/129.0.0.0 Safari/537.36"
91.201.113.132 - - [10/Mar/2026:09:39:25 +0800] "GET /stats/usage_202602.html HTTP/1.0" 200 110401 "https://dactor-otr-havalpro.ru/" "Mozilla/5.0 (Windows NT 10.0; Win64; x64) AppleWebKit/537.36 (KHTML, like Gecko) Chrome/130.0.0.0 Safari/537.36"
91.201.113.132 - - [10/Mar/2026:09:39:27 +0800] "GET /stats/usage_202602.html HTTP/1.0" 200 110401 "https://dactor-otr-havalpro.ru/" "Mozilla/5.0 (Windows NT 10.0; Win64; x64) AppleWebKit/537.36 (KHTML, like Gecko) Chrome/129.0.0.0 Safari/537.36"
91.201.113.132 - - [10/Mar/2026:09:39:29 +0800] "GET /stats/usage_202602.html HTTP/1.0" 200 110401 "https://dactor-otr-havalpro.ru/" "Mozilla/5.0 (Windows NT 10.0; Win64; x64) AppleWebKit/537.36 (KHTML, like Gecko) Chrome/130.0.0.0 Safari/537.36 CCleaner/130.0.0.0"
91.201.113.132 - - [10/Mar/2026:09:39:53 +0800] "GET /stats/usage_202602.html HTTP/1.0" 200 110401 "https://dactor-otr-havalpro.ru/" "Mozilla/5.0 (Windows NT 10.0; Win64; x64) AppleWebKit/537.36 (KHTML, like Gecko) Chrome/130.0.0.0 Safari/537.36 CCleaner/130.0.0.0"
91.201.113.132 - - [10/Mar/2026:09:39:56 +0800] "GET /stats/usage_202602.html HTTP/1.0" 200 110401 "https://dactor-otr-havalpro.ru/" "Mozilla/5.0 (Windows NT 10.0; Win64; x64) AppleWebKit/537.36 (KHTML, like Gecko) Chrome/130.0.0.0 Safari/537.36 CCleaner/130.0.0.0"
91.201.113.132 - - [10/Mar/2026:09:39:58 +0800] "GET /stats/usage_202602.html HTTP/1.0" 200 110401 "https://dactor-otr-havalpro.ru/" "Mozilla/5.0 (Windows NT 10.0; Win64; x64) AppleWebKit/537.36 (KHTML, like Gecko) Chrome/131.0.0.0 Safari/537.36 Avast/131.0.0.0"
34.171.28.133 - - [10/Mar/2026:09:41:08 +0800] "GET /stats/usage_202506.html HTTP/1.0" 200 110056 "https://seo-creative.ru/" "Mozilla/5.0 (Windows NT 10.0; Win64; x64) AppleWebKit/537.36 (KHTML, like Gecko) Chrome/130.0.0.0 Safari/537.36"
159.65.245.255 - - [10/Mar/2026:09:41:11 +0800] "GET /stats/usage_202506.html HTTP/1.1" 200 110056 "https://seo-creative.ru/" "Mozilla/5.0 (Windows NT 10.0; Win64; x64) AppleWebKit/537.36 (KHTML, like Gecko) Chrome/129.0.0.0 Safari/537.36"
159.65.245.255 - - [10/Mar/2026:09:41:14 +0800] "GET /stats/usage_202506.html HTTP/1.1" 200 110056 "https://seo-creative.ru/" "Mozilla/5.0 (Windows NT 10.0; Win64; x64) AppleWebKit/537.36 (KHTML, like Gecko) Chrome/131.0.0.0 Safari/537.36 Avast/131.0.0.0"
91.201.113.132 - - [10/Mar/2026:09:50:33 +0800] "GET /stats/usage_202602.html HTTP/1.0" 200 110401 "https://dactor-otr-havalpro.ru/" "Mozilla/5.0 (Windows NT 10.0; Win64; x64) AppleWebKit/537.36 (KHTML, like Gecko) Chrome/129.0.0.0 Safari/537.36"
91.201.113.132 - - [10/Mar/2026:09:50:35 +0800] "GET /stats/usage_202602.html HTTP/1.0" 200 110401 "https://dactor-otr-havalpro.ru/" "Mozilla/5.0 (Windows NT 10.0; Win64; x64) AppleWebKit/537.36 (KHTML, like Gecko) Chrome/130.0.0.0 Safari/537.36 CCleaner/130.0.0.0"
91.201.113.132 - - [10/Mar/2026:09:50:37 +0800] "GET /stats/usage_202602.html HTTP/1.0" 200 110401 "https://dactor-otr-havalpro.ru/" "Mozilla/5.0 (Windows NT 10.0; Win64; x64) AppleWebKit/537.36 (KHTML, like Gecko) Chrome/131.0.0.0 Safari/537.36 Avast/131.0.0.0"
91.201.113.132 - - [10/Mar/2026:09:51:02 +0800] "GET /stats/usage_202602.html HTTP/1.0" 200 110401 "https://dactor-otr-havalpro.ru/" "Mozilla/5.0 (Windows NT 10.0; Win64; x64) AppleWebKit/537.36 (KHTML, like Gecko) Chrome/130.0.0.0 Safari/537.36"
91.201.113.132 - - [10/Mar/2026:09:51:04 +0800] "GET /stats/usage_202602.html HTTP/1.0" 200 110401 "https://dactor-otr-havalpro.ru/" "Mozilla/5.0 (Windows NT 10.0; Win64; x64) AppleWebKit/537.36 (KHTML, like Gecko) Chrome/131.0.0.0 Safari/537.36 Avast/131.0.0.0"
91.201.113.132 - - [10/Mar/2026:09:51:06 +0800] "GET /stats/usage_202602.html HTTP/1.0" 200 110401 "https://dactor-otr-havalpro.ru/" "Mozilla/5.0 (Windows NT 10.0; Win64; x64) AppleWebKit/537.36 (KHTML, like Gecko) Chrome/130.0.0.0 Safari/537.36 CCleaner/130.0.0.0"
182.253.93.3 - - [10/Mar/2026:09:56:54 +0800] "GET /stats/usage_202412.html HTTP/1.1" 200 111016 "https://seo-creative.ru/" "Mozilla/5.0 (Windows NT 10.0; Win64; x64) AppleWebKit/537.36 (KHTML, like Gecko) Chrome/131.0.0.0 Safari/537.36"
23.247.136.254 - - [10/Mar/2026:09:56:58 +0800] "GET /stats/usage_202412.html HTTP/1.0" 200 111016 "https://seo-creative.ru/" "Mozilla/5.0 (Windows NT 10.0; Win64; x64) AppleWebKit/537.36 (KHTML, like Gecko) Chrome/131.0.0.0 Safari/537.36"
109.107.186.56 - - [10/Mar/2026:09:57:16 +0800] "GET http://megafortris.com.hk/stats/usage_202412.html HTTP/1.0" 400 22 "https://seo-creative.ru/" "Mozilla/5.0 (Windows NT 10.0; Win64; x64) AppleWebKit/537.36 (KHTML, like Gecko) Chrome/131.0.0.0 Safari/537.36"
12.50.107.220 - - [10/Mar/2026:09:59:34 +0800] "GET /stats/usage_202506.html HTTP/1.0" 200 110056 "https://seo-creative.ru/" "Mozilla/5.0 (Windows NT 10.0; Win64; x64) AppleWebKit/537.36 (KHTML, like Gecko) Chrome/131.0.0.0 Safari/537.36 Avast/131.0.0.0"
109.107.186.56 - - [10/Mar/2026:09:59:49 +0800] "GET http://www.megafortris.com.hk/stats/usage_202506.html HTTP/1.0" 400 22 "https://seo-creative.ru/" "Mozilla/5.0 (Windows NT 10.0; Win64; x64) AppleWebKit/537.36 (KHTML, like Gecko) Chrome/131.0.0.0 Safari/537.36"
91.201.113.132 - - [10/Mar/2026:10:01:38 +0800] "GET /stats/usage_202602.html HTTP/1.0" 200 110401 "https://dactor-otr-havalpro.ru/" "Mozilla/5.0 (Windows NT 10.0; Win64; x64) AppleWebKit/537.36 (KHTML, like Gecko) Chrome/131.0.0.0 Safari/537.36 Avast/131.0.0.0"
91.201.113.132 - - [10/Mar/2026:10:01:40 +0800] "GET /stats/usage_202602.html HTTP/1.0" 200 110401 "https://dactor-otr-havalpro.ru/" "Mozilla/5.0 (Windows NT 10.0; Win64; x64) AppleWebKit/537.36 (KHTML, like Gecko) Chrome/130.0.0.0 Safari/537.36"
91.201.113.132 - - [10/Mar/2026:10:01:42 +0800] "GET /stats/usage_202602.html HTTP/1.0" 200 110401 "https://dactor-otr-havalpro.ru/" "Mozilla/5.0 (Windows NT 10.0; Win64; x64) AppleWebKit/537.36 (KHTML, like Gecko) Chrome/130.0.0.0 Safari/537.36"
91.201.113.132 - - [10/Mar/2026:10:02:06 +0800] "GET /stats/usage_202602.html HTTP/1.0" 200 110401 "https://dactor-otr-havalpro.ru/" "Mozilla/5.0 (Windows NT 10.0; Win64; x64) AppleWebKit/537.36 (KHTML, like Gecko) Chrome/130.0.0.0 Safari/537.36"
91.201.113.132 - - [10/Mar/2026:10:02:08 +0800] "GET /stats/usage_202602.html HTTP/1.0" 200 110401 "https://dactor-otr-havalpro.ru/" "Mozilla/5.0 (Windows NT 10.0; Win64; x64) AppleWebKit/537.36 (KHTML, like Gecko) Chrome/129.0.0.0 Safari/537.36"
91.201.113.132 - - [10/Mar/2026:10:02:10 +0800] "GET /stats/usage_202602.html HTTP/1.0" 200 110401 "https://dactor-otr-havalpro.ru/" "Mozilla/5.0 (Windows NT 10.0; Win64; x64) AppleWebKit/537.36 (KHTML, like Gecko) Chrome/129.0.0.0 Safari/537.36"
43.173.176.208 - - [10/Mar/2026:10:03:47 +0800] "GET /awstats-icon/other/?C=N;O=D HTTP/1.1" 200 667 "-" "Mozilla/5.0 (Windows NT 10.0; Win64; x64) AppleWebKit/537.36 (KHTML, like Gecko) Chrome/124.0.0.0 Safari/537.36"
91.201.113.132 - - [10/Mar/2026:10:12:37 +0800] "GET /stats/usage_202602.html HTTP/1.0" 200 110401 "https://dactor-otr-havalpro.ru/" "Mozilla/5.0 (Windows NT 10.0; Win64; x64) AppleWebKit/537.36 (KHTML, like Gecko) Chrome/129.0.0.0 Safari/537.36"
91.201.113.132 - - [10/Mar/2026:10:12:39 +0800] "GET /stats/usage_202602.html HTTP/1.0" 200 110401 "https://dactor-otr-havalpro.ru/" "Mozilla/5.0 (Windows NT 10.0; Win64; x64) AppleWebKit/537.36 (KHTML, like Gecko) Chrome/131.0.0.0 Safari/537.36"
91.201.113.132 - - [10/Mar/2026:10:12:41 +0800] "GET /stats/usage_202602.html HTTP/1.0" 200 110401 "https://dactor-otr-havalpro.ru/" "Mozilla/5.0 (Windows NT 10.0; Win64; x64) AppleWebKit/537.36 (KHTML, like Gecko) Chrome/131.0.0.0 Safari/537.36 Avast/131.0.0.0"
91.201.113.132 - - [10/Mar/2026:10:13:06 +0800] "GET /stats/usage_202602.html HTTP/1.0" 200 110401 "https://dactor-otr-havalpro.ru/" "Mozilla/5.0 (Windows NT 10.0; Win64; x64) AppleWebKit/537.36 (KHTML, like Gecko) Chrome/130.0.0.0 Safari/537.36 CCleaner/130.0.0.0"
91.201.113.132 - - [10/Mar/2026:10:13:08 +0800] "GET /stats/usage_202602.html HTTP/1.0" 200 110401 "https://dactor-otr-havalpro.ru/" "Mozilla/5.0 (Windows NT 10.0; Win64; x64) AppleWebKit/537.36 (KHTML, like Gecko) Chrome/130.0.0.0 Safari/537.36"
91.201.113.132 - - [10/Mar/2026:10:13:10 +0800] "GET /stats/usage_202602.html HTTP/1.0" 200 110401 "https://dactor-otr-havalpro.ru/" "Mozilla/5.0 (Windows NT 10.0; Win64; x64) AppleWebKit/537.36 (KHTML, like Gecko) Chrome/130.0.0.0 Safari/537.36 CCleaner/130.0.0.0"
34.31.5.140 - - [10/Mar/2026:10:14:02 +0800] "GET /stats/usage_202412.html HTTP/1.0" 200 111016 "https://seo-creative.ru/" "Mozilla/5.0 (Windows NT 10.0; Win64; x64) AppleWebKit/537.36 (KHTML, like Gecko) Chrome/130.0.0.0 Safari/537.36"
12.50.107.220 - - [10/Mar/2026:10:14:05 +0800] "GET /stats/usage_202412.html HTTP/1.0" 200 111016 "https://seo-creative.ru/" "Mozilla/5.0 (Windows NT 10.0; Win64; x64) AppleWebKit/537.36 (KHTML, like Gecko) Chrome/131.0.0.0 Safari/537.36"
192.73.244.36 - - [10/Mar/2026:10:14:18 +0800] "GET /stats/usage_202412.html HTTP/1.1" 200 111016 "https://seo-creative.ru/" "Mozilla/5.0 (Windows NT 10.0; Win64; x64) AppleWebKit/537.36 (KHTML, like Gecko) Chrome/130.0.0.0 Safari/537.36"
109.107.186.56 - - [10/Mar/2026:10:16:18 +0800] "GET http://www.megafortris.com.hk/stats/usage_202506.html HTTP/1.0" 400 22 "https://seo-creative.ru/" "Mozilla/5.0 (Windows NT 10.0; Win64; x64) AppleWebKit/537.36 (KHTML, like Gecko) Chrome/131.0.0.0 Safari/537.36"
109.107.186.56 - - [10/Mar/2026:10:16:31 +0800] "GET http://www.megafortris.com.hk/stats/usage_202506.html HTTP/1.0" 400 22 "https://seo-creative.ru/" "Mozilla/5.0 (Windows NT 10.0; Win64; x64) AppleWebKit/537.36 (KHTML, like Gecko) Chrome/130.0.0.0 Safari/537.36 CCleaner/130.0.0.0"
109.107.186.56 - - [10/Mar/2026:10:16:48 +0800] "GET http://www.megafortris.com.hk/stats/usage_202506.html HTTP/1.0" 400 22 "https://seo-creative.ru/" "Mozilla/5.0 (Windows NT 10.0; Win64; x64) AppleWebKit/537.36 (KHTML, like Gecko) Chrome/129.0.0.0 Safari/537.36"
91.201.113.132 - - [10/Mar/2026:10:23:39 +0800] "GET /stats/usage_202602.html HTTP/1.0" 200 110401 "https://dactor-otr-havalpro.ru/" "Mozilla/5.0 (Windows NT 10.0; Win64; x64) AppleWebKit/537.36 (KHTML, like Gecko) Chrome/130.0.0.0 Safari/537.36 CCleaner/130.0.0.0"
91.201.113.132 - - [10/Mar/2026:10:23:41 +0800] "GET /stats/usage_202602.html HTTP/1.0" 200 110401 "https://dactor-otr-havalpro.ru/" "Mozilla/5.0 (Windows NT 10.0; Win64; x64) AppleWebKit/537.36 (KHTML, like Gecko) Chrome/130.0.0.0 Safari/537.36"
91.201.113.132 - - [10/Mar/2026:10:23:44 +0800] "GET /stats/usage_202602.html HTTP/1.0" 200 110401 "https://dactor-otr-havalpro.ru/" "Mozilla/5.0 (Windows NT 10.0; Win64; x64) AppleWebKit/537.36 (KHTML, like Gecko) Chrome/130.0.0.0 Safari/537.36"
91.201.113.132 - - [10/Mar/2026:10:24:08 +0800] "GET /stats/usage_202602.html HTTP/1.0" 200 110401 "https://dactor-otr-havalpro.ru/" "Mozilla/5.0 (Windows NT 10.0; Win64; x64) AppleWebKit/537.36 (KHTML, like Gecko) Chrome/131.0.0.0 Safari/537.36 Avast/131.0.0.0"
91.201.113.132 - - [10/Mar/2026:10:24:10 +0800] "GET /stats/usage_202602.html HTTP/1.0" 200 110401 "https://dactor-otr-havalpro.ru/" "Mozilla/5.0 (Windows NT 10.0; Win64; x64) AppleWebKit/537.36 (KHTML, like Gecko) Chrome/130.0.0.0 Safari/537.36 CCleaner/130.0.0.0"
91.201.113.132 - - [10/Mar/2026:10:24:12 +0800] "GET /stats/usage_202602.html HTTP/1.0" 200 110401 "https://dactor-otr-havalpro.ru/" "Mozilla/5.0 (Windows NT 10.0; Win64; x64) AppleWebKit/537.36 (KHTML, like Gecko) Chrome/130.0.0.0 Safari/537.36 CCleaner/130.0.0.0"
66.249.65.164 - - [10/Mar/2026:10:30:16 +0800] "GET /robots.txt HTTP/1.1" 404 47 "-" "Mozilla/5.0 (compatible; Googlebot/2.1; +http://www.google.com/bot.html)"
66.249.65.166 - - [10/Mar/2026:10:30:16 +0800] "GET / HTTP/1.1" 200 411 "-" "Mozilla/5.0 (Linux; Android 6.0.1; Nexus 5X Build/MMB29P) AppleWebKit/537.36 (KHTML, like Gecko) Chrome/145.0.7632.116 Mobile Safari/537.36 (compatible; Googlebot/2.1; +http://www.google.com/bot.html)"
66.249.65.164 - - [10/Mar/2026:10:30:30 +0800] "GET / HTTP/1.1" 200 411 "-" "Mozilla/5.0 (compatible; Googlebot/2.1; +http://www.google.com/bot.html)"
66.249.65.164 - - [10/Mar/2026:10:30:30 +0800] "GET / HTTP/1.1" 200 411 "-" "Mozilla/5.0 (Linux; Android 6.0.1; Nexus 5X Build/MMB29P) AppleWebKit/537.36 (KHTML, like Gecko) Chrome/99.0.4844.84 Mobile Safari/537.36 (compatible; Googlebot/2.1; +http://www.google.com/bot.html)"
66.249.65.164 - - [10/Mar/2026:10:30:32 +0800] "GET /favicon.ico HTTP/1.1" 404 47 "-" "Googlebot-Image/1.0"
109.107.186.56 - - [10/Mar/2026:10:30:37 +0800] "GET http://megafortris.com.hk/stats/usage_202412.html HTTP/1.0" 400 22 "https://seo-creative.ru/" "Mozilla/5.0 (Windows NT 10.0; Win64; x64) AppleWebKit/537.36 (KHTML, like Gecko) Chrome/131.0.0.0 Safari/537.36 Avast/131.0.0.0"
31.133.32.102 - - [10/Mar/2026:10:30:51 +0800] "GET /stats/usage_202412.html HTTP/1.0" 200 111016 "https://seo-creative.ru/" "Mozilla/5.0 (Windows NT 10.0; Win64; x64) AppleWebKit/537.36 (KHTML, like Gecko) Chrome/130.0.0.0 Safari/537.36 CCleaner/130.0.0.0"
77.242.177.57 - - [10/Mar/2026:10:31:08 +0800] "GET /stats/usage_202412.html HTTP/1.1" 200 111016 "https://seo-creative.ru/" "Mozilla/5.0 (Windows NT 10.0; Win64; x64) AppleWebKit/537.36 (KHTML, like Gecko) Chrome/130.0.0.0 Safari/537.36"
109.107.186.56 - - [10/Mar/2026:10:32:38 +0800] "GET http://www.megafortris.com.hk/stats/usage_202506.html HTTP/1.0" 400 22 "https://seo-creative.ru/" "Mozilla/5.0 (Windows NT 10.0; Win64; x64) AppleWebKit/537.36 (KHTML, like Gecko) Chrome/131.0.0.0 Safari/537.36"
182.253.93.3 - - [10/Mar/2026:10:32:54 +0800] "GET /stats/usage_202506.html HTTP/1.1" 200 110056 "https://seo-creative.ru/" "Mozilla/5.0 (Windows NT 10.0; Win64; x64) AppleWebKit/537.36 (KHTML, like Gecko) Chrome/131.0.0.0 Safari/537.36 Avast/131.0.0.0"
35.209.198.222 - - [10/Mar/2026:10:33:06 +0800] "GET /stats/usage_202506.html HTTP/1.1" 200 110056 "https://seo-creative.ru/" "Mozilla/5.0 (Windows NT 10.0; Win64; x64) AppleWebKit/537.36 (KHTML, like Gecko) Chrome/130.0.0.0 Safari/537.36 CCleaner/130.0.0.0"
91.201.113.132 - - [10/Mar/2026:10:34:44 +0800] "GET /stats/usage_202602.html HTTP/1.0" 200 110401 "https://dactor-otr-havalpro.ru/" "Mozilla/5.0 (Windows NT 10.0; Win64; x64) AppleWebKit/537.36 (KHTML, like Gecko) Chrome/129.0.0.0 Safari/537.36"
